{"id":25,"date":"2016-11-07T15:05:09","date_gmt":"2016-11-07T14:05:09","guid":{"rendered":"http:\/\/www.efj.press\/work\/?page_id=25"},"modified":"2016-11-16T09:51:29","modified_gmt":"2016-11-16T08:51:29","slug":"page_00","status":"publish","type":"page","link":"http:\/\/www.efj.press\/work\/page_00\/","title":{"rendered":"TRAVAUX"},"content":{"rendered":"<p>Lorem ipsum dolor sit amet, consectetur adipisicing elit, sed do eiusmod tempor incididunt ut labore et dolore magna aliqua. Ut enim ad minim veniam, quis nostrud exercitation ullamco laboris nisi ut aliquip ex ea commodo consequat. Duis aute irure dolor in reprehenderit in voluptate velit esse cillum dolore eu fugiat nulla pariatur. Excepteur sint occaecat cupidatat non proident, sunt in culpa qui officia deserunt mollit anim id est laborum.<\/p>\n<h2>Integration d&rsquo;une vid\u00e9o YouTube<\/h2>\n<p><iframe loading=\"lazy\" title=\"SHADLINE - La solution pour \u00e9changer simplement vos informations confidentielles en toute s\u00e9curit\u00e9\" width=\"474\" height=\"267\" src=\"https:\/\/www.youtube.com\/embed\/FO5rOQ71nn0?feature=oembed\" frameborder=\"0\" allow=\"accelerometer; autoplay; encrypted-media; gyroscope; picture-in-picture\" allowfullscreen><\/iframe><br \/>\n<em>Copier simplement le lien de la vid\u00e9o (sous la forme https:\/\/youtu.be\/FO5rOQ71nn0) et pas le code \u00ab\u00a0embedded\u00a0\u00bb. Ceci d\u00e9pend des th\u00e8mes WordPress utilis\u00e9s.<\/em><\/p>\n","protected":false},"excerpt":{"rendered":"<p>Lorem ipsum dolor sit amet, consectetur adipisicing elit, sed do eiusmod tempor incididunt ut labore et dolore magna aliqua. Ut enim ad minim veniam, quis nostrud exercitation ullamco laboris nisi ut aliquip ex ea commodo consequat. Duis aute irure dolor in reprehenderit in voluptate velit esse cillum dolore eu fugiat nulla pariatur. Excepteur sint occaecat &hellip; <a href=\"http:\/\/www.efj.press\/work\/page_00\/\" class=\"more-link\">Continuer la lecture de <span class=\"screen-reader-text\">TRAVAUX<\/span>  <span class=\"meta-nav\">&rarr;<\/span><\/a><\/p>\n","protected":false},"author":27,"featured_media":30,"parent":0,"menu_order":0,"comment_status":"closed","ping_status":"closed","template":"","meta":{"footnotes":""},"_links":{"self":[{"href":"http:\/\/www.efj.press\/work\/wp-json\/wp\/v2\/pages\/25"}],"collection":[{"href":"http:\/\/www.efj.press\/work\/wp-json\/wp\/v2\/pages"}],"about":[{"href":"http:\/\/www.efj.press\/work\/wp-json\/wp\/v2\/types\/page"}],"author":[{"embeddable":true,"href":"http:\/\/www.efj.press\/work\/wp-json\/wp\/v2\/users\/27"}],"replies":[{"embeddable":true,"href":"http:\/\/www.efj.press\/work\/wp-json\/wp\/v2\/comments?post=25"}],"version-history":[{"count":10,"href":"http:\/\/www.efj.press\/work\/wp-json\/wp\/v2\/pages\/25\/revisions"}],"predecessor-version":[{"id":230,"href":"http:\/\/www.efj.press\/work\/wp-json\/wp\/v2\/pages\/25\/revisions\/230"}],"wp:featuredmedia":[{"embeddable":true,"href":"http:\/\/www.efj.press\/work\/wp-json\/wp\/v2\/media\/30"}],"wp:attachment":[{"href":"http:\/\/www.efj.press\/work\/wp-json\/wp\/v2\/media?parent=25"}],"curies":[{"name":"wp","href":"https:\/\/api.w.org\/{rel}","templated":true}]}}