{"id":102,"date":"2015-11-30T15:28:34","date_gmt":"2015-11-30T14:28:34","guid":{"rendered":"http:\/\/www.efj.press\/vincentlecuyer\/?page_id=102"},"modified":"2015-12-10T14:28:48","modified_gmt":"2015-12-10T13:28:48","slug":"contexte","status":"publish","type":"page","link":"http:\/\/www.efj.press\/vincentlecuyer\/grande-enquete\/contexte\/","title":{"rendered":"Contexte"},"content":{"rendered":"<h3 style=\"text-align: center;\"><span style=\"color: #0000ff;\"><strong>Toile de fond<\/strong><\/span><\/h3>\n<p>&nbsp;<\/p>\n<p><a href=\"http:\/\/www.efj.press\/vincentlecuyer\/wp-content\/uploads\/sites\/17\/2015\/11\/trophee_ligue_des_champions.jpg\"><img loading=\"lazy\" decoding=\"async\" class=\"alignnone wp-image-291 size-full\" src=\"http:\/\/www.efj.press\/vincentlecuyer\/wp-content\/uploads\/sites\/17\/2015\/11\/trophee_ligue_des_champions.jpg\" alt=\"trophee_ligue_des_champions\" width=\"800\" height=\"533\" srcset=\"http:\/\/www.efj.press\/vincentlecuyer\/wp-content\/uploads\/sites\/17\/2015\/11\/trophee_ligue_des_champions.jpg 800w, http:\/\/www.efj.press\/vincentlecuyer\/wp-content\/uploads\/sites\/17\/2015\/11\/trophee_ligue_des_champions-300x200.jpg 300w\" sizes=\"(max-width: 800px) 100vw, 800px\" \/><\/a><\/p>\n<p>&nbsp;<\/p>\n<p style=\"text-align: justify;\">Quel rapport entre une Grande Enqu\u00eate en datajournalisme et une \u00e9quipe de football ? A priori aucun&#8230; Et pourtant.<\/p>\n<p style=\"text-align: justify;\">Qui dit 3\u00e8me ann\u00e9e \u00e0 l&rsquo;EFJ, dit Grande Enqu\u00eate. Un moment forc\u00e9ment stressant, quand on sait que \u00ab\u00a0notre ann\u00e9e\u00a0\u00bb se joue maintenant&#8230; Sur un simple bout de papier. Enfin une page web en l\u2019occurrence.<\/p>\n<p style=\"text-align: justify;\">Pas le droit \u00e0 l&rsquo;erreur donc, \u00e0 l&rsquo;image du 8e de finale retour de Ligue des Champions entre Chelsea et le PSG. Et comme le club de la capitale, nous esp\u00e9rons sortir victorieux de cette partie, malgr\u00e9 la difficult\u00e9.<\/p>\n<p style=\"text-align: justify;\">Premi\u00e8re chose \u00e0 faire, le choix du support. Ces paroles de mon cher p\u00e8re, \u00ab\u00a0<em>la vie est faite de choix, fils !<\/em>\u00ab\u00a0, raisonne dans ma t\u00eate. Dans le cas pr\u00e9sent, quatre solutions s&rsquo;offrent \u00e0 moi : les trois \u00ab\u00a0incontournables\u00a0\u00bb presse \u00e9crite-radio-audiovisuel, tels Messi-Ronaldo-Iniesta (ou Cruyff-Rep-Keizer pour les plus anciens). Et un petit nouveau,\u00a0\u00a0le datajournalisme, que l&rsquo;on peut associer \u00e0 Neymar nomm\u00e9, pour la premi\u00e8re fois, parmi les trois finalistes du Ballon d&rsquo;or 2015.<\/p>\n<p style=\"text-align: justify;\">Dans un premier temps attir\u00e9 par la presse \u00e9crite, je me laisse finalement tent\u00e9 la data. Je m&rsquo;oriente vers l&rsquo;inconnue, tel Andr\u00e9-Pierre Gignac s&rsquo;envolant de Marseille en direction du\u00a0club des Tigres, pour d\u00e9guster des tacos au Mexique. Une exp\u00e9rience nouvelle en tout point.<\/p>\n<p style=\"text-align: justify;\">Jusque l\u00e0 habitu\u00e9 \u00e0 travailler seul, hormis en audiovisuel, je me retrouve entour\u00e9 de 10, puis 7 co\u00e9quipiers. Une situation qui ne me d\u00e9pla\u00eet pas, bien au contraire. A partir de maintenant, nous sommes un groupe, o\u00f9 les individualit\u00e9s sont toujours au service du collectif&#8230; A l&rsquo;image de\u00a0Lassana Diarra, toujours au diapason pour ses partenaires. L&rsquo;individualisme laisse place \u00e0 l&rsquo;altruisme.<\/p>\n<p style=\"text-align: justify;\">Comme dirait le slogan du club de football du Liverpool FC : \u00ab<em>You&rsquo;ll Never Walk Alone\u00bb<\/em>&#8230; Nous marcherons \u00e0 8 (num\u00e9ro de l\u2019embl\u00e9matique capitaine des Reds, Steven Gerrard) vers la conqu\u00eate du Graal supr\u00eame, le dipl\u00f4me de l&rsquo;EFJ.<\/p>\n","protected":false},"excerpt":{"rendered":"<p>Toile de fond &nbsp; &nbsp; Quel rapport entre une Grande Enqu\u00eate en datajournalisme et une \u00e9quipe de football ? A priori aucun&#8230; Et pourtant. Qui dit 3\u00e8me ann\u00e9e \u00e0 l&rsquo;EFJ, dit Grande Enqu\u00eate. Un moment forc\u00e9ment stressant, quand on sait que \u00ab\u00a0notre ann\u00e9e\u00a0\u00bb se joue maintenant&#8230; Sur un simple bout de papier. Enfin une page &hellip; <a href=\"http:\/\/www.efj.press\/vincentlecuyer\/grande-enquete\/contexte\/\" class=\"more-link\">Continuer la lecture de <span class=\"screen-reader-text\">Contexte<\/span>  <span class=\"meta-nav\">&rarr;<\/span><\/a><\/p>\n","protected":false},"author":19,"featured_media":0,"parent":98,"menu_order":1,"comment_status":"closed","ping_status":"closed","template":"","meta":{"footnotes":""},"_links":{"self":[{"href":"http:\/\/www.efj.press\/vincentlecuyer\/wp-json\/wp\/v2\/pages\/102"}],"collection":[{"href":"http:\/\/www.efj.press\/vincentlecuyer\/wp-json\/wp\/v2\/pages"}],"about":[{"href":"http:\/\/www.efj.press\/vincentlecuyer\/wp-json\/wp\/v2\/types\/page"}],"author":[{"embeddable":true,"href":"http:\/\/www.efj.press\/vincentlecuyer\/wp-json\/wp\/v2\/users\/19"}],"replies":[{"embeddable":true,"href":"http:\/\/www.efj.press\/vincentlecuyer\/wp-json\/wp\/v2\/comments?post=102"}],"version-history":[{"count":45,"href":"http:\/\/www.efj.press\/vincentlecuyer\/wp-json\/wp\/v2\/pages\/102\/revisions"}],"predecessor-version":[{"id":307,"href":"http:\/\/www.efj.press\/vincentlecuyer\/wp-json\/wp\/v2\/pages\/102\/revisions\/307"}],"up":[{"embeddable":true,"href":"http:\/\/www.efj.press\/vincentlecuyer\/wp-json\/wp\/v2\/pages\/98"}],"wp:attachment":[{"href":"http:\/\/www.efj.press\/vincentlecuyer\/wp-json\/wp\/v2\/media?parent=102"}],"curies":[{"name":"wp","href":"https:\/\/api.w.org\/{rel}","templated":true}]}}