{"id":71,"date":"2017-01-23T10:21:14","date_gmt":"2017-01-23T09:21:14","guid":{"rendered":"http:\/\/www.efj.press\/victorinetolmosripoll\/?page_id=71"},"modified":"2017-01-23T10:25:46","modified_gmt":"2017-01-23T09:25:46","slug":"euro-2016-la-fan-zone-entre-spectacle-douverture-et-mesures-de-securite","status":"publish","type":"page","link":"http:\/\/www.efj.press\/victorinetolmosripoll\/?page_id=71","title":{"rendered":"Euro 2016 : la Fan zone entre spectacle d\u2019ouverture et mesures de s\u00e9curit\u00e9"},"content":{"rendered":"<p class=\"post-title\"><strong>La Fan zone de Marseille est pr\u00eate \u00e0 accueillir au total 80 000 personnes. Des mesures importantes ont donc \u00e9t\u00e9 prises afin d\u2019assurer leur s\u00e9curit\u00e9.\u00a0<\/strong><\/p>\n<p class=\"post-title\">\u00c0 quelques heures du coup d\u2019envoi du match France-Roumanie, la ville est en \u00e9bullition. Situ\u00e9e sur les plages du Prado, la Fan zone de Marseille pourra accueillir jusqu\u2019\u00e0 80 000 personnes. V\u00e9ritable point de rassemblement elle ambitionne de devenir le lieu de vie et de partage autour du football. La Fan zone reste n\u00e9anmoins un lieu \u00e0 risque. La ville de Marseille a mis en place un dispositif pour offrir les meilleures conditions de s\u00e9curit\u00e9 au public.<\/p>\n<p><em>\u00ab\u00a0L\u2019Euro 2016 c\u2019est la f\u00eate du sport\u00a0\u00bb<\/em>, c\u2019est ainsi que Caroline Pozmentier, adjointe au maire d\u00e9l\u00e9gu\u00e9 \u00e0 la S\u00e9curit\u00e9 Publique et \u00e0 la Pr\u00e9vention de la D\u00e9linquance, d\u00e9crit l\u2019\u00e9v\u00e9nement jeudi 9 juin au moment d\u2019inaugurer la Fan zone de Marseille. Cependant suite au plan Vigipirate, un cadre r\u00e9glementaire, des moyens humains et mat\u00e9riels ont \u00e9t\u00e9 mis en place \u00e0 l\u2019entr\u00e9e et aux environs de la zone pour assurer la s\u00e9curit\u00e9. \u00a0Pr\u00e8s de deux millions ont \u00e9t\u00e9 d\u00e9bloqu\u00e9s pour assurer la s\u00fbret\u00e9 de la 2\u00e8me\u00a0Fan zone de France. Le lieu sera s\u00e9par\u00e9 en deux zones par un\u00a0<em>\u00ab\u00a0crash barri\u00e8re\u00a0\u00bb\u00a0<\/em>(couloir de s\u00e9curit\u00e9). Deux \u00e9crans g\u00e9ants retransmettront en simultan\u00e9 les \u00e9v\u00e8nements dans les diff\u00e9rentes parties.<\/p>\n<p>Avant l\u2019ouverture, un service de d\u00e9minage sera d\u00e9ploy\u00e9 si n\u00e9cessaire. Les sacs volumineux seront interdits \u00e0 l\u2019int\u00e9rieur, un service de consigne surveill\u00e9 sera mis \u00e0 la disposition des visiteurs avant leur entr\u00e9e sur le lieu. Un dispositif de vid\u00e9o protection sp\u00e9cifique \u00e0 la Fan zone sera mis en \u0153uvre\u00a0: 11 cam\u00e9ras seront pr\u00e9sentes aux abords du terrain relay\u00e9es par la police municipale. L\u2019acc\u00e8s \u00e0 la baignade ne sera plus permis \u00e0 partir de 19h jusqu\u2019\u00e0 5h tous les jours.<\/p>\n<h2>650 agents de s\u00e9curit\u00e9<\/h2>\n<p>650 agents de s\u00e9curit\u00e9 priv\u00e9s op\u00e9reront sur le site. Ils effectueront syst\u00e9matiquement des palpations de s\u00e9curit\u00e9 sur les personnes et seront \u00e9quip\u00e9s de d\u00e9tecteurs de m\u00e9taux. Plus d\u2019une centaine de policiers municipaux seront mobilis\u00e9s chaque jour sur l\u2019ensemble du dispositif. Les stationnements seront interdits autour du site les jours de matchs mais des parkings seront mis \u00e0 disposition pour les cars de supporters. Les flux de population qui p\u00e9n\u00e9treront dans le lieu seront g\u00e9olocalis\u00e9s par leur portable. \u00ab\u00a0<em>Les donn\u00e9es seront transmises sur une cartographie interactive pour savoir o\u00f9 s\u2019est d\u00e9plac\u00e9 le public\u00a0\u00bb<\/em>\u00a0souligne Caroline Pozmentier. La priorit\u00e9 est la s\u00e9curisation de la Fan zone, mais l\u2019adjointe veut rester dans les\u00a0<em>\u00ab\u00a0traditions s\u00e9culaire de terre d\u2019accueil et de convivialit\u00e9 de Marseille\u00a0\u00bb.<\/em><\/p>\n<p class=\"post-title\"><em>Lien vers l&rsquo;article :<\/em><a href=\"http:\/\/www.go-met.com\/fan-zone-spectacle-et-securite\/\">\u00a0<em>http:\/\/www.go-met.com\/fan-zone-spectacle-et-securite\/<\/em><\/a><\/p>\n","protected":false},"excerpt":{"rendered":"<p>La Fan zone de Marseille est pr\u00eate \u00e0 accueillir au total 80 000 personnes. Des mesures importantes ont donc \u00e9t\u00e9 prises afin d\u2019assurer leur s\u00e9curit\u00e9.\u00a0 \u00c0 quelques heures du coup d\u2019envoi du match France-Roumanie, la ville est en \u00e9bullition. Situ\u00e9e sur les plages du Prado, la Fan zone de Marseille pourra accueillir jusqu\u2019\u00e0 80 000 &hellip; <a href=\"http:\/\/www.efj.press\/victorinetolmosripoll\/?page_id=71\" class=\"more-link\">Continuer la lecture de <span class=\"screen-reader-text\">Euro 2016 : la Fan zone entre spectacle d\u2019ouverture et mesures de s\u00e9curit\u00e9<\/span>  <span class=\"meta-nav\">&rarr;<\/span><\/a><\/p>\n","protected":false},"author":98,"featured_media":72,"parent":53,"menu_order":5,"comment_status":"closed","ping_status":"closed","template":"","meta":{"footnotes":""},"_links":{"self":[{"href":"http:\/\/www.efj.press\/victorinetolmosripoll\/index.php?rest_route=\/wp\/v2\/pages\/71"}],"collection":[{"href":"http:\/\/www.efj.press\/victorinetolmosripoll\/index.php?rest_route=\/wp\/v2\/pages"}],"about":[{"href":"http:\/\/www.efj.press\/victorinetolmosripoll\/index.php?rest_route=\/wp\/v2\/types\/page"}],"author":[{"embeddable":true,"href":"http:\/\/www.efj.press\/victorinetolmosripoll\/index.php?rest_route=\/wp\/v2\/users\/98"}],"replies":[{"embeddable":true,"href":"http:\/\/www.efj.press\/victorinetolmosripoll\/index.php?rest_route=%2Fwp%2Fv2%2Fcomments&post=71"}],"version-history":[{"count":3,"href":"http:\/\/www.efj.press\/victorinetolmosripoll\/index.php?rest_route=\/wp\/v2\/pages\/71\/revisions"}],"predecessor-version":[{"id":75,"href":"http:\/\/www.efj.press\/victorinetolmosripoll\/index.php?rest_route=\/wp\/v2\/pages\/71\/revisions\/75"}],"up":[{"embeddable":true,"href":"http:\/\/www.efj.press\/victorinetolmosripoll\/index.php?rest_route=\/wp\/v2\/pages\/53"}],"wp:featuredmedia":[{"embeddable":true,"href":"http:\/\/www.efj.press\/victorinetolmosripoll\/index.php?rest_route=\/wp\/v2\/media\/72"}],"wp:attachment":[{"href":"http:\/\/www.efj.press\/victorinetolmosripoll\/index.php?rest_route=%2Fwp%2Fv2%2Fmedia&parent=71"}],"curies":[{"name":"wp","href":"https:\/\/api.w.org\/{rel}","templated":true}]}}