{"id":62,"date":"2017-01-23T10:06:17","date_gmt":"2017-01-23T09:06:17","guid":{"rendered":"http:\/\/www.efj.press\/victorinetolmosripoll\/?page_id=62"},"modified":"2017-01-23T10:28:55","modified_gmt":"2017-01-23T09:28:55","slug":"cinema-festival-de-cannes-sur-la-croisette-marseille-reve-dhollywood","status":"publish","type":"page","link":"http:\/\/www.efj.press\/victorinetolmosripoll\/?page_id=62","title":{"rendered":"[Cin\u00e9ma] Festival de Cannes : sur la Croisette, Marseille r\u00eave d\u2019Hollywood"},"content":{"rendered":"<p><strong>\u00c0 l\u2019occasion du 69\u00e8me festival de Cannes, Marseille installe son pavillon pour la troisi\u00e8me ann\u00e9e. La ville est devenue la deuxi\u00e8me ville du cin\u00e9ma en France.<\/strong><\/p>\n<p>La Ville de Marseille pr\u00e9sente son pavillon pour la troisi\u00e8me fois au march\u00e9 du film du Festival de Cannes. Cette pr\u00e9sence permet de renforcer son attractivit\u00e9 dans le secteur du cin\u00e9ma. Avec un stand de 16m2\u00a0et une terrasse de 20m2, le stand pr\u00e9sente les atouts de la ville jusqu\u2019au 20 mai 2016. Pr\u00e9sent\u00e9 par S\u00e9r\u00e9na Zouaghi, d\u00e9l\u00e9gu\u00e9e au cin\u00e9ma \u00e0 la ville de Marseille, le pavillon accueillait jeudi 12 mai\u00a0<a href=\"http:\/\/www.go-met.com\/news\/tournage-saison-2-serie-marseille-netflix\/\" target=\"_blank\">le sc\u00e9nariste de la s\u00e9rie \u00ab\u00a0Marseille\u00a0\u00bb pour Netflix<\/a>, Dan Franck, le producteur du film Overdrive, Gr\u00e9goire Melin et deux marseillaises\u00a0: Sabrina Roubache et Chantal Fisher qui pr\u00e9sentaient leur fonds d\u00e9di\u00e9 au financement des \u0153uvres.<\/p>\n<p><em>\u00abMarseille est pris\u00e9e pour le tournage et les spots publicitaires\u00bb<\/em>\u00a0affirme S\u00e9r\u00e9na Zouaghi, ses paysages naturels et sa modernit\u00e9 ont fait d\u2019elle la deuxi\u00e8me ville du cin\u00e9ma en France apr\u00e8s Paris. Elle d\u00e9nombre 1 663 jours de tournage en 2015, 17 longs m\u00e9trages et 15 s\u00e9ries. Symbole de l\u2019essor et de l\u2019industrie audiovisuel, la pr\u00e9sence des producteurs et des r\u00e9alisateurs internationaux. Ainsi, selon l\u2019\u00e9lue, Marseille et la Provence sont habitu\u00e9es \u00e0 accueillir des productions chinoises. Et d\u2019estimer \u00e0 300 000 visites chinoises apr\u00e8s la diffusion d\u2019un film tourn\u00e9 \u00e0 Marseille. Le producteur Gr\u00e9goire Melin souhaite\u00a0<em>\u00abemmener les images de Marseille un peu partout dans le monde, notamment aux USA, au Japon et en Italie.\u00bb<\/em><\/p>\n<h2><em>\u00abVille tr\u00e8s puissante avec une forte personnalit\u00e9\u00bb<\/em>\u00a0selon Dan Franck<\/h2>\n<p><em>\u00abVille tr\u00e8s puissante avec une forte personnalit\u00e9\u00bb<\/em>\u00a0selon Dan Franck, la cit\u00e9 phoc\u00e9enne est devenue une place de tournage de r\u00e9f\u00e9rence. Elle accueille des s\u00e9ries et des films vari\u00e9s\u00a0: \u00ab\u00a0Plus belle la vie\u00a0\u00bb d\u2019Hubert Besson, \u00ab\u00a0Ca\u00efn\u00a0\u00bb qui attire en moyenne 3,4 millions de t\u00e9l\u00e9spectateurs, \u00ab\u00a0Marseille\u00a0\u00bb avec G\u00e9rard Depardieu et Benoit Magimel, \u00ab\u00a0Family on the Go\u00a0\u00bb, une s\u00e9rie chinoise, et des films \u00ab\u00a0la French\u00a0\u00bb avec Jean Dujardin et Gilles Lellouche ou \u00ab\u00a0<a href=\"http:\/\/www.go-met.com\/cinema-fin-du-tournage-doverdrive\/\" target=\"_blank\">Overdrive\u00a0\u00bb avec Scott Eastwood qui sortira fin 2016.<\/a><\/p>\n<p>Le cin\u00e9ma est une industrie culturelle \u00e9conomique importante pour le territoire qui pr\u00e9sente 30 millions d\u2019euros de retomb\u00e9es directes selon la Ville qui veut aussi valoriser les entrepreneurs et les intermittents. S\u00e9r\u00e9na Zouaghi f\u00e9licite le maire de Marseille, Jean-Claude Gaudin, d\u2019avoir investit dans cette fili\u00e8re. Marseille envisage d\u2019int\u00e9grer le top 5 des villes d\u2019Europe les plus attractives pour la fili\u00e8re audiovisuel-cin\u00e9ma d\u2019ici 2020. Symbole de ces ambitions, la cr\u00e9ation d\u2019un Marseille \u00e9crit avec de grandes lettres blanches de 13,70 m\u00e8tres de haut fa\u00e7on Hollywood sur la colline au-dessus de St Henri, \u00e0 l\u2019entr\u00e9e nord de Marseille.<\/p>\n<p><em>Voir la suite sur<\/em> :<a href=\"http:\/\/www.go-met.com\/marseille-deuxieme-ville-du-cinema-en-france\/\">\u00a0http:\/\/www.go-met.com\/marseille-deuxieme-ville-du-cinema-en-france\/<\/a><\/p>\n","protected":false},"excerpt":{"rendered":"<p>\u00c0 l\u2019occasion du 69\u00e8me festival de Cannes, Marseille installe son pavillon pour la troisi\u00e8me ann\u00e9e. La ville est devenue la deuxi\u00e8me ville du cin\u00e9ma en France. La Ville de Marseille pr\u00e9sente son pavillon pour la troisi\u00e8me fois au march\u00e9 du film du Festival de Cannes. Cette pr\u00e9sence permet de renforcer son attractivit\u00e9 dans le secteur &hellip; <a href=\"http:\/\/www.efj.press\/victorinetolmosripoll\/?page_id=62\" class=\"more-link\">Continuer la lecture de <span class=\"screen-reader-text\">[Cin\u00e9ma] Festival de Cannes : sur la Croisette, Marseille r\u00eave d\u2019Hollywood<\/span>  <span class=\"meta-nav\">&rarr;<\/span><\/a><\/p>\n","protected":false},"author":98,"featured_media":63,"parent":53,"menu_order":3,"comment_status":"closed","ping_status":"closed","template":"","meta":{"footnotes":""},"_links":{"self":[{"href":"http:\/\/www.efj.press\/victorinetolmosripoll\/index.php?rest_route=\/wp\/v2\/pages\/62"}],"collection":[{"href":"http:\/\/www.efj.press\/victorinetolmosripoll\/index.php?rest_route=\/wp\/v2\/pages"}],"about":[{"href":"http:\/\/www.efj.press\/victorinetolmosripoll\/index.php?rest_route=\/wp\/v2\/types\/page"}],"author":[{"embeddable":true,"href":"http:\/\/www.efj.press\/victorinetolmosripoll\/index.php?rest_route=\/wp\/v2\/users\/98"}],"replies":[{"embeddable":true,"href":"http:\/\/www.efj.press\/victorinetolmosripoll\/index.php?rest_route=%2Fwp%2Fv2%2Fcomments&post=62"}],"version-history":[{"count":2,"href":"http:\/\/www.efj.press\/victorinetolmosripoll\/index.php?rest_route=\/wp\/v2\/pages\/62\/revisions"}],"predecessor-version":[{"id":77,"href":"http:\/\/www.efj.press\/victorinetolmosripoll\/index.php?rest_route=\/wp\/v2\/pages\/62\/revisions\/77"}],"up":[{"embeddable":true,"href":"http:\/\/www.efj.press\/victorinetolmosripoll\/index.php?rest_route=\/wp\/v2\/pages\/53"}],"wp:featuredmedia":[{"embeddable":true,"href":"http:\/\/www.efj.press\/victorinetolmosripoll\/index.php?rest_route=\/wp\/v2\/media\/63"}],"wp:attachment":[{"href":"http:\/\/www.efj.press\/victorinetolmosripoll\/index.php?rest_route=%2Fwp%2Fv2%2Fmedia&parent=62"}],"curies":[{"name":"wp","href":"https:\/\/api.w.org\/{rel}","templated":true}]}}