{"id":53,"date":"2017-01-23T09:50:30","date_gmt":"2017-01-23T08:50:30","guid":{"rendered":"http:\/\/www.efj.press\/victorinetolmosripoll\/?page_id=53"},"modified":"2017-01-23T10:51:09","modified_gmt":"2017-01-23T09:51:09","slug":"articles","status":"publish","type":"page","link":"http:\/\/www.efj.press\/victorinetolmosripoll\/?page_id=53","title":{"rendered":"Articles"},"content":{"rendered":"<blockquote data-secret=\"VFjto5PcJo\" class=\"wp-embedded-content\"><p><a href=\"http:\/\/www.efj.press\/victorinetolmosripoll\/articles\/international-apres-avoir-sauve-900-refugies-sos-mediterranee-lance-sa-deuxieme-mission-en-mer\/\">[International] Apr\u00e8s avoir sauv\u00e9 900 r\u00e9fugi\u00e9s, SOS M\u00e9diterran\u00e9e lance sa deuxi\u00e8me mission en mer<\/a><\/p><\/blockquote>\n<p><iframe class=\"wp-embedded-content\" sandbox=\"allow-scripts\" security=\"restricted\" style=\"position: absolute; clip: rect(1px, 1px, 1px, 1px);\" src=\"http:\/\/www.efj.press\/victorinetolmosripoll\/articles\/international-apres-avoir-sauve-900-refugies-sos-mediterranee-lance-sa-deuxieme-mission-en-mer\/embed\/#?secret=VFjto5PcJo\" data-secret=\"VFjto5PcJo\" width=\"474\" height=\"267\" title=\"&#8220;[International] Apr\u00e8s avoir sauv\u00e9 900 r\u00e9fugi\u00e9s, SOS M\u00e9diterran\u00e9e lance sa deuxi\u00e8me mission en mer&#8221; &#8212; Victorine Tolmos\" frameborder=\"0\" marginwidth=\"0\" marginheight=\"0\" scrolling=\"no\"><\/iframe><\/p>\n<blockquote data-secret=\"IxXqrbiJDS\" class=\"wp-embedded-content\"><p><a href=\"http:\/\/www.efj.press\/victorinetolmosripoll\/articles\/international-les-syriens-depossedes-de-leur-guerre-de-liberation-par-les-forces-etrangeres\/\">[International] Les Syriens d\u00e9poss\u00e9d\u00e9s de leur guerre de lib\u00e9ration par les forces \u00e9trang\u00e8res<\/a><\/p><\/blockquote>\n<p><iframe class=\"wp-embedded-content\" sandbox=\"allow-scripts\" security=\"restricted\" style=\"position: absolute; clip: rect(1px, 1px, 1px, 1px);\" src=\"http:\/\/www.efj.press\/victorinetolmosripoll\/articles\/international-les-syriens-depossedes-de-leur-guerre-de-liberation-par-les-forces-etrangeres\/embed\/#?secret=IxXqrbiJDS\" data-secret=\"IxXqrbiJDS\" width=\"474\" height=\"267\" title=\"&#8220;[International] Les Syriens d\u00e9poss\u00e9d\u00e9s de leur guerre de lib\u00e9ration par les forces \u00e9trang\u00e8res&#8221; &#8212; Victorine Tolmos\" frameborder=\"0\" marginwidth=\"0\" marginheight=\"0\" scrolling=\"no\"><\/iframe><\/p>\n<blockquote data-secret=\"HwfHc27ChY\" class=\"wp-embedded-content\"><p><a href=\"http:\/\/www.efj.press\/victorinetolmosripoll\/articles\/cinema-festival-de-cannes-sur-la-croisette-marseille-reve-dhollywood\/\">[Cin\u00e9ma] Festival de Cannes : sur la Croisette, Marseille r\u00eave d\u2019Hollywood<\/a><\/p><\/blockquote>\n<p><iframe class=\"wp-embedded-content\" sandbox=\"allow-scripts\" security=\"restricted\" style=\"position: absolute; clip: rect(1px, 1px, 1px, 1px);\" src=\"http:\/\/www.efj.press\/victorinetolmosripoll\/articles\/cinema-festival-de-cannes-sur-la-croisette-marseille-reve-dhollywood\/embed\/#?secret=HwfHc27ChY\" data-secret=\"HwfHc27ChY\" width=\"474\" height=\"267\" title=\"&#8220;[Cin\u00e9ma] Festival de Cannes : sur la Croisette, Marseille r\u00eave d\u2019Hollywood&#8221; &#8212; Victorine Tolmos\" frameborder=\"0\" marginwidth=\"0\" marginheight=\"0\" scrolling=\"no\"><\/iframe><\/p>\n<blockquote data-secret=\"nDoGNfgQur\" class=\"wp-embedded-content\"><p><a href=\"http:\/\/www.efj.press\/victorinetolmosripoll\/articles\/environnement-fil-vert-le-beau-projet-de-randonnees-sur-les-berges-de-lhuveaune\/\">[Environnement] \u00ab Fil Vert \u00bb, le beau projet de randonn\u00e9es sur les berges de l\u2019Huveaune<\/a><\/p><\/blockquote>\n<p><iframe class=\"wp-embedded-content\" sandbox=\"allow-scripts\" security=\"restricted\" style=\"position: absolute; clip: rect(1px, 1px, 1px, 1px);\" src=\"http:\/\/www.efj.press\/victorinetolmosripoll\/articles\/environnement-fil-vert-le-beau-projet-de-randonnees-sur-les-berges-de-lhuveaune\/embed\/#?secret=nDoGNfgQur\" data-secret=\"nDoGNfgQur\" width=\"474\" height=\"267\" title=\"&#8220;[Environnement] \u00ab Fil Vert \u00bb, le beau projet de randonn\u00e9es sur les berges de l\u2019Huveaune&#8221; &#8212; Victorine Tolmos\" frameborder=\"0\" marginwidth=\"0\" marginheight=\"0\" scrolling=\"no\"><\/iframe><\/p>\n<blockquote data-secret=\"ld1T7NoDme\" class=\"wp-embedded-content\"><p><a href=\"http:\/\/www.efj.press\/victorinetolmosripoll\/articles\/euro-2016-la-fan-zone-entre-spectacle-douverture-et-mesures-de-securite\/\">Euro 2016 : la Fan zone entre spectacle d\u2019ouverture et mesures de s\u00e9curit\u00e9<\/a><\/p><\/blockquote>\n<p><iframe class=\"wp-embedded-content\" sandbox=\"allow-scripts\" security=\"restricted\" style=\"position: absolute; clip: rect(1px, 1px, 1px, 1px);\" src=\"http:\/\/www.efj.press\/victorinetolmosripoll\/articles\/euro-2016-la-fan-zone-entre-spectacle-douverture-et-mesures-de-securite\/embed\/#?secret=ld1T7NoDme\" data-secret=\"ld1T7NoDme\" width=\"474\" height=\"267\" title=\"&#8220;Euro 2016 : la Fan zone entre spectacle d\u2019ouverture et mesures de s\u00e9curit\u00e9&#8221; &#8212; Victorine Tolmos\" frameborder=\"0\" marginwidth=\"0\" marginheight=\"0\" scrolling=\"no\"><\/iframe><\/p>\n<p>&nbsp;<\/p>\n","protected":false},"excerpt":{"rendered":"<p>[International] Apr\u00e8s avoir sauv\u00e9 900 r\u00e9fugi\u00e9s, SOS M\u00e9diterran\u00e9e lance sa deuxi\u00e8me mission en mer [International] Les Syriens d\u00e9poss\u00e9d\u00e9s de leur guerre de lib\u00e9ration par les forces \u00e9trang\u00e8res [Cin\u00e9ma] Festival de Cannes : sur la Croisette, Marseille r\u00eave d\u2019Hollywood [Environnement] \u00ab Fil Vert \u00bb, le beau projet de randonn\u00e9es sur les berges de l\u2019Huveaune Euro 2016 &hellip; <a href=\"http:\/\/www.efj.press\/victorinetolmosripoll\/?page_id=53\" class=\"more-link\">Continuer la lecture de <span class=\"screen-reader-text\">Articles<\/span>  <span class=\"meta-nav\">&rarr;<\/span><\/a><\/p>\n","protected":false},"author":98,"featured_media":0,"parent":0,"menu_order":3,"comment_status":"closed","ping_status":"closed","template":"","meta":{"footnotes":""},"_links":{"self":[{"href":"http:\/\/www.efj.press\/victorinetolmosripoll\/index.php?rest_route=\/wp\/v2\/pages\/53"}],"collection":[{"href":"http:\/\/www.efj.press\/victorinetolmosripoll\/index.php?rest_route=\/wp\/v2\/pages"}],"about":[{"href":"http:\/\/www.efj.press\/victorinetolmosripoll\/index.php?rest_route=\/wp\/v2\/types\/page"}],"author":[{"embeddable":true,"href":"http:\/\/www.efj.press\/victorinetolmosripoll\/index.php?rest_route=\/wp\/v2\/users\/98"}],"replies":[{"embeddable":true,"href":"http:\/\/www.efj.press\/victorinetolmosripoll\/index.php?rest_route=%2Fwp%2Fv2%2Fcomments&post=53"}],"version-history":[{"count":3,"href":"http:\/\/www.efj.press\/victorinetolmosripoll\/index.php?rest_route=\/wp\/v2\/pages\/53\/revisions"}],"predecessor-version":[{"id":90,"href":"http:\/\/www.efj.press\/victorinetolmosripoll\/index.php?rest_route=\/wp\/v2\/pages\/53\/revisions\/90"}],"wp:attachment":[{"href":"http:\/\/www.efj.press\/victorinetolmosripoll\/index.php?rest_route=%2Fwp%2Fv2%2Fmedia&parent=53"}],"curies":[{"name":"wp","href":"https:\/\/api.w.org\/{rel}","templated":true}]}}