{"id":34,"date":"2016-05-09T15:01:36","date_gmt":"2016-05-09T14:01:36","guid":{"rendered":"http:\/\/www.efj.press\/stephanetan\/?page_id=34"},"modified":"2017-01-23T10:32:44","modified_gmt":"2017-01-23T09:32:44","slug":"accueil","status":"publish","type":"page","link":"http:\/\/www.efj.press\/stephanetan\/","title":{"rendered":"Accueil"},"content":{"rendered":"<p>Bonjour et Bienvenue \u00e0 tous sur mon blog EFJ !<\/p>\n<p>Vous pourrez y trouver quelques-uns de mes travaux, projets etc.<\/p>\n<p>J&rsquo;aurais \u00e9galement \u00e0 c\u0153ur\u00a0de vous faire partager ma passion qu&rsquo;est le sport ! J&rsquo;ai notamment un amour profond\u00a0pour le ballon rond &#8230;!<\/p>\n<p>J&rsquo;esp\u00e8re que vous\u00a0aurez autant de\u00a0plaisir \u00e0 me lire, \u00a0que j&rsquo;ai \u00e0 vous \u00e9crire !<\/p>\n<p>Vous pourrez \u00e9galement me contacter ou suivre mon activit\u00e9 sur les diff\u00e9rents r\u00e9seaux sociaux !<\/p>\n<p><a href=\"https:\/\/www.facebook.com\/stephane.tan.10\" target=\"_blank\"><img loading=\"lazy\" decoding=\"async\" class=\"alignnone wp-image-37\" src=\"http:\/\/www.efj.press\/stephanetan\/wp-content\/uploads\/sites\/117\/2016\/05\/facebookguillaumenarduzzi.jpg\" alt=\"facebookst\u00e9phanetan\" width=\"60\" height=\"60\" \/><\/a>\u00a0 \u00a0 \u00a0 \u00a0<a href=\"https:\/\/twitter.com\/StephaneTan12\" target=\"_blank\"><img loading=\"lazy\" decoding=\"async\" class=\"alignnone wp-image-44\" src=\"http:\/\/www.efj.press\/stephanetan\/wp-content\/uploads\/sites\/117\/2016\/05\/twitterguillaumenarduzzi.jpg\" alt=\"twitterstephanetan\" width=\"60\" height=\"60\" \/><\/a>\u00a0 \u00a0 \u00a0\u00a0<a href=\"https:\/\/www.instagram.com\/stephane_t12\/\" target=\"_blank\"><img loading=\"lazy\" decoding=\"async\" class=\"alignnone wp-image-46\" src=\"http:\/\/www.efj.press\/stephanetan\/wp-content\/uploads\/sites\/117\/2016\/05\/instagramguillaumenarduzzi.jpg\" alt=\"instagramguillaumenarduzzi\" width=\"60\" height=\"60\" \/><\/a>\u00a0 \u00a0\u00a0<a href=\"https:\/\/fr.linkedin.com\/in\/stephane-tan-b10a5a126\"><img loading=\"lazy\" decoding=\"async\" class=\"alignnone wp-image-227 size-full\" src=\"http:\/\/www.efj.press\/stephanetan\/wp-content\/uploads\/sites\/117\/2016\/05\/linkzsin-1-e1484558427560.png\" alt=\"linkzsin\" width=\"60\" height=\"60\" \/><\/a><\/p>\n","protected":false},"excerpt":{"rendered":"<p>Bonjour et Bienvenue \u00e0 tous sur mon blog EFJ ! Vous pourrez y trouver quelques-uns de mes travaux, projets etc. J&rsquo;aurais \u00e9galement \u00e0 c\u0153ur\u00a0de vous faire partager ma passion qu&rsquo;est le sport ! J&rsquo;ai notamment un amour profond\u00a0pour le ballon rond &#8230;! J&rsquo;esp\u00e8re que vous\u00a0aurez autant de\u00a0plaisir \u00e0 me lire, \u00a0que j&rsquo;ai \u00e0 vous \u00e9crire &hellip; <a href=\"http:\/\/www.efj.press\/stephanetan\/\" class=\"more-link\">Continuer la lecture de <span class=\"screen-reader-text\">Accueil<\/span>  <span class=\"meta-nav\">&rarr;<\/span><\/a><\/p>\n","protected":false},"author":96,"featured_media":30,"parent":0,"menu_order":0,"comment_status":"closed","ping_status":"closed","template":"","meta":{"footnotes":""},"_links":{"self":[{"href":"http:\/\/www.efj.press\/stephanetan\/wp-json\/wp\/v2\/pages\/34"}],"collection":[{"href":"http:\/\/www.efj.press\/stephanetan\/wp-json\/wp\/v2\/pages"}],"about":[{"href":"http:\/\/www.efj.press\/stephanetan\/wp-json\/wp\/v2\/types\/page"}],"author":[{"embeddable":true,"href":"http:\/\/www.efj.press\/stephanetan\/wp-json\/wp\/v2\/users\/96"}],"replies":[{"embeddable":true,"href":"http:\/\/www.efj.press\/stephanetan\/wp-json\/wp\/v2\/comments?post=34"}],"version-history":[{"count":12,"href":"http:\/\/www.efj.press\/stephanetan\/wp-json\/wp\/v2\/pages\/34\/revisions"}],"predecessor-version":[{"id":228,"href":"http:\/\/www.efj.press\/stephanetan\/wp-json\/wp\/v2\/pages\/34\/revisions\/228"}],"wp:featuredmedia":[{"embeddable":true,"href":"http:\/\/www.efj.press\/stephanetan\/wp-json\/wp\/v2\/media\/30"}],"wp:attachment":[{"href":"http:\/\/www.efj.press\/stephanetan\/wp-json\/wp\/v2\/media?parent=34"}],"curies":[{"name":"wp","href":"https:\/\/api.w.org\/{rel}","templated":true}]}}