{"id":189,"date":"2015-12-09T18:15:02","date_gmt":"2015-12-09T17:15:02","guid":{"rendered":"http:\/\/www.efj.press\/sixtinegerardtasset\/?page_id=189"},"modified":"2016-06-17T12:20:26","modified_gmt":"2016-06-17T11:20:26","slug":"bonus","status":"publish","type":"page","link":"http:\/\/www.efj.press\/sixtinegerardtasset\/grande-enquete-2015\/bonus\/","title":{"rendered":"BONUS"},"content":{"rendered":"<p>La musique de l&rsquo;enqu\u00eate, gliss\u00e9e sous les tweets : \u00ab\u00a0Easy\u00a0\u00bb de Lux :<\/p>\n<!--[if lt IE 9]><script>document.createElement('audio');<\/script><![endif]-->\n<audio class=\"wp-audio-shortcode\" id=\"audio-189-1\" preload=\"none\" style=\"width: 100%;\" controls=\"controls\"><source type=\"audio\/mpeg\" src=\"http:\/\/www.efj.press\/sixtinegerardtasset\/wp-content\/uploads\/sites\/13\/2015\/12\/Son-Lux-Easy-Official-Video.mp3?_=1\" \/><a href=\"http:\/\/www.efj.press\/sixtinegerardtasset\/wp-content\/uploads\/sites\/13\/2015\/12\/Son-Lux-Easy-Official-Video.mp3\">http:\/\/www.efj.press\/sixtinegerardtasset\/wp-content\/uploads\/sites\/13\/2015\/12\/Son-Lux-Easy-Official-Video.mp3<\/a><\/audio>\n<p>2 t\u00e9moignages de Vie de Carabin faisant \u00e9cho au d\u00e9bat autour des touchers non consentis et \u00e0 sa formation :<\/p>\n<audio class=\"wp-audio-shortcode\" id=\"audio-189-2\" preload=\"none\" style=\"width: 100%;\" controls=\"controls\"><source type=\"audio\/mpeg\" src=\"http:\/\/www.efj.press\/sixtinegerardtasset\/wp-content\/uploads\/sites\/13\/2015\/12\/Toucher-3.m4a?_=2\" \/><a href=\"http:\/\/www.efj.press\/sixtinegerardtasset\/wp-content\/uploads\/sites\/13\/2015\/12\/Toucher-3.m4a\">http:\/\/www.efj.press\/sixtinegerardtasset\/wp-content\/uploads\/sites\/13\/2015\/12\/Toucher-3.m4a<\/a><\/audio>\n<audio class=\"wp-audio-shortcode\" id=\"audio-189-3\" preload=\"none\" style=\"width: 100%;\" controls=\"controls\"><source type=\"audio\/mpeg\" src=\"http:\/\/www.efj.press\/sixtinegerardtasset\/wp-content\/uploads\/sites\/13\/2015\/12\/Toucher.m4a?_=3\" \/><a href=\"http:\/\/www.efj.press\/sixtinegerardtasset\/wp-content\/uploads\/sites\/13\/2015\/12\/Toucher.m4a\">http:\/\/www.efj.press\/sixtinegerardtasset\/wp-content\/uploads\/sites\/13\/2015\/12\/Toucher.m4a<\/a><\/audio>\n<p>&nbsp;<\/p>\n","protected":false},"excerpt":{"rendered":"<p>La musique de l&rsquo;enqu\u00eate, gliss\u00e9e sous les tweets : \u00ab\u00a0Easy\u00a0\u00bb de Lux : 2 t\u00e9moignages de Vie de Carabin faisant \u00e9cho au d\u00e9bat autour des touchers non consentis et \u00e0 sa formation : &nbsp;<\/p>\n","protected":false},"author":15,"featured_media":0,"parent":137,"menu_order":0,"comment_status":"closed","ping_status":"closed","template":"","meta":{"footnotes":""},"_links":{"self":[{"href":"http:\/\/www.efj.press\/sixtinegerardtasset\/wp-json\/wp\/v2\/pages\/189"}],"collection":[{"href":"http:\/\/www.efj.press\/sixtinegerardtasset\/wp-json\/wp\/v2\/pages"}],"about":[{"href":"http:\/\/www.efj.press\/sixtinegerardtasset\/wp-json\/wp\/v2\/types\/page"}],"author":[{"embeddable":true,"href":"http:\/\/www.efj.press\/sixtinegerardtasset\/wp-json\/wp\/v2\/users\/15"}],"replies":[{"embeddable":true,"href":"http:\/\/www.efj.press\/sixtinegerardtasset\/wp-json\/wp\/v2\/comments?post=189"}],"version-history":[{"count":2,"href":"http:\/\/www.efj.press\/sixtinegerardtasset\/wp-json\/wp\/v2\/pages\/189\/revisions"}],"predecessor-version":[{"id":207,"href":"http:\/\/www.efj.press\/sixtinegerardtasset\/wp-json\/wp\/v2\/pages\/189\/revisions\/207"}],"up":[{"embeddable":true,"href":"http:\/\/www.efj.press\/sixtinegerardtasset\/wp-json\/wp\/v2\/pages\/137"}],"wp:attachment":[{"href":"http:\/\/www.efj.press\/sixtinegerardtasset\/wp-json\/wp\/v2\/media?parent=189"}],"curies":[{"name":"wp","href":"https:\/\/api.w.org\/{rel}","templated":true}]}}