{"id":113,"date":"2015-12-02T12:09:36","date_gmt":"2015-12-02T11:09:36","guid":{"rendered":"http:\/\/www.efj.press\/sixtinegerardtasset\/?page_id=113"},"modified":"2016-06-17T12:20:59","modified_gmt":"2016-06-17T11:20:59","slug":"ma-grande-enquete-2","status":"publish","type":"page","link":"http:\/\/www.efj.press\/sixtinegerardtasset\/grande-enquete-2015\/ma-grande-enquete-2\/","title":{"rendered":"Ont particip\u00e9 au sujet :"},"content":{"rendered":"<header class=\"entry-header\">\n<h1 class=\"entry-title\">Sp\u00e9cialistes, \u00e9tudiants, internes, professeurs, t\u00e9moins, avocates, associations&#8230;<\/h1>\n<\/header>\n<div class=\"entry-content\">\n<p><strong>Sarah Tixier<\/strong>, interne en gyn\u00e9cologie obst\u00e9trique au CHU d\u2019Angers,\u00a0<strong>Vincent Cr\u00e9paux<\/strong>, interne en m\u00e9decine de la procr\u00e9ation au CHU,\u00a0<strong>Marion Mourant<\/strong>, avocate sp\u00e9cialiste du droit des patients,\u00a0<strong>Guy Vallancien<\/strong>, gyn\u00e9cologue-urologue et directeur de l\u2019Ecole Europ\u00e9enne de Chirurgie \u00e0 Paris,\u00a0<strong>Vie de Carabin<\/strong>, interne anonyme,\u00a0<strong>Anne-Charlotte Lamau<\/strong>, enseignante \u00e0 l\u2019universit\u00e9 de m\u00e9decine Descartes et chef de clinique \u00e0 Port-Royal,\u00a0<strong>Justine Hugon-Rodin<\/strong>, enseignante \u00e0 l\u2019universit\u00e9 de Descartes et chef de clinique \u00e0 Port-Royal,\u00a0<strong>Antoine Tesni\u00e8re<\/strong>, directeur de la plateforme<a href=\"http:\/\/ilumens.fr\/\"> iLumens<\/a> et anesth\u00e9siste-r\u00e9animateur,\u00a0<strong>Henri Cohen<\/strong>, chef de service \u00e0 l\u2019institut Montsouris,\u00a0<strong>Corinne Daver<\/strong>, avocate sp\u00e9cialiste du droit des patients,\u00a0<strong>Jean-Pierre Vinel<\/strong>, pr\u00e9sident des doyens de la facult\u00e9 de m\u00e9decine,\u00a0<strong>Claire-Marie<\/strong>, externe et \u00e9l\u00e8ve \u00e0 la facult\u00e9 de m\u00e9decine Ren\u00e9 Descartes,\u00a0<strong>Mehdi Touhat<\/strong>, interne en neuro chirurgie,\u00a0<strong>Denys Lacroix<\/strong>, chef de service en radiologie,\u00a0<strong>Alexandra Fourcade<\/strong>, sp\u00e9cialiste du droit des patients (sant\u00e9.gouv),\u00a0<strong>CNGOF<\/strong>, (organisme professionnel des m\u00e9decins exer\u00e7ant la gyn\u00e9cologie et l\u2019obst\u00e9trique en France),\u00a0<strong>AIGM<\/strong>, association des internes en gyn\u00e9cologie m\u00e9dicale<\/p>\n<h1>MERCI !<\/h1>\n<\/div>\n","protected":false},"excerpt":{"rendered":"<p>Sp\u00e9cialistes, \u00e9tudiants, internes, professeurs, t\u00e9moins, avocates, associations&#8230; Sarah Tixier, interne en gyn\u00e9cologie obst\u00e9trique au CHU d\u2019Angers,\u00a0Vincent Cr\u00e9paux, interne en m\u00e9decine de la procr\u00e9ation au CHU,\u00a0Marion Mourant, avocate sp\u00e9cialiste du droit des patients,\u00a0Guy Vallancien, gyn\u00e9cologue-urologue et directeur de l\u2019Ecole Europ\u00e9enne de Chirurgie \u00e0 Paris,\u00a0Vie de Carabin, interne anonyme,\u00a0Anne-Charlotte Lamau, enseignante \u00e0 l\u2019universit\u00e9 de m\u00e9decine Descartes et &hellip; <a href=\"http:\/\/www.efj.press\/sixtinegerardtasset\/grande-enquete-2015\/ma-grande-enquete-2\/\" class=\"more-link\">Continuer la lecture de <span class=\"screen-reader-text\">Ont particip\u00e9 au sujet :<\/span>  <span class=\"meta-nav\">&rarr;<\/span><\/a><\/p>\n","protected":false},"author":15,"featured_media":101,"parent":137,"menu_order":0,"comment_status":"closed","ping_status":"closed","template":"","meta":{"footnotes":""},"_links":{"self":[{"href":"http:\/\/www.efj.press\/sixtinegerardtasset\/wp-json\/wp\/v2\/pages\/113"}],"collection":[{"href":"http:\/\/www.efj.press\/sixtinegerardtasset\/wp-json\/wp\/v2\/pages"}],"about":[{"href":"http:\/\/www.efj.press\/sixtinegerardtasset\/wp-json\/wp\/v2\/types\/page"}],"author":[{"embeddable":true,"href":"http:\/\/www.efj.press\/sixtinegerardtasset\/wp-json\/wp\/v2\/users\/15"}],"replies":[{"embeddable":true,"href":"http:\/\/www.efj.press\/sixtinegerardtasset\/wp-json\/wp\/v2\/comments?post=113"}],"version-history":[{"count":3,"href":"http:\/\/www.efj.press\/sixtinegerardtasset\/wp-json\/wp\/v2\/pages\/113\/revisions"}],"predecessor-version":[{"id":135,"href":"http:\/\/www.efj.press\/sixtinegerardtasset\/wp-json\/wp\/v2\/pages\/113\/revisions\/135"}],"up":[{"embeddable":true,"href":"http:\/\/www.efj.press\/sixtinegerardtasset\/wp-json\/wp\/v2\/pages\/137"}],"wp:featuredmedia":[{"embeddable":true,"href":"http:\/\/www.efj.press\/sixtinegerardtasset\/wp-json\/wp\/v2\/media\/101"}],"wp:attachment":[{"href":"http:\/\/www.efj.press\/sixtinegerardtasset\/wp-json\/wp\/v2\/media?parent=113"}],"curies":[{"name":"wp","href":"https:\/\/api.w.org\/{rel}","templated":true}]}}