{"id":80,"date":"2015-12-01T16:28:04","date_gmt":"2015-12-01T15:28:04","guid":{"rendered":"http:\/\/www.efj.press\/simonstephan\/?page_id=80"},"modified":"2015-12-03T16:01:33","modified_gmt":"2015-12-03T15:01:33","slug":"contexte","status":"publish","type":"page","link":"http:\/\/www.efj.press\/simonstephan\/enquete-sur-les-marches-publics\/contexte\/","title":{"rendered":"Pourquoi la data ?"},"content":{"rendered":"<p>Grande question.<\/p>\n<p>En fait, en derni\u00e8re ann\u00e9e \u00e0 l&rsquo;EFJ, les \u00e9l\u00e8ves doivent effectuer une grande enqu\u00eate. Jusque l\u2019ann\u00e9e derni\u00e8re, ceux-ci avaient le choix de travailler en radio, t\u00e9l\u00e9 ou presse \u00e9crite, les trois incontournables. Mais depuis la reprise du groupe EDH par un fonds d\u2019investissement cette ann\u00e9e, l\u2019\u00e9cole a pris le virage du num\u00e9rique, devenant l\u2019Ecole du nouveau journalisme.<\/p>\n<p>Jacques Rosselin, fondateur de Courrier International et nouveau directeur, a d\u00e9cid\u00e9 de mettre en avant les\u00a0outils du journalisme de demain que sont le social media, le code ou encore le datajournalisme. \u00a0 Ainsi, il nous a \u00e9t\u00e9 propos\u00e9 de faire notre fameuse enqu\u00eate de fin d\u2019\u00e9tudes en data, le journalisme de donn\u00e9es.<\/p>\n<p>Curieux et ayant d\u00e9j\u00e0 travaill\u00e9 sur les trois supports classiques, j\u2019ai choisi le\u00a0datajournalisme pour ce mois d\u2019investigation. Sous l\u2019impulsion de Jean-Marc Manach, \u00ab\u00a0journaliste-hacker\u00a0\u00bb travaillant avec Wikileaks notamment, nous nous sommes int\u00e9ress\u00e9s aux march\u00e9s publics de l\u2019Etat. Nous avons d\u00e9couvert que la transparence, en mati\u00e8re listes de march\u00e9s publics conclus, \u00e9tait loin d\u2019\u00eatre limpide&#8230;<\/p>\n<p>Cette enqu\u00eate est disponible <a href=\"http:\/\/www.efj.press\/simonstephan\/enquete-sur-les-marches-publics\/lenquete\/\">ici<\/a>, bonne lecture !<\/p>\n","protected":false},"excerpt":{"rendered":"<p>Grande question. En fait, en derni\u00e8re ann\u00e9e \u00e0 l&rsquo;EFJ, les \u00e9l\u00e8ves doivent effectuer une grande enqu\u00eate. Jusque l\u2019ann\u00e9e derni\u00e8re, ceux-ci avaient le choix de travailler en radio, t\u00e9l\u00e9 ou presse \u00e9crite, les trois incontournables. Mais depuis la reprise du groupe EDH par un fonds d\u2019investissement cette ann\u00e9e, l\u2019\u00e9cole a pris le virage du num\u00e9rique, devenant &hellip; <a href=\"http:\/\/www.efj.press\/simonstephan\/enquete-sur-les-marches-publics\/contexte\/\" class=\"more-link\">Continuer la lecture de <span class=\"screen-reader-text\">Pourquoi la data ?<\/span>  <span class=\"meta-nav\">&rarr;<\/span><\/a><\/p>\n","protected":false},"author":26,"featured_media":0,"parent":78,"menu_order":4,"comment_status":"closed","ping_status":"closed","template":"","meta":{"footnotes":""},"_links":{"self":[{"href":"http:\/\/www.efj.press\/simonstephan\/wp-json\/wp\/v2\/pages\/80"}],"collection":[{"href":"http:\/\/www.efj.press\/simonstephan\/wp-json\/wp\/v2\/pages"}],"about":[{"href":"http:\/\/www.efj.press\/simonstephan\/wp-json\/wp\/v2\/types\/page"}],"author":[{"embeddable":true,"href":"http:\/\/www.efj.press\/simonstephan\/wp-json\/wp\/v2\/users\/26"}],"replies":[{"embeddable":true,"href":"http:\/\/www.efj.press\/simonstephan\/wp-json\/wp\/v2\/comments?post=80"}],"version-history":[{"count":6,"href":"http:\/\/www.efj.press\/simonstephan\/wp-json\/wp\/v2\/pages\/80\/revisions"}],"predecessor-version":[{"id":161,"href":"http:\/\/www.efj.press\/simonstephan\/wp-json\/wp\/v2\/pages\/80\/revisions\/161"}],"up":[{"embeddable":true,"href":"http:\/\/www.efj.press\/simonstephan\/wp-json\/wp\/v2\/pages\/78"}],"wp:attachment":[{"href":"http:\/\/www.efj.press\/simonstephan\/wp-json\/wp\/v2\/media?parent=80"}],"curies":[{"name":"wp","href":"https:\/\/api.w.org\/{rel}","templated":true}]}}