{"id":116,"date":"2015-12-02T15:32:43","date_gmt":"2015-12-02T14:32:43","guid":{"rendered":"http:\/\/www.efj.press\/simonstephan\/?page_id=116"},"modified":"2015-12-03T12:06:05","modified_gmt":"2015-12-03T11:06:05","slug":"qui-dit-data-dit-chiffres","status":"publish","type":"page","link":"http:\/\/www.efj.press\/simonstephan\/enquete-sur-les-marches-publics\/mieux-comprendre-le-sujet\/qui-dit-data-dit-chiffres\/","title":{"rendered":"Qui dit data, dit CHIFFRES"},"content":{"rendered":"<p><span style=\"font-weight: 400;\">11 google docs<\/span><\/p>\n<p><span style=\"font-weight: 400;\">37 feuilles spreadsheets <\/span><\/p>\n<p><span style=\"font-weight: 400;\">864 lignes sur le tableau r\u00e9capitulatif (2 556 cellules remplies de donn\u00e9es)<\/span><\/p>\n<p><span style=\"font-weight: 400;\">En moyenne : 11 onglets ouverts sur les navigateurs<\/span><\/p>\n<p><span style=\"font-weight: 400;\">5 d\u00e9bats (tr\u00e8s) houleux et des heures et des heures de r\u00e9flexion<\/span><\/p>\n<p><span style=\"font-weight: 400;\">112 coups de t\u00e9l\u00e9phone <\/span><\/p>\n<p><span style=\"font-weight: 400;\">240 cigarettes fum\u00e9es <\/span><\/p>\n<p>Merci \u00e0 :<\/p>\n<p><a href=\"https:\/\/blog.overviewdocs.com\/\" target=\"_blank\">Overview<\/a><\/p>\n<p><a href=\"https:\/\/infogr.am\/app\/#\/tracklogin\" target=\"_blank\">Infogr.am<\/a><\/p>\n<p><a href=\"http:\/\/www.easel.ly\/\" target=\"_blank\">Easel.ly<\/a><\/p>\n<p>Google Drive<\/p>\n<p><a href=\"https:\/\/timeline.knightlab.com\/\" target=\"_blank\">Timeline<\/a><\/p>\n<p>Excel<\/p>\n","protected":false},"excerpt":{"rendered":"<p>11 google docs 37 feuilles spreadsheets 864 lignes sur le tableau r\u00e9capitulatif (2 556 cellules remplies de donn\u00e9es) En moyenne : 11 onglets ouverts sur les navigateurs 5 d\u00e9bats (tr\u00e8s) houleux et des heures et des heures de r\u00e9flexion 112 coups de t\u00e9l\u00e9phone 240 cigarettes fum\u00e9es Merci \u00e0 : Overview Infogr.am Easel.ly Google Drive Timeline &hellip; <a href=\"http:\/\/www.efj.press\/simonstephan\/enquete-sur-les-marches-publics\/mieux-comprendre-le-sujet\/qui-dit-data-dit-chiffres\/\" class=\"more-link\">Continuer la lecture de <span class=\"screen-reader-text\">Qui dit data, dit CHIFFRES<\/span>  <span class=\"meta-nav\">&rarr;<\/span><\/a><\/p>\n","protected":false},"author":26,"featured_media":0,"parent":143,"menu_order":2,"comment_status":"closed","ping_status":"closed","template":"","meta":{"footnotes":""},"_links":{"self":[{"href":"http:\/\/www.efj.press\/simonstephan\/wp-json\/wp\/v2\/pages\/116"}],"collection":[{"href":"http:\/\/www.efj.press\/simonstephan\/wp-json\/wp\/v2\/pages"}],"about":[{"href":"http:\/\/www.efj.press\/simonstephan\/wp-json\/wp\/v2\/types\/page"}],"author":[{"embeddable":true,"href":"http:\/\/www.efj.press\/simonstephan\/wp-json\/wp\/v2\/users\/26"}],"replies":[{"embeddable":true,"href":"http:\/\/www.efj.press\/simonstephan\/wp-json\/wp\/v2\/comments?post=116"}],"version-history":[{"count":5,"href":"http:\/\/www.efj.press\/simonstephan\/wp-json\/wp\/v2\/pages\/116\/revisions"}],"predecessor-version":[{"id":154,"href":"http:\/\/www.efj.press\/simonstephan\/wp-json\/wp\/v2\/pages\/116\/revisions\/154"}],"up":[{"embeddable":true,"href":"http:\/\/www.efj.press\/simonstephan\/wp-json\/wp\/v2\/pages\/143"}],"wp:attachment":[{"href":"http:\/\/www.efj.press\/simonstephan\/wp-json\/wp\/v2\/media?parent=116"}],"curies":[{"name":"wp","href":"https:\/\/api.w.org\/{rel}","templated":true}]}}