{"id":147,"date":"2016-04-29T01:46:59","date_gmt":"2016-04-29T00:46:59","guid":{"rendered":"http:\/\/www.efj.press\/rythekasangu\/?page_id=147"},"modified":"2016-04-29T01:46:59","modified_gmt":"2016-04-29T00:46:59","slug":"une-journee-dans-la-peau-dune-mannequin","status":"publish","type":"page","link":"http:\/\/www.efj.press\/rythekasangu\/mes-travaux\/une-journee-dans-la-peau-dune-mannequin\/","title":{"rendered":"Une journ\u00e9e dans la peau d&rsquo;une mannequin"},"content":{"rendered":"<p align=\"JUSTIFY\"><span style=\"font-family: 'Times New Roman', serif;\">C&rsquo;est dans un grand appartement de Sully Morland, dans le IV\u00e8me arrondissement de Paris, que s&rsquo;est d\u00e9roul\u00e9 le shooting photo de la marque de bijoux <i>Goralska<\/i>. Une joaillerie associant finesse et \u00e9l\u00e9gance au travers des pi\u00e8ces d&rsquo;exceptions pour une femme d&rsquo;aujourd&rsquo;hui. <\/span><\/p>\n<p align=\"JUSTIFY\"><span style=\"font-family: 'Times New Roman', serif;\"> Il est 10h. Debout devant une gigantesque portail rouge \u00e9carlate, le photographe donne toutes les directives \u00e0 suivre aupr\u00e8s des mannequins. \u00c9num\u00e9rant l&rsquo;ambiance qui doit \u00eatre d\u00e9gag\u00e9e, les diff\u00e9rents d\u00e9cors\u00a0qui seront utilis\u00e9s. Tout est parfaitement planifi\u00e9 avant m\u00eame de gagner la demeure.<\/span><\/p>\n<p align=\"JUSTIFY\"><span style=\"font-family: 'Times New Roman', serif;\">En rentrant, c&rsquo;est sombre. L&rsquo;odeur du bois ancien flotte dans l&rsquo;air. La styliste s&rsquo;accapare des jeunes femmes, en les menants dans l&rsquo;une des chambres transform\u00e9e en grand dressing room. Des v\u00eatements d&rsquo;\u00e9poques et des accessoires modernes se chevauchent empil\u00e9s sur portants. En partant d&rsquo;un bustier datant du XVIII\u00e8me, tress\u00e9 de fragiles fils beiges et transparents ou une jupe en toile blanche sign\u00e9e <i>Saint Laurent<\/i>. Le tout accessoiris\u00e9 d&rsquo;\u00e9l\u00e9gante chaussure\u00a0<em>Kenzo<\/em>, <em>Repetto<\/em>, <em>Dolce&amp;Gabanna\u00a0<\/em>ou encore\u00a0<em>Jimmy Choo<\/em>. Les essayages termin\u00e9s, il est temps de passer \u00e0 la mise en beaut\u00e9. Coiffure effet coiff\u00e9\/d\u00e9coiff\u00e9 est le style adopt\u00e9 pour faire d\u00e9gager\u00a0la femme moderne \u00abqui est en nous\u00bb. Le maquillage reste simple et \u00e9pur\u00e9 afin de laisser les briller les cr\u00e9ations.<\/span><\/p>\n<p align=\"JUSTIFY\"><span style=\"font-family: 'Times New Roman', serif;\"> Le cadran de la cuisine affiche midi. La gouvernante, Micky, concocte de l\u00e9ger\u00a0encas \u00e0 d\u00e9guster rapidement\u00a0et\u00a0l&rsquo;heure tourne. Une demi s&rsquo;\u00e9coule et\u00a0Sylvain, \u00e9tudiant \u00e0 <em>Icart Photo<\/em>, prend ses premiers clich\u00e9s. Le grand salon principale de l&rsquo;appartement sert de d\u00e9cor. <\/span><span style=\"font-family: 'Times New Roman', serif;\">Les corps\u00a0longilignes\u00a0posent. Tous les \u00e9l\u00e9ments r\u00e9unis fusionnent. Un clavecin aux teintes bois\u00e9es, des tableaux contemporains qui abordent les murs de la pi\u00e8ce, des statuettes venant des quatre coins du monde, ainsi qu&rsquo;une l\u00e9g\u00e8re odeur d&rsquo;encens qui plane dans la pi\u00e8ce. Toute l&rsquo;\u00e9quipe est au complet devant le mannequin, la coiffeuse pr\u00eate \u00e0 arranger un seul cheveu qui d\u00e9passe, la maquilleuse debout avec sa palette et bien \u00e9videmment le photographe. \u00abC&rsquo;est \u00e0 vous de jouer \u00bb, pos\u00e9 devant un paravent chinois noir et en relief des fleurs dor\u00e9es, le tout accompagn\u00e9 de m\u00e9lodies orientales: le compte \u00e0 rebours est lanc\u00e9. Le bruit des flashs s&rsquo;encha\u00eenent, les poses se multiplient.\u00a0Les mod\u00e8le s&rsquo;avancent tour \u00e0 tour,\u00a0les m\u00eames gestes se r\u00e9p\u00e8tent. La fatigue commence \u00e0 se faire ressentir, les trentaines de retouches par la coiffeuse et la maquilleuse nous agressent physiquement.<\/span><\/p>\n<p align=\"JUSTIFY\"><span style=\"font-family: 'Times New Roman', serif;\">C&rsquo;est dans la pr\u00e9cipitation que toute la brigade se partage deux taxis, direction: le Jardin des plantes, dans le V\u00e8me arrondissement. Les\u00a0derni\u00e8res mises \u00e0 jour de l&rsquo;\u00e9clairage, de coiffure et de maquillage s&rsquo;encha\u00eenent et la seconde session\u00a0peut commencer. V\u00eatues\u00a0de tenues l\u00e9g\u00e8res, le froid claque violemment notre chair. Subjugu\u00e9s par l&rsquo;attraction photographique qui se s&rsquo;affiche\u00a0devant eux, les visiteurs de lieu touristiques s&rsquo;arr\u00eatent. Les enfants nous pointent du doigts, certains des adultes, prennent en photo, d&rsquo;autres s&rsquo;arr\u00eatent net et contemplent le spectacle. Les frissons s&rsquo;intensifient.\u00a0<\/span><span style=\"font-family: 'Times New Roman', serif;\">La temp\u00e9rature baisse davantage et les claquements de m\u00e2choires se d\u00e9cuplent et il faut cl\u00f4turer la s\u00e9ance photo avant le coucher pr\u00e9matur\u00e9 du soleil. Pour le dernier tableau de la s\u00e9ance, nos corps devait fusionner avec la nature les branches. Nous devions faire corps avec les fleurs et autres esp\u00e8ces du site v\u00e9g\u00e9tale. C&rsquo;\u00e9tait la derni\u00e8re mission. Les branches gel\u00e9es se posaient rigidement sur nos bras, nos cous, seul nos mains fig\u00e9es devaient \u00eatre en mouvement.<\/span><\/p>\n<p align=\"JUSTIFY\"><span style=\"font-family: 'Times New Roman', serif;\"> Pr\u00e8s de deux heures se sont \u00e9coul\u00e9es, le parc s&rsquo;assombrie au dessus de nous \u00ab<em>merci \u00e0 tous\u00a0!\u00bb<\/em>, les applaudissements retentissent et les visages de d\u00e9crispent. A<\/span><span style=\"font-family: 'Times New Roman', serif;\">insi que s&rsquo;ach\u00e8ve\u00a0cette valse rigide\u00a0avec la nature et le froi<\/span><span style=\"font-family: 'Times New Roman', serif;\">d&#8230; <\/span><\/p>\n<p align=\"JUSTIFY\"><span style=\"font-family: 'Times New Roman', serif;\">Ryth\u00e9.K<\/span><\/p>\n<p align=\"JUSTIFY\">\n","protected":false},"excerpt":{"rendered":"<p>C&rsquo;est dans un grand appartement de Sully Morland, dans le IV\u00e8me arrondissement de Paris, que s&rsquo;est d\u00e9roul\u00e9 le shooting photo de la marque de bijoux Goralska. Une joaillerie associant finesse et \u00e9l\u00e9gance au travers des pi\u00e8ces d&rsquo;exceptions pour une femme d&rsquo;aujourd&rsquo;hui. Il est 10h. Debout devant une gigantesque portail rouge \u00e9carlate, le photographe donne toutes &hellip; <a href=\"http:\/\/www.efj.press\/rythekasangu\/mes-travaux\/une-journee-dans-la-peau-dune-mannequin\/\" class=\"more-link\">Continuer la lecture de <span class=\"screen-reader-text\">Une journ\u00e9e dans la peau d&rsquo;une mannequin<\/span>  <span class=\"meta-nav\">&rarr;<\/span><\/a><\/p>\n","protected":false},"author":18,"featured_media":150,"parent":65,"menu_order":0,"comment_status":"closed","ping_status":"closed","template":"","meta":{"footnotes":""},"_links":{"self":[{"href":"http:\/\/www.efj.press\/rythekasangu\/wp-json\/wp\/v2\/pages\/147"}],"collection":[{"href":"http:\/\/www.efj.press\/rythekasangu\/wp-json\/wp\/v2\/pages"}],"about":[{"href":"http:\/\/www.efj.press\/rythekasangu\/wp-json\/wp\/v2\/types\/page"}],"author":[{"embeddable":true,"href":"http:\/\/www.efj.press\/rythekasangu\/wp-json\/wp\/v2\/users\/18"}],"replies":[{"embeddable":true,"href":"http:\/\/www.efj.press\/rythekasangu\/wp-json\/wp\/v2\/comments?post=147"}],"version-history":[{"count":2,"href":"http:\/\/www.efj.press\/rythekasangu\/wp-json\/wp\/v2\/pages\/147\/revisions"}],"predecessor-version":[{"id":151,"href":"http:\/\/www.efj.press\/rythekasangu\/wp-json\/wp\/v2\/pages\/147\/revisions\/151"}],"up":[{"embeddable":true,"href":"http:\/\/www.efj.press\/rythekasangu\/wp-json\/wp\/v2\/pages\/65"}],"wp:featuredmedia":[{"embeddable":true,"href":"http:\/\/www.efj.press\/rythekasangu\/wp-json\/wp\/v2\/media\/150"}],"wp:attachment":[{"href":"http:\/\/www.efj.press\/rythekasangu\/wp-json\/wp\/v2\/media?parent=147"}],"curies":[{"name":"wp","href":"https:\/\/api.w.org\/{rel}","templated":true}]}}