{"id":337,"date":"2016-07-08T19:26:35","date_gmt":"2016-07-08T18:26:35","guid":{"rendered":"http:\/\/www.efj.press\/paulinehelari\/?page_id=337"},"modified":"2016-07-08T19:29:25","modified_gmt":"2016-07-08T18:29:25","slug":"travaux-efj","status":"publish","type":"page","link":"http:\/\/www.efj.press\/paulinehelari\/travaux-efj\/","title":{"rendered":"Travaux EFJ"},"content":{"rendered":"<p>Au cours de mon ann\u00e9e scolaire, j&rsquo;ai eu l&rsquo;opportunit\u00e9 de rencontrer des personnes venus de divers\u00a0horizons, pratiquant des m\u00e9tiers totalement diff\u00e9rents. Reportages, interviews, montages&#8230; ces rencontres m&rsquo;ont permis un r\u00e9el apprentissage du m\u00e9tier et de ses techniques.<\/p>\n<p><iframe loading=\"lazy\" class=\"giphy-embed\" src=\"\/\/giphy.com\/embed\/RsJGTjWNv9DMY\" width=\"480\" height=\"254\" frameborder=\"0\" allowfullscreen=\"allowfullscreen\"><\/iframe><\/p>\n<p><a href=\"http:\/\/giphy.com\/gifs\/film-filmedit-dear-white-people-RsJGTjWNv9DMY\"><\/a><\/p>\n","protected":false},"excerpt":{"rendered":"<p>Au cours de mon ann\u00e9e scolaire, j&rsquo;ai eu l&rsquo;opportunit\u00e9 de rencontrer des personnes venus de divers\u00a0horizons, pratiquant des m\u00e9tiers totalement diff\u00e9rents. Reportages, interviews, montages&#8230; ces rencontres m&rsquo;ont permis un r\u00e9el apprentissage du m\u00e9tier et de ses techniques.<\/p>\n","protected":false},"author":70,"featured_media":0,"parent":0,"menu_order":3,"comment_status":"closed","ping_status":"closed","template":"","meta":{"footnotes":""},"_links":{"self":[{"href":"http:\/\/www.efj.press\/paulinehelari\/wp-json\/wp\/v2\/pages\/337"}],"collection":[{"href":"http:\/\/www.efj.press\/paulinehelari\/wp-json\/wp\/v2\/pages"}],"about":[{"href":"http:\/\/www.efj.press\/paulinehelari\/wp-json\/wp\/v2\/types\/page"}],"author":[{"embeddable":true,"href":"http:\/\/www.efj.press\/paulinehelari\/wp-json\/wp\/v2\/users\/70"}],"replies":[{"embeddable":true,"href":"http:\/\/www.efj.press\/paulinehelari\/wp-json\/wp\/v2\/comments?post=337"}],"version-history":[{"count":3,"href":"http:\/\/www.efj.press\/paulinehelari\/wp-json\/wp\/v2\/pages\/337\/revisions"}],"predecessor-version":[{"id":341,"href":"http:\/\/www.efj.press\/paulinehelari\/wp-json\/wp\/v2\/pages\/337\/revisions\/341"}],"wp:attachment":[{"href":"http:\/\/www.efj.press\/paulinehelari\/wp-json\/wp\/v2\/media?parent=337"}],"curies":[{"name":"wp","href":"https:\/\/api.w.org\/{rel}","templated":true}]}}