{"id":211,"date":"2015-12-03T11:20:19","date_gmt":"2015-12-03T10:20:19","guid":{"rendered":"http:\/\/www.efj.press\/paulinehelari\/?page_id=211"},"modified":"2017-12-15T10:50:05","modified_gmt":"2017-12-15T09:50:05","slug":"bienvenue","status":"publish","type":"page","link":"http:\/\/www.efj.press\/paulinehelari\/","title":{"rendered":"Bienvenue !"},"content":{"rendered":"<p>Ce blog faisant office de carte de visite est aussi pour moi l&rsquo;occasion de vous pr\u00e9senter tous les travaux (articles, reportages, interviews&#8230;) que j&rsquo;ai pu r\u00e9aliser jusqu&rsquo;\u00e0 maintenant.<\/p>\n<p>Mais avant cela, laissez moi me pr\u00e9senter&#8230;<\/p>\n<p>Le bac en poche \u00e0 18 ans, je prends la route pour l&rsquo;EFAP Lille Europe pour quatre ann\u00e9es de \u00ab\u00a0communication des entreprises et des institutions\u00a0\u00bb : relations presse\/publique, radio, publicit\u00e9, PAO, g\u00e9opolitique, marketing, droit de la presse, communication d&rsquo;entreprise, de crise, digitale, publique, \u00e9v\u00e9nementielle&#8230;<\/p>\n<p>Mais apr\u00e8s l&rsquo;EFAP, j&rsquo;ai d\u00e9cid\u00e9 de changer de camp. J&rsquo;ai donc int\u00e9gr\u00e9 l&rsquo;EFJ, l&rsquo;\u00e9cole du Nouveau Journalisme, pour faire un Master 2 \u00ab\u00a0Journalisme et M\u00e9dias Digitaux \u00a0\u00bb : datajournalisme, code, \u00e9tude des outils du web, social m\u00e9dia, fact-checking, investigation, SEO, TBR (technique de base r\u00e9dactionnelle)&#8230;<\/p>\n<p>J&rsquo;ai eu la chance d&rsquo;effectuer mon stage de fin d&rsquo;\u00e9tudes de six mois au sein de la r\u00e9daction de 01net.com, site d&rsquo;actualit\u00e9 high-tech appartenant au groupe NextRadioTV (BFMTV, RMC Sport&#8230;)<\/p>\n<p>Le dipl\u00f4me obtenu, je suis, depuis juin 2017, community manager au sein du magazine Immoweek.<\/p>\n<p>Pour les travaux r\u00e9alis\u00e9s au cours de mon ann\u00e9e \u00e0 l&rsquo;EFJ c&rsquo;est <a href=\"http:\/\/www.efj.press\/paulinehelari\/travaux-efj\/\">ici<\/a> !<\/p>\n<p>Pour conna\u00eetre l&rsquo;histoire de mon stage et lire mes articles \u00e9crits pour 01net et BFM high tech c&rsquo;est par <a href=\"http:\/\/www.efj.press\/paulinehelari\/stage\/\">l\u00e0<\/a> !<\/p>\n<p>Bonne lecture \ud83d\ude42<\/p>\n","protected":false},"excerpt":{"rendered":"<p>Ce blog faisant office de carte de visite est aussi pour moi l&rsquo;occasion de vous pr\u00e9senter tous les travaux (articles, reportages, interviews&#8230;) que j&rsquo;ai pu r\u00e9aliser jusqu&rsquo;\u00e0 maintenant. Mais avant cela, laissez moi me pr\u00e9senter&#8230; Le bac en poche \u00e0 18 ans, je prends la route pour l&rsquo;EFAP Lille Europe pour quatre ann\u00e9es de \u00ab\u00a0communication &hellip; <a href=\"http:\/\/www.efj.press\/paulinehelari\/\" class=\"more-link\">Continuer la lecture de <span class=\"screen-reader-text\">Bienvenue !<\/span>  <span class=\"meta-nav\">&rarr;<\/span><\/a><\/p>\n","protected":false},"author":70,"featured_media":0,"parent":0,"menu_order":0,"comment_status":"closed","ping_status":"closed","template":"","meta":{"footnotes":""},"_links":{"self":[{"href":"http:\/\/www.efj.press\/paulinehelari\/wp-json\/wp\/v2\/pages\/211"}],"collection":[{"href":"http:\/\/www.efj.press\/paulinehelari\/wp-json\/wp\/v2\/pages"}],"about":[{"href":"http:\/\/www.efj.press\/paulinehelari\/wp-json\/wp\/v2\/types\/page"}],"author":[{"embeddable":true,"href":"http:\/\/www.efj.press\/paulinehelari\/wp-json\/wp\/v2\/users\/70"}],"replies":[{"embeddable":true,"href":"http:\/\/www.efj.press\/paulinehelari\/wp-json\/wp\/v2\/comments?post=211"}],"version-history":[{"count":33,"href":"http:\/\/www.efj.press\/paulinehelari\/wp-json\/wp\/v2\/pages\/211\/revisions"}],"predecessor-version":[{"id":515,"href":"http:\/\/www.efj.press\/paulinehelari\/wp-json\/wp\/v2\/pages\/211\/revisions\/515"}],"wp:attachment":[{"href":"http:\/\/www.efj.press\/paulinehelari\/wp-json\/wp\/v2\/media?parent=211"}],"curies":[{"name":"wp","href":"https:\/\/api.w.org\/{rel}","templated":true}]}}