{"id":58,"date":"2016-11-30T16:09:37","date_gmt":"2016-11-30T15:09:37","guid":{"rendered":"http:\/\/www.efj.press\/oscarbelayche\/?page_id=58"},"modified":"2016-11-30T16:09:37","modified_gmt":"2016-11-30T15:09:37","slug":"les-insomniaques","status":"publish","type":"page","link":"http:\/\/www.efj.press\/oscarbelayche\/a-propos\/cv\/cinema\/tournages-avec-jean-pierre-mocky\/les-insomniaques\/","title":{"rendered":"Les Insomniaques"},"content":{"rendered":"<p>De Jean-Pierre Mocky<br \/>\nAvec Jean-Pierre Mocky, Bruno Putzulu, Mathieu Demy, Rufus, Jean Abeill\u00e9 et Michel Francini<br \/>\nNationalit\u00e9 Fran\u00e7ais<\/p>\n<p><img loading=\"lazy\" decoding=\"async\" class=\"alignnone size-full wp-image-59\" src=\"http:\/\/www.efj.press\/oscarbelayche\/wp-content\/uploads\/sites\/140\/2016\/11\/INS.jpg\" alt=\"ins\" width=\"215\" height=\"290\" \/><\/p>\n<p>SYNOPSIS ET D\u00c9TAILS<br \/>\nDeux insomniaques s&rsquo;associent pour monter un club r\u00e9unissant des personnes qui souffrent du m\u00eame mal et qui d\u00e9cident ensemble de devenir en quelque sorte des justiciers dans la ville et plus pr\u00e9cis\u00e9ment des redresseurs de torts au service des causes qui leur sont ch\u00e8res. Mais les relations entre les diff\u00e9rents membres iront en se d\u00e9gradant&#8230;<\/p>\n","protected":false},"excerpt":{"rendered":"<p>De Jean-Pierre Mocky Avec Jean-Pierre Mocky, Bruno Putzulu, Mathieu Demy, Rufus, Jean Abeill\u00e9 et Michel Francini Nationalit\u00e9 Fran\u00e7ais SYNOPSIS ET D\u00c9TAILS Deux insomniaques s&rsquo;associent pour monter un club r\u00e9unissant des personnes qui souffrent du m\u00eame mal et qui d\u00e9cident ensemble de devenir en quelque sorte des justiciers dans la ville et plus pr\u00e9cis\u00e9ment des redresseurs &hellip; <a href=\"http:\/\/www.efj.press\/oscarbelayche\/a-propos\/cv\/cinema\/tournages-avec-jean-pierre-mocky\/les-insomniaques\/\" class=\"more-link\">Continuer la lecture de <span class=\"screen-reader-text\">Les Insomniaques<\/span>  <span class=\"meta-nav\">&rarr;<\/span><\/a><\/p>\n","protected":false},"author":121,"featured_media":0,"parent":42,"menu_order":0,"comment_status":"closed","ping_status":"closed","template":"","meta":{"footnotes":""},"_links":{"self":[{"href":"http:\/\/www.efj.press\/oscarbelayche\/wp-json\/wp\/v2\/pages\/58"}],"collection":[{"href":"http:\/\/www.efj.press\/oscarbelayche\/wp-json\/wp\/v2\/pages"}],"about":[{"href":"http:\/\/www.efj.press\/oscarbelayche\/wp-json\/wp\/v2\/types\/page"}],"author":[{"embeddable":true,"href":"http:\/\/www.efj.press\/oscarbelayche\/wp-json\/wp\/v2\/users\/121"}],"replies":[{"embeddable":true,"href":"http:\/\/www.efj.press\/oscarbelayche\/wp-json\/wp\/v2\/comments?post=58"}],"version-history":[{"count":1,"href":"http:\/\/www.efj.press\/oscarbelayche\/wp-json\/wp\/v2\/pages\/58\/revisions"}],"predecessor-version":[{"id":60,"href":"http:\/\/www.efj.press\/oscarbelayche\/wp-json\/wp\/v2\/pages\/58\/revisions\/60"}],"up":[{"embeddable":true,"href":"http:\/\/www.efj.press\/oscarbelayche\/wp-json\/wp\/v2\/pages\/42"}],"wp:attachment":[{"href":"http:\/\/www.efj.press\/oscarbelayche\/wp-json\/wp\/v2\/media?parent=58"}],"curies":[{"name":"wp","href":"https:\/\/api.w.org\/{rel}","templated":true}]}}