{"id":52,"date":"2016-11-30T15:30:26","date_gmt":"2016-11-30T14:30:26","guid":{"rendered":"http:\/\/www.efj.press\/oscarbelayche\/?page_id=52"},"modified":"2016-11-30T15:34:29","modified_gmt":"2016-11-30T14:34:29","slug":"un-beau-matin","status":"publish","type":"page","link":"http:\/\/www.efj.press\/oscarbelayche\/a-propos\/cv\/cinema\/tournages-avec-slony-sow\/un-beau-matin\/","title":{"rendered":"Un beau matin"},"content":{"rendered":"<p>R\u00e9alis\u00e9 par Slony Sow en f\u00e9vrier 2012<\/p>\n<p>Avec<br \/>\nRalph Amoussou, Kim Redler, Samuel Mercer, Francis Katchatouroff<\/p>\n<p>Nationalit\u00e9 fran\u00e7ais<\/p>\n<p><img loading=\"lazy\" decoding=\"async\" class=\"alignnone size-medium wp-image-53\" src=\"http:\/\/www.efj.press\/oscarbelayche\/wp-content\/uploads\/sites\/140\/2016\/11\/UBM-200x300.jpg\" alt=\"ubm\" width=\"200\" height=\"300\" srcset=\"http:\/\/www.efj.press\/oscarbelayche\/wp-content\/uploads\/sites\/140\/2016\/11\/UBM-200x300.jpg 200w, http:\/\/www.efj.press\/oscarbelayche\/wp-content\/uploads\/sites\/140\/2016\/11\/UBM.jpg 640w\" sizes=\"(max-width: 200px) 100vw, 200px\" \/><\/p>\n<p>Dans la France du XVIIIe si\u00e8cle, Oscar, un jeune prince musulman, fait une retrouvaille d\u00e9stabilisante au cours d\u2019un bal. Un moment inattendu qui l\u2019obligera \u00e0 s\u2019enfoncer dans la torpeur d\u2019une relation impossible envers une jeune catholique. Une vie d\u2019attente qui ne voudra pour destin\u00e9e que le renoncement \u00e0 l\u2019amour terrestre pour la promesse d\u2019une passion \u00e9ternelle loin de la tyrannie des dogmes sacr\u00e9s invent\u00e9s par les hommes.<\/p>\n","protected":false},"excerpt":{"rendered":"<p>R\u00e9alis\u00e9 par Slony Sow en f\u00e9vrier 2012 Avec Ralph Amoussou, Kim Redler, Samuel Mercer, Francis Katchatouroff Nationalit\u00e9 fran\u00e7ais Dans la France du XVIIIe si\u00e8cle, Oscar, un jeune prince musulman, fait une retrouvaille d\u00e9stabilisante au cours d\u2019un bal. Un moment inattendu qui l\u2019obligera \u00e0 s\u2019enfoncer dans la torpeur d\u2019une relation impossible envers une jeune catholique. Une &hellip; <a href=\"http:\/\/www.efj.press\/oscarbelayche\/a-propos\/cv\/cinema\/tournages-avec-slony-sow\/un-beau-matin\/\" class=\"more-link\">Continuer la lecture de <span class=\"screen-reader-text\">Un beau matin<\/span>  <span class=\"meta-nav\">&rarr;<\/span><\/a><\/p>\n","protected":false},"author":121,"featured_media":0,"parent":46,"menu_order":0,"comment_status":"closed","ping_status":"closed","template":"","meta":{"footnotes":""},"_links":{"self":[{"href":"http:\/\/www.efj.press\/oscarbelayche\/wp-json\/wp\/v2\/pages\/52"}],"collection":[{"href":"http:\/\/www.efj.press\/oscarbelayche\/wp-json\/wp\/v2\/pages"}],"about":[{"href":"http:\/\/www.efj.press\/oscarbelayche\/wp-json\/wp\/v2\/types\/page"}],"author":[{"embeddable":true,"href":"http:\/\/www.efj.press\/oscarbelayche\/wp-json\/wp\/v2\/users\/121"}],"replies":[{"embeddable":true,"href":"http:\/\/www.efj.press\/oscarbelayche\/wp-json\/wp\/v2\/comments?post=52"}],"version-history":[{"count":2,"href":"http:\/\/www.efj.press\/oscarbelayche\/wp-json\/wp\/v2\/pages\/52\/revisions"}],"predecessor-version":[{"id":56,"href":"http:\/\/www.efj.press\/oscarbelayche\/wp-json\/wp\/v2\/pages\/52\/revisions\/56"}],"up":[{"embeddable":true,"href":"http:\/\/www.efj.press\/oscarbelayche\/wp-json\/wp\/v2\/pages\/46"}],"wp:attachment":[{"href":"http:\/\/www.efj.press\/oscarbelayche\/wp-json\/wp\/v2\/media?parent=52"}],"curies":[{"name":"wp","href":"https:\/\/api.w.org\/{rel}","templated":true}]}}