{"id":48,"date":"2016-11-16T14:34:56","date_gmt":"2016-11-16T13:34:56","guid":{"rendered":"http:\/\/www.efj.press\/nicolasroxo\/?page_id=48"},"modified":"2016-11-30T16:03:31","modified_gmt":"2016-11-30T15:03:31","slug":"sport","status":"publish","type":"page","link":"http:\/\/www.efj.press\/nicolasroxo\/sport\/","title":{"rendered":"sport"},"content":{"rendered":"<p><img loading=\"lazy\" decoding=\"async\" class=\"alignnone wp-image-85\" src=\"http:\/\/www.efj.press\/nicolasroxo\/wp-content\/uploads\/sites\/160\/2016\/11\/a596f3_b5ea153120db47ed95f5264470cbef67-mv2-300x171.jpg\" alt=\"a596f3_b5ea153120db47ed95f5264470cbef67-mv2\" width=\"518\" height=\"295\" srcset=\"http:\/\/www.efj.press\/nicolasroxo\/wp-content\/uploads\/sites\/160\/2016\/11\/a596f3_b5ea153120db47ed95f5264470cbef67-mv2-300x171.jpg 300w, http:\/\/www.efj.press\/nicolasroxo\/wp-content\/uploads\/sites\/160\/2016\/11\/a596f3_b5ea153120db47ed95f5264470cbef67-mv2-768x437.jpg 768w, http:\/\/www.efj.press\/nicolasroxo\/wp-content\/uploads\/sites\/160\/2016\/11\/a596f3_b5ea153120db47ed95f5264470cbef67-mv2.jpg 900w\" sizes=\"(max-width: 518px) 100vw, 518px\" \/><\/p>\n<p><em><strong>D\u00e9sillusion pour Ben Arfa\/ Ben Arfa en pleine tourmente<\/strong><\/em><\/p>\n<p>Nouvelles ambitions, nouveau projet, nouveau club, tout semblait aller pour le mieux pour la nouvelle recrue du Paris Saint Germain, Hatem Ben Arfa. Seulement, son arriv\u00e9e au sein du club parisien ne semble pas se passer aussi bien que pr\u00e9vu.<br \/>\nIl semblait pourtant \u00eatre une bonne pioche pour le PSG. Apr\u00e8s avoir r\u00e9alis\u00e9 une saison sur les chapeaux de roues avec l\u2019OGC Nice en enregistrant 17 buts et 6 passes d\u00e9cisives en 34 journ\u00e9es de Ligue 1, l\u2019attaquant de 29 ans prend un nouveau d\u00e9part. Convoit\u00e9 par S\u00e9ville, Hatem Ben Arfa a finalement rejoint le Paris Saint Germain cet \u00e9t\u00e9 pour une dur\u00e9e de deux ans. En rejoignant le groupe parisien, l\u2019ancien Ni\u00e7ois renoue avec la Ligue des Champions qu\u2019il n\u2019avait plus connu depuis 7 ans.<br \/>\nD\u00e8s son arriv\u00e9e, tout se passe pour le mieux. Le joueur, en bonne forme physique, est l\u2019un des premiers \u00e0 retrouver le groupe parisien pour jouer les matchs de pr\u00e9-saisons et est titulaire pour le premier match officiel du Paris Saint Germain. Seulement, la situation semble se d\u00e9grader. Le joueur disparait de plus en plus des compositions de match du club de la capitale. En effet, sur 5 matchs toutes comp\u00e9titions confondues, Hatem Ben Arfa n\u2019est titulaire qu\u2019une fois contre Saint Etienne et officie deux fois en tant que rempla\u00e7ant.<br \/>\nEt cela ne promet pas de s\u2019am\u00e9liorer de si t\u00f4t. En effet, avec le retour des internationaux d\u2019Am\u00e9rique Latine, une place de titulaire semble de moins en moins facile \u00e0 obtenir. R\u00e9sultat\u00a0: depuis 4 matchs, Hatem Ben Arfa fait office de sa pr\u00e9sence\u2026 en tribune. Cette situation semble difficile \u00e0 concevoir pour le joueur autrefois adul\u00e9 \u00e0 l\u2019OGC Nice.<br \/>\nQuelles peuvent-\u00eatre les raisons de cet \u00e9loignement des terrains\u00a0? Est-ce d\u00fb \u00e0 son manque de professionnalisme\u00a0? Ou est-ce la partie \u00e9merg\u00e9e de l\u2019iceberg cachant un confit en interne avec son entraineur\u00a0? La PSG n\u2019a pour l\u2019heure fait aucun communiqu\u00e9 au sujet de cette affaire br\u00fblante.<\/p>\n","protected":false},"excerpt":{"rendered":"<p>D\u00e9sillusion pour Ben Arfa\/ Ben Arfa en pleine tourmente Nouvelles ambitions, nouveau projet, nouveau club, tout semblait aller pour le mieux pour la nouvelle recrue du Paris Saint Germain, Hatem Ben Arfa. Seulement, son arriv\u00e9e au sein du club parisien ne semble pas se passer aussi bien que pr\u00e9vu. Il semblait pourtant \u00eatre une bonne &hellip; <a href=\"http:\/\/www.efj.press\/nicolasroxo\/sport\/\" class=\"more-link\">Continuer la lecture de <span class=\"screen-reader-text\">sport<\/span>  <span class=\"meta-nav\">&rarr;<\/span><\/a><\/p>\n","protected":false},"author":140,"featured_media":0,"parent":0,"menu_order":0,"comment_status":"closed","ping_status":"closed","template":"","meta":{"footnotes":""},"_links":{"self":[{"href":"http:\/\/www.efj.press\/nicolasroxo\/wp-json\/wp\/v2\/pages\/48"}],"collection":[{"href":"http:\/\/www.efj.press\/nicolasroxo\/wp-json\/wp\/v2\/pages"}],"about":[{"href":"http:\/\/www.efj.press\/nicolasroxo\/wp-json\/wp\/v2\/types\/page"}],"author":[{"embeddable":true,"href":"http:\/\/www.efj.press\/nicolasroxo\/wp-json\/wp\/v2\/users\/140"}],"replies":[{"embeddable":true,"href":"http:\/\/www.efj.press\/nicolasroxo\/wp-json\/wp\/v2\/comments?post=48"}],"version-history":[{"count":5,"href":"http:\/\/www.efj.press\/nicolasroxo\/wp-json\/wp\/v2\/pages\/48\/revisions"}],"predecessor-version":[{"id":93,"href":"http:\/\/www.efj.press\/nicolasroxo\/wp-json\/wp\/v2\/pages\/48\/revisions\/93"}],"wp:attachment":[{"href":"http:\/\/www.efj.press\/nicolasroxo\/wp-json\/wp\/v2\/media?parent=48"}],"curies":[{"name":"wp","href":"https:\/\/api.w.org\/{rel}","templated":true}]}}