{"id":38,"date":"2016-11-09T15:41:37","date_gmt":"2016-11-09T14:41:37","guid":{"rendered":"http:\/\/www.efj.press\/nicolasroxo\/?page_id=38"},"modified":"2016-12-07T20:28:24","modified_gmt":"2016-12-07T19:28:24","slug":"mojo","status":"publish","type":"page","link":"http:\/\/www.efj.press\/nicolasroxo\/works\/mojo\/","title":{"rendered":"Mojo"},"content":{"rendered":"<p>Dans cette rubrique vous retrouverez des vid\u00e9os r\u00e9alis\u00e9s par moi m\u00eame, alliant vid\u00e9o et article.<\/p>\n<p><iframe loading=\"lazy\" width=\"474\" height=\"267\" src=\"https:\/\/www.youtube.com\/embed\/Y6OeNZDLV_Y?feature=oembed\" frameborder=\"0\" allowfullscreen><\/iframe><\/p>\n<p>Vid\u00e9o d&rsquo;un Am\u00e9ricain, nous disant son avis sur les \u00e9lections am\u00e9ricaines. Son vote et ce qu&rsquo;il pense du pays aujourd&rsquo;hui.<\/p>\n","protected":false},"excerpt":{"rendered":"<p>Dans cette rubrique vous retrouverez des vid\u00e9os r\u00e9alis\u00e9s par moi m\u00eame, alliant vid\u00e9o et article. Vid\u00e9o d&rsquo;un Am\u00e9ricain, nous disant son avis sur les \u00e9lections am\u00e9ricaines. Son vote et ce qu&rsquo;il pense du pays aujourd&rsquo;hui.<\/p>\n","protected":false},"author":140,"featured_media":0,"parent":36,"menu_order":0,"comment_status":"closed","ping_status":"closed","template":"","meta":{"footnotes":""},"_links":{"self":[{"href":"http:\/\/www.efj.press\/nicolasroxo\/wp-json\/wp\/v2\/pages\/38"}],"collection":[{"href":"http:\/\/www.efj.press\/nicolasroxo\/wp-json\/wp\/v2\/pages"}],"about":[{"href":"http:\/\/www.efj.press\/nicolasroxo\/wp-json\/wp\/v2\/types\/page"}],"author":[{"embeddable":true,"href":"http:\/\/www.efj.press\/nicolasroxo\/wp-json\/wp\/v2\/users\/140"}],"replies":[{"embeddable":true,"href":"http:\/\/www.efj.press\/nicolasroxo\/wp-json\/wp\/v2\/comments?post=38"}],"version-history":[{"count":7,"href":"http:\/\/www.efj.press\/nicolasroxo\/wp-json\/wp\/v2\/pages\/38\/revisions"}],"predecessor-version":[{"id":121,"href":"http:\/\/www.efj.press\/nicolasroxo\/wp-json\/wp\/v2\/pages\/38\/revisions\/121"}],"up":[{"embeddable":true,"href":"http:\/\/www.efj.press\/nicolasroxo\/wp-json\/wp\/v2\/pages\/36"}],"wp:attachment":[{"href":"http:\/\/www.efj.press\/nicolasroxo\/wp-json\/wp\/v2\/media?parent=38"}],"curies":[{"name":"wp","href":"https:\/\/api.w.org\/{rel}","templated":true}]}}