{"id":11,"date":"2016-11-09T15:12:01","date_gmt":"2016-11-09T14:12:01","guid":{"rendered":"http:\/\/www.efj.press\/mathislevieux\/?page_id=11"},"modified":"2016-11-30T15:55:24","modified_gmt":"2016-11-30T14:55:24","slug":"accueil","status":"publish","type":"page","link":"http:\/\/www.efj.press\/mathislevieux\/","title":{"rendered":"Accueil"},"content":{"rendered":"<blockquote><p><strong>Bienvenue sur le blog de Mathis Levieux !<\/strong><\/p><\/blockquote>\n<ul>\n<li>Etudiant en premi\u00e8re ann\u00e9e de journalisme \u00e0 l&rsquo;EFJ Paris<\/li>\n<li>Chroniqueur radio et r\u00e9dacteur web pour le site Equalizer<\/li>\n<\/ul>\n<p>Retrouvez sur ce blog tous mes articles et reportages pour l&rsquo;EFJ mais \u00e9galement pour Equalizer Mag.<\/p>\n<p>Twitter :\u00a0<a href=\"https:\/\/twitter.com\/MathisLevieux\">https:\/\/twitter.com\/MathisLevieux<\/a><\/p>\n<p>LinkedIn :\u00a0<a href=\"https:\/\/fr.linkedin.com\/in\/mathis-levieux-0a527612b\">https:\/\/fr.linkedin.com\/in\/mathis-levieux-0a527612b<\/a><\/p>\n","protected":false},"excerpt":{"rendered":"<p>Bienvenue sur le blog de Mathis Levieux ! Etudiant en premi\u00e8re ann\u00e9e de journalisme \u00e0 l&rsquo;EFJ Paris Chroniqueur radio et r\u00e9dacteur web pour le site Equalizer Retrouvez sur ce blog tous mes articles et reportages pour l&rsquo;EFJ mais \u00e9galement pour Equalizer Mag. Twitter :\u00a0https:\/\/twitter.com\/MathisLevieux LinkedIn :\u00a0https:\/\/fr.linkedin.com\/in\/mathis-levieux-0a527612b<\/p>\n","protected":false},"author":132,"featured_media":88,"parent":0,"menu_order":0,"comment_status":"closed","ping_status":"closed","template":"","meta":{"footnotes":""},"_links":{"self":[{"href":"http:\/\/www.efj.press\/mathislevieux\/wp-json\/wp\/v2\/pages\/11"}],"collection":[{"href":"http:\/\/www.efj.press\/mathislevieux\/wp-json\/wp\/v2\/pages"}],"about":[{"href":"http:\/\/www.efj.press\/mathislevieux\/wp-json\/wp\/v2\/types\/page"}],"author":[{"embeddable":true,"href":"http:\/\/www.efj.press\/mathislevieux\/wp-json\/wp\/v2\/users\/132"}],"replies":[{"embeddable":true,"href":"http:\/\/www.efj.press\/mathislevieux\/wp-json\/wp\/v2\/comments?post=11"}],"version-history":[{"count":13,"href":"http:\/\/www.efj.press\/mathislevieux\/wp-json\/wp\/v2\/pages\/11\/revisions"}],"predecessor-version":[{"id":112,"href":"http:\/\/www.efj.press\/mathislevieux\/wp-json\/wp\/v2\/pages\/11\/revisions\/112"}],"wp:featuredmedia":[{"embeddable":true,"href":"http:\/\/www.efj.press\/mathislevieux\/wp-json\/wp\/v2\/media\/88"}],"wp:attachment":[{"href":"http:\/\/www.efj.press\/mathislevieux\/wp-json\/wp\/v2\/media?parent=11"}],"curies":[{"name":"wp","href":"https:\/\/api.w.org\/{rel}","templated":true}]}}