{"id":302,"date":"2019-06-09T21:06:57","date_gmt":"2019-06-09T20:06:57","guid":{"rendered":"http:\/\/www.efj.press\/leopoldmacondauxerre\/?page_id=302"},"modified":"2019-06-10T12:30:38","modified_gmt":"2019-06-10T11:30:38","slug":"2-compte-rendu-des-missions-accomplies-en-tant-que-stagiaire","status":"publish","type":"page","link":"http:\/\/www.efj.press\/leopoldmacondauxerre\/rapport-de-stage\/numerama\/2-compte-rendu-des-missions-accomplies-en-tant-que-stagiaire\/","title":{"rendered":"(2) Compte-rendu d&rsquo;une journ\u00e9e chez Numerama"},"content":{"rendered":"<p><strong>Un journaliste stagiaire chez Numerama se doit non seulement d&rsquo;\u00e9crire des articles sur de l&rsquo;information \u00ab\u00a0chaude\u00a0\u00bb, mais aussi de r\u00e9fl\u00e9chir \u00e0 des papiers de fond. L&rsquo;une des journ\u00e9es de L\u00e9opold Ma\u00e7on-Dauxerre refl\u00e8te bien toutes les missions qu&rsquo;est amen\u00e9e \u00e0 accomplir une personne \u00e0 ce poste. En voici un compte-rendu \u00e0 la mani\u00e8re du Monde.<\/strong><\/p>\n<p>Le\u00a06 juin \u00e0\u00a0 9h30<\/p>\n<p>L\u00e9opold arrive \u00e0 la r\u00e9daction o\u00f9 se trouvent d\u00e9j\u00e0 Marie Turcan, sa r\u00e9dactrice en chef, et sa coll\u00e8gue Nelly Lesage. Comme chaque matin, sa premi\u00e8re t\u00e2che est de faire une revue de la presse internationale pour trouver un sujet d&rsquo;article susceptible d&rsquo;int\u00e9resser les lecteurs de Numerama. Il doit ensuite les proposer sur Trello, une plateforme de gestion de projets en ligne utilis\u00e9e par toute la r\u00e9daction.<\/p>\n<hr \/>\n<p>Le 6 juin \u00a0\u00e0 9h40<\/p>\n<p>Apr\u00e8s dix minutes de recherche, Marie interrompt finalement L\u00e9opold. Un porte-parole Youtube lui a transmis des informations concernant des changements de r\u00e8gles importants sur la plateforme et elle veut que son stagiaire s&rsquo;en charge. La r\u00e9daction de l&rsquo;article commence.<\/p>\n<hr \/>\n<p>Le\u00a06 juin \u00e0 11h<\/p>\n<p>Une fois son article termin\u00e9, L\u00e9opold le met en relecture (afin qu&rsquo;il soit relu par Marie avant publication) et l&rsquo;indique sur Trello. En temps normal, il devrait commencer un nouveau\u00a0papier \u00ab\u00a0chaud\u00a0\u00bb car chaque matin\u00e9e est d\u00e9di\u00e9e aux informations r\u00e9centes.<\/p>\n<blockquote data-secret=\"2tSaHbvOHQ\" class=\"wp-embedded-content\"><p><a href=\"https:\/\/www.numerama.com\/tech\/523114-youtube-change-ses-regles-dutilisation-pour-bannir-les-nazis-et-les-supremacistes-blancs.html\">\u00c0 lire sur Numerama : Youtube change ses r\u00e8gles d&rsquo;utilisation pour bannir les nazis et les supr\u00e9macistes blancs<\/a><\/p><\/blockquote>\n<p><iframe class=\"wp-embedded-content\" sandbox=\"allow-scripts\" security=\"restricted\" style=\"position: absolute; clip: rect(1px, 1px, 1px, 1px);\" src=\"https:\/\/www.numerama.com\/tech\/523114-youtube-change-ses-regles-dutilisation-pour-bannir-les-nazis-et-les-supremacistes-blancs.html\/embed\/#?secret=2tSaHbvOHQ\" data-secret=\"2tSaHbvOHQ\" width=\"474\" height=\"267\" title=\"\u00ab\u00a0\u00c0 lire sur Numerama : Youtube change ses r\u00e8gles d&rsquo;utilisation pour bannir les nazis et les supr\u00e9macistes blancs\u00a0\u00bb &#8212; Numerama\" frameborder=\"0\" marginwidth=\"0\" marginheight=\"0\" scrolling=\"no\"><\/iframe><\/p>\n<p>Cette fois-ci, il doit r\u00e9diger une \u00ab\u00a0coquille\u00a0\u00bb, un article dans lequel on laisse des trous afin de le remplir plus tard quand des informations concr\u00e8tes auront \u00e9t\u00e9 r\u00e9v\u00e9l\u00e9es. Dans ce cas pr\u00e9cis,\u00a0il attend d&rsquo;en savoir plus sur la r\u00e9gulation des trottinettes \u00e9lectriques \u00e0 Paris dont Anne Hidalgo parlera lors d&rsquo;une conf\u00e9rence de presse dans l&rsquo;apr\u00e8s-midi.<\/p>\n<hr \/>\n<p>Le\u00a06 juin \u00e0 12h30<\/p>\n<p>La coquille est pr\u00eate. L\u00e9opold et les autres r\u00e9dacteurs partent d\u00e9jeuner. Cette pause est aussi l&rsquo;occasion de se d\u00e9tendre \u00e0 plusieurs autour d&rsquo;une s\u00e9rie ou d&rsquo;un jeu.<\/p>\n<figure id=\"attachment_335\" aria-describedby=\"caption-attachment-335\" style=\"width: 725px\" class=\"wp-caption aligncenter\"><img loading=\"lazy\" decoding=\"async\" class=\"size-full wp-image-335\" src=\"http:\/\/www.efj.press\/leopoldmacondauxerre\/wp-content\/uploads\/sites\/153\/2019\/06\/mario-kart.jpg\" alt=\"Une petite partie de Mario Kart.\" width=\"725\" height=\"480\" srcset=\"http:\/\/www.efj.press\/leopoldmacondauxerre\/wp-content\/uploads\/sites\/153\/2019\/06\/mario-kart.jpg 725w, http:\/\/www.efj.press\/leopoldmacondauxerre\/wp-content\/uploads\/sites\/153\/2019\/06\/mario-kart-300x199.jpg 300w\" sizes=\"(max-width: 725px) 100vw, 725px\" \/><figcaption id=\"caption-attachment-335\" class=\"wp-caption-text\">Une petite partie de Mario Kart.<\/figcaption><\/figure>\n<hr \/>\n<p>Le 6 juin\u00a0\u00e0 13h<\/p>\n<p>Apr\u00e8s la pause, L\u00e9opold commence \u00e0 \u00e9crire un article sur Futur.e.s, un festival qui d\u00e9marre la semaine suivante. Il ne sera pas publi\u00e9 tout de suite, mais pendant le weekend. Les r\u00e9dacteurs ne travaillant pas le samedi et le dimanche, des articles \u00ab\u00a0froids\u00a0\u00bb doivent \u00eatre pr\u00e9par\u00e9s \u00e0 l&rsquo;avance chaque semaine.<\/p>\n<hr \/>\n<p>Le\u00a06 juin \u00e0 15h<\/p>\n<p>Apr\u00e8s avoir fini son article, L\u00e9opold se rend \u00e0 l&rsquo;H\u00f4tel de Ville pour assister \u00e0 la conf\u00e9rence de presse d&rsquo;Anne Hidalgo. Pendant que la maire donne des informations sur les trottinettes, il r\u00e9dige en vitesse des tweets pour le compte officiel de Numerama. Il transmet en m\u00eame temps les infos les plus importantes \u00e0 ses coll\u00e8gues pour qu&rsquo;ils puissent compl\u00e9ter son article et le publier dans la foul\u00e9e.<\/p>\n<figure id=\"attachment_333\" aria-describedby=\"caption-attachment-333\" style=\"width: 1140px\" class=\"wp-caption aligncenter\"><img loading=\"lazy\" decoding=\"async\" class=\"size-full wp-image-333\" src=\"http:\/\/www.efj.press\/leopoldmacondauxerre\/wp-content\/uploads\/sites\/153\/2019\/06\/conf-de-presse.jpg\" alt=\"La conf\u00e9rence de presse d'Anne Hidalgo.\" width=\"1140\" height=\"652\" srcset=\"http:\/\/www.efj.press\/leopoldmacondauxerre\/wp-content\/uploads\/sites\/153\/2019\/06\/conf-de-presse.jpg 1140w, http:\/\/www.efj.press\/leopoldmacondauxerre\/wp-content\/uploads\/sites\/153\/2019\/06\/conf-de-presse-300x172.jpg 300w, http:\/\/www.efj.press\/leopoldmacondauxerre\/wp-content\/uploads\/sites\/153\/2019\/06\/conf-de-presse-768x439.jpg 768w, http:\/\/www.efj.press\/leopoldmacondauxerre\/wp-content\/uploads\/sites\/153\/2019\/06\/conf-de-presse-1024x586.jpg 1024w\" sizes=\"(max-width: 1140px) 100vw, 1140px\" \/><figcaption id=\"caption-attachment-333\" class=\"wp-caption-text\">La conf\u00e9rence de presse d&rsquo;Anne Hidalgo.<\/figcaption><\/figure>\n<hr \/>\n<p>Le\u00a06 juin\u00a0\u00e0 16h30<\/p>\n<p>Une fois la conf\u00e9rence termin\u00e9e, L\u00e9opold est retourn\u00e9 \u00e0 sa r\u00e9daction. Le site tourne bien et il n&rsquo;est donc pas n\u00e9cessaire de chercher \u00e0 \u00e9crire plus de papiers \u00ab\u00a0chauds\u00a0\u00bb aujourd&rsquo;hui.<\/p>\n<p>L\u00e9opold passe donc \u00e0 une autre partie importante de son travail : la recherche et la r\u00e9daction d&rsquo;articles de fond. Pour finir sa journ\u00e9e, il envoie donc des mails, passe des coups de fil \u00e0 plusieurs personnes\u00a0et organise\u00a0des interviews pour pr\u00e9parer un sujet sur le crunch dans les studios de jeux vid\u00e9o fran\u00e7ais.<\/p>\n<hr \/>\n<p>Le\u00a06 juin \u00e0 18h30<\/p>\n<p>La journ\u00e9e de L\u00e9opold prend fin.\u00a0Son article de fond n&rsquo;avait aucune chance d&rsquo;\u00eatre pr\u00eat pour ce soir mais les interviews qu&rsquo;il a organis\u00e9es lui permettront d&rsquo;avoir suffisamment de mati\u00e8re pour commencer \u00e0 \u00e9crire la semaine suivante. Pour l&rsquo;instant, il est temps de se reposer.<\/p>\n","protected":false},"excerpt":{"rendered":"<p>Un journaliste stagiaire chez Numerama se doit non seulement d&rsquo;\u00e9crire des articles sur de l&rsquo;information \u00ab\u00a0chaude\u00a0\u00bb, mais aussi de r\u00e9fl\u00e9chir \u00e0 des papiers de fond. L&rsquo;une des journ\u00e9es de L\u00e9opold Ma\u00e7on-Dauxerre refl\u00e8te bien toutes les missions qu&rsquo;est amen\u00e9e \u00e0 accomplir une personne \u00e0 ce poste. En voici un compte-rendu \u00e0 la mani\u00e8re du Monde. Le\u00a06 &hellip; <a href=\"http:\/\/www.efj.press\/leopoldmacondauxerre\/rapport-de-stage\/numerama\/2-compte-rendu-des-missions-accomplies-en-tant-que-stagiaire\/\" class=\"more-link\">Continuer la lecture de <span class=\"screen-reader-text\">(2) Compte-rendu d&rsquo;une journ\u00e9e chez Numerama<\/span>  <span class=\"meta-nav\">&rarr;<\/span><\/a><\/p>\n","protected":false},"author":133,"featured_media":340,"parent":283,"menu_order":0,"comment_status":"closed","ping_status":"closed","template":"","meta":{"footnotes":""},"_links":{"self":[{"href":"http:\/\/www.efj.press\/leopoldmacondauxerre\/wp-json\/wp\/v2\/pages\/302"}],"collection":[{"href":"http:\/\/www.efj.press\/leopoldmacondauxerre\/wp-json\/wp\/v2\/pages"}],"about":[{"href":"http:\/\/www.efj.press\/leopoldmacondauxerre\/wp-json\/wp\/v2\/types\/page"}],"author":[{"embeddable":true,"href":"http:\/\/www.efj.press\/leopoldmacondauxerre\/wp-json\/wp\/v2\/users\/133"}],"replies":[{"embeddable":true,"href":"http:\/\/www.efj.press\/leopoldmacondauxerre\/wp-json\/wp\/v2\/comments?post=302"}],"version-history":[{"count":6,"href":"http:\/\/www.efj.press\/leopoldmacondauxerre\/wp-json\/wp\/v2\/pages\/302\/revisions"}],"predecessor-version":[{"id":348,"href":"http:\/\/www.efj.press\/leopoldmacondauxerre\/wp-json\/wp\/v2\/pages\/302\/revisions\/348"}],"up":[{"embeddable":true,"href":"http:\/\/www.efj.press\/leopoldmacondauxerre\/wp-json\/wp\/v2\/pages\/283"}],"wp:featuredmedia":[{"embeddable":true,"href":"http:\/\/www.efj.press\/leopoldmacondauxerre\/wp-json\/wp\/v2\/media\/340"}],"wp:attachment":[{"href":"http:\/\/www.efj.press\/leopoldmacondauxerre\/wp-json\/wp\/v2\/media?parent=302"}],"curies":[{"name":"wp","href":"https:\/\/api.w.org\/{rel}","templated":true}]}}

(2) Compte-rendu d&rsquo;une journée chez Numerama

<p><strong>Un journaliste stagiaire chez Numerama se doit non seulement d&rsquo;écrire des articles sur de l&rsquo;information « chaude », mais aussi de réfléchir à des papiers de fond. L&rsquo;une des journées de Léopold Maçon-Dauxerre reflète bien toutes les missions qu&rsquo;est amenée à accomplir une personne à ce poste. En voici un compte-rendu à la manière du Monde.</strong></p>
<p>Le 6 juin à  9h30</p>
<p>Léopold arrive à la rédaction où se trouvent déjà Marie Turcan, sa rédactrice en chef, et sa collègue Nelly Lesage. Comme chaque matin, sa première tâche est de faire une revue de la presse internationale pour trouver un sujet d&rsquo;article susceptible d&rsquo;intéresser les lecteurs de Numerama. Il doit ensuite les proposer sur Trello, une plateforme de gestion de projets en ligne utilisée par toute la rédaction.</p>
<hr />
<p>Le 6 juin  à 9h40</p>
<p>Après dix minutes de recherche, Marie interrompt finalement Léopold. Un porte-parole Youtube lui a transmis des informations concernant des changements de règles importants sur la plateforme et elle veut que son stagiaire s&rsquo;en charge. La rédaction de l&rsquo;article commence.</p>
<hr />
<p>Le 6 juin à 11h</p>
<p>Une fois son article terminé, Léopold le met en relecture (afin qu&rsquo;il soit relu par Marie avant publication) et l&rsquo;indique sur Trello. En temps normal, il devrait commencer un nouveau papier « chaud » car chaque matinée est dédiée aux informations récentes.</p>
<blockquote data-secret="2tSaHbvOHQ" class="wp-embedded-content"><p><a href="https://www.numerama.com/tech/523114-youtube-change-ses-regles-dutilisation-pour-bannir-les-nazis-et-les-supremacistes-blancs.html">À lire sur Numerama : Youtube change ses règles d&rsquo;utilisation pour bannir les nazis et les suprémacistes blancs</a></p></blockquote>
<p><iframe class="wp-embedded-content" sandbox="allow-scripts" security="restricted" style="position: absolute; clip: rect(1px, 1px, 1px, 1px);" src="https://www.numerama.com/tech/523114-youtube-change-ses-regles-dutilisation-pour-bannir-les-nazis-et-les-supremacistes-blancs.html/embed/#?secret=2tSaHbvOHQ" data-secret="2tSaHbvOHQ" width="474" height="267" title="« À lire sur Numerama : Youtube change ses règles d&rsquo;utilisation pour bannir les nazis et les suprémacistes blancs » &#8212; Numerama" frameborder="0" marginwidth="0" marginheight="0" scrolling="no"></iframe></p>
<p>Cette fois-ci, il doit rédiger une « coquille », un article dans lequel on laisse des trous afin de le remplir plus tard quand des informations concrètes auront été révélées. Dans ce cas précis, il attend d&rsquo;en savoir plus sur la régulation des trottinettes électriques à Paris dont Anne Hidalgo parlera lors d&rsquo;une conférence de presse dans l&rsquo;après-midi.</p>
<hr />
<p>Le 6 juin à 12h30</p>
<p>La coquille est prête. Léopold et les autres rédacteurs partent déjeuner. Cette pause est aussi l&rsquo;occasion de se détendre à plusieurs autour d&rsquo;une série ou d&rsquo;un jeu.</p>
<figure id="attachment_335" aria-describedby="caption-attachment-335" style="width: 725px" class="wp-caption aligncenter"><img loading="lazy" decoding="async" class="size-full wp-image-335" src="http://www.efj.press/leopoldmacondauxerre/wp-content/uploads/sites/153/2019/06/mario-kart.jpg" alt="Une petite partie de Mario Kart." width="725" height="480" srcset="http://www.efj.press/leopoldmacondauxerre/wp-content/uploads/sites/153/2019/06/mario-kart.jpg 725w, http://www.efj.press/leopoldmacondauxerre/wp-content/uploads/sites/153/2019/06/mario-kart-300x199.jpg 300w" sizes="(max-width: 725px) 100vw, 725px" /><figcaption id="caption-attachment-335" class="wp-caption-text">Une petite partie de Mario Kart.</figcaption></figure>
<hr />
<p>Le 6 juin à 13h</p>
<p>Après la pause, Léopold commence à écrire un article sur Futur.e.s, un festival qui démarre la semaine suivante. Il ne sera pas publié tout de suite, mais pendant le weekend. Les rédacteurs ne travaillant pas le samedi et le dimanche, des articles « froids » doivent être préparés à l&rsquo;avance chaque semaine.</p>
<hr />
<p>Le 6 juin à 15h</p>
<p>Après avoir fini son article, Léopold se rend à l&rsquo;Hôtel de Ville pour assister à la conférence de presse d&rsquo;Anne Hidalgo. Pendant que la maire donne des informations sur les trottinettes, il rédige en vitesse des tweets pour le compte officiel de Numerama. Il transmet en même temps les infos les plus importantes à ses collègues pour qu&rsquo;ils puissent compléter son article et le publier dans la foulée.</p>
<figure id="attachment_333" aria-describedby="caption-attachment-333" style="width: 1140px" class="wp-caption aligncenter"><img loading="lazy" decoding="async" class="size-full wp-image-333" src="http://www.efj.press/leopoldmacondauxerre/wp-content/uploads/sites/153/2019/06/conf-de-presse.jpg" alt="La conférence de presse d'Anne Hidalgo." width="1140" height="652" srcset="http://www.efj.press/leopoldmacondauxerre/wp-content/uploads/sites/153/2019/06/conf-de-presse.jpg 1140w, http://www.efj.press/leopoldmacondauxerre/wp-content/uploads/sites/153/2019/06/conf-de-presse-300x172.jpg 300w, http://www.efj.press/leopoldmacondauxerre/wp-content/uploads/sites/153/2019/06/conf-de-presse-768x439.jpg 768w, http://www.efj.press/leopoldmacondauxerre/wp-content/uploads/sites/153/2019/06/conf-de-presse-1024x586.jpg 1024w" sizes="(max-width: 1140px) 100vw, 1140px" /><figcaption id="caption-attachment-333" class="wp-caption-text">La conférence de presse d&rsquo;Anne Hidalgo.</figcaption></figure>
<hr />
<p>Le 6 juin à 16h30</p>
<p>Une fois la conférence terminée, Léopold est retourné à sa rédaction. Le site tourne bien et il n&rsquo;est donc pas nécessaire de chercher à écrire plus de papiers « chauds » aujourd&rsquo;hui.</p>
<p>Léopold passe donc à une autre partie importante de son travail : la recherche et la rédaction d&rsquo;articles de fond. Pour finir sa journée, il envoie donc des mails, passe des coups de fil à plusieurs personnes et organise des interviews pour préparer un sujet sur le crunch dans les studios de jeux vidéo français.</p>
<hr />
<p>Le 6 juin à 18h30</p>
<p>La journée de Léopold prend fin. Son article de fond n&rsquo;avait aucune chance d&rsquo;être prêt pour ce soir mais les interviews qu&rsquo;il a organisées lui permettront d&rsquo;avoir suffisamment de matière pour commencer à écrire la semaine suivante. Pour l&rsquo;instant, il est temps de se reposer.</p>

<p>Un journaliste stagiaire chez Numerama se doit non seulement d&rsquo;écrire des articles sur de l&rsquo;information « chaude », mais aussi de réfléchir à des papiers de fond. L&rsquo;une des journées de Léopold Maçon-Dauxerre reflète bien toutes les missions qu&rsquo;est amenée à accomplir une personne à ce poste. En voici un compte-rendu à la manière du Monde. Le 6 &hellip; <a href="http://www.efj.press/leopoldmacondauxerre/rapport-de-stage/numerama/2-compte-rendu-des-missions-accomplies-en-tant-que-stagiaire/" class="more-link">Continuer la lecture de <span class="screen-reader-text">(2) Compte-rendu d&rsquo;une journée chez Numerama</span>  <span class="meta-nav">&rarr;</span></a></p>
