{"id":287,"date":"2019-06-05T21:17:30","date_gmt":"2019-06-05T20:17:30","guid":{"rendered":"http:\/\/www.efj.press\/leopoldmacondauxerre\/?page_id=287"},"modified":"2019-06-10T12:31:04","modified_gmt":"2019-06-10T11:31:04","slug":"presentation-dune-situation-particuliere-la-conference-de-redaction","status":"publish","type":"page","link":"http:\/\/www.efj.press\/leopoldmacondauxerre\/rapport-de-stage\/numerama\/presentation-dune-situation-particuliere-la-conference-de-redaction\/","title":{"rendered":"(4) Pr\u00e9sentation d&rsquo;une situation particuli\u00e8re : la conf\u00e9rence de r\u00e9daction"},"content":{"rendered":"<p><strong>Comme toutes les r\u00e9dactions, celle de Numerama a besoin d&rsquo;organiser une conf\u00e9rence pour faire le point et fixer les objectifs \u00e0 atteindre dans le futur proche. En nous invitant \u00e0 la table de la r\u00e9daction, nous avons pu d\u00e9couvrir comment se d\u00e9roulait cette r\u00e9union.\u00a0<\/strong><\/p>\n<p>En ce d\u00e9but de mois de mai 2019, le soleil a enfin point\u00e9 le bout de son nez et la chaleur est au rendez-vous. Pr\u00e9cis\u00e9ment le temps qui ne donne pas envie de s&rsquo;enfermer dans une petite pi\u00e8ce, mais c&rsquo;est pourtant ce que font les membres de la r\u00e9daction de Numerama. Autour de la table, cinq personnes sont pr\u00e9sentes :\u00a0 Julien Cadot, Nelly Lesage, Perrine Signoret, Louise Audry, L\u00e9opold Ma\u00e7on-Dauxerre et Marie Turcan, la r\u00e9dactrice en chef du m\u00e9dia depuis \u00e0 peine plus d&rsquo;un mois. C&rsquo;est elle qui a la parole en premi\u00e8re : \u00ab\u00a0<em>Bon, j&rsquo;appelle Maxime et Julien et on\u00a0fait \u00e7a vite<\/em>.\u00a0\u00bb La r\u00e9daction n&rsquo;est en effet pas compl\u00e8te sans Maxime Claudel et Julien Lausson, les deux journalistes en t\u00e9l\u00e9travail de Numerama.<\/p>\n<figure id=\"attachment_337\" aria-describedby=\"caption-attachment-337\" style=\"width: 358px\" class=\"wp-caption aligncenter\"><img loading=\"lazy\" decoding=\"async\" class=\"size-full wp-image-337\" src=\"http:\/\/www.efj.press\/leopoldmacondauxerre\/wp-content\/uploads\/sites\/153\/2019\/06\/marie-turcan-num.jpg\" alt=\"Marie Turcan, r\u00e9dactrice en chef de Numerama. \" width=\"358\" height=\"467\" srcset=\"http:\/\/www.efj.press\/leopoldmacondauxerre\/wp-content\/uploads\/sites\/153\/2019\/06\/marie-turcan-num.jpg 358w, http:\/\/www.efj.press\/leopoldmacondauxerre\/wp-content\/uploads\/sites\/153\/2019\/06\/marie-turcan-num-230x300.jpg 230w\" sizes=\"(max-width: 358px) 100vw, 358px\" \/><figcaption id=\"caption-attachment-337\" class=\"wp-caption-text\">Marie Turcan, r\u00e9dactrice en chef de Numerama.<\/figcaption><\/figure>\n<h1>Le point sur les chiffres<\/h1>\n<p>Une fois la liaison, tr\u00e8s approximative, effectu\u00e9e via Skype, la r\u00e9union peut commencer avec une bonne nouvelle : \u00ab\u00a0<em>On peut se f\u00e9liciter du travail pour le mois d&rsquo;avril\u00a0\u00bb<\/em> dit Marie<em>. \u00ab\u00a0On a\u00a0d\u00e9pass\u00e9 les 4,3 millions de visiteurs uniques. C&rsquo;est un record pour nous.<\/em>\u00a0\u00bb Chez Numerama, c&rsquo;est toujours ainsi que commence la conf\u00e9rence de r\u00e9daction mensuelle : un point sur les chiffres du mois pass\u00e9. Ces derniers temps, le moral est au beau fixe puisque les chiffres en question d\u00e9passent les estimations.<\/p>\n<h1>Ce que r\u00e9serve le futur<\/h1>\n<p>S&rsquo;ils sont fiers des r\u00e9sultats de leur travail, les membres de Numerama n&rsquo;ont pas le temps de se r\u00e9jouir puisque Marie encha\u00eene tr\u00e8s vite : \u00ab\u00a0<em>Maintenant qu&rsquo;on a vu les chiffres, dites-moi tous ce que vous faites en mai.<\/em>\u00a0\u00bb Cette phrase marque le d\u00e9but de la seconde et plus longue phase de la r\u00e9union : l&rsquo;organisation du mois \u00e0 venir. Elle commence par un tour de table pendant lequel chacun annonce les \u00e9v\u00e9nements auxquels il ou elle assistera dans les prochaines semaines et les articles de fond qui seront r\u00e9dig\u00e9s ou produits en vid\u00e9o. Julien L. pr\u00e9pare des papiers li\u00e9s \u00e0 la fin de Game of Thrones, L\u00e9opold se rendra \u00e0 une avant-premi\u00e8re de la s\u00e9rie Good Omens, Nelly organise des interviews pour parler des \u00e9toiles filantes et ainsi de suite.<\/p>\n<figure id=\"attachment_338\" aria-describedby=\"caption-attachment-338\" style=\"width: 1303px\" class=\"wp-caption aligncenter\"><img loading=\"lazy\" decoding=\"async\" class=\"size-full wp-image-338\" src=\"http:\/\/www.efj.press\/leopoldmacondauxerre\/wp-content\/uploads\/sites\/153\/2019\/06\/\u00e9quipe-Numerama.jpg\" alt=\"L'\u00e9quipe Numerama presque au complet.\" width=\"1303\" height=\"724\" srcset=\"http:\/\/www.efj.press\/leopoldmacondauxerre\/wp-content\/uploads\/sites\/153\/2019\/06\/\u00e9quipe-Numerama.jpg 1303w, http:\/\/www.efj.press\/leopoldmacondauxerre\/wp-content\/uploads\/sites\/153\/2019\/06\/\u00e9quipe-Numerama-300x167.jpg 300w, http:\/\/www.efj.press\/leopoldmacondauxerre\/wp-content\/uploads\/sites\/153\/2019\/06\/\u00e9quipe-Numerama-768x427.jpg 768w, http:\/\/www.efj.press\/leopoldmacondauxerre\/wp-content\/uploads\/sites\/153\/2019\/06\/\u00e9quipe-Numerama-1024x569.jpg 1024w, http:\/\/www.efj.press\/leopoldmacondauxerre\/wp-content\/uploads\/sites\/153\/2019\/06\/\u00e9quipe-Numerama-672x372.jpg 672w, http:\/\/www.efj.press\/leopoldmacondauxerre\/wp-content\/uploads\/sites\/153\/2019\/06\/\u00e9quipe-Numerama-1038x576.jpg 1038w\" sizes=\"(max-width: 1303px) 100vw, 1303px\" \/><figcaption id=\"caption-attachment-338\" class=\"wp-caption-text\">L&rsquo;\u00e9quipe Numerama presque au complet.<\/figcaption><\/figure>\n<p>Une fois le planning organis\u00e9, chacun s&rsquo;appr\u00eate \u00e0 se lever pour (enfin) aller d\u00e9jeuner. Mais pas avant que Julien Cadot, ancien r\u00e9dacteur en chef de Numerama, ne fasse une derni\u00e8re r\u00e9flexion : <em>\u00ab\u00a0N&rsquo;oubliez pas l&rsquo;importance de la tech hein. C&rsquo;est \u00e7a qui attire une grosse partie de notre audience.\u00a0\u00bb <\/em>Il faut dire que les derniers mois ont avant tout \u00e9t\u00e9 rythm\u00e9s par la pop-culture, ce qui ne pla\u00eet pas \u00e0 tous les lecteurs. Reste \u00e0 voir si les journalistes parviendront \u00e0 rendre les th\u00e8mes des publications plus\u00a0vari\u00e9s\u00a0ou s&rsquo;il faudra \u00e0 nouveau aborder le sujet lors de la r\u00e9union de juin.<\/p>\n","protected":false},"excerpt":{"rendered":"<p>Comme toutes les r\u00e9dactions, celle de Numerama a besoin d&rsquo;organiser une conf\u00e9rence pour faire le point et fixer les objectifs \u00e0 atteindre dans le futur proche. En nous invitant \u00e0 la table de la r\u00e9daction, nous avons pu d\u00e9couvrir comment se d\u00e9roulait cette r\u00e9union.\u00a0 En ce d\u00e9but de mois de mai 2019, le soleil a &hellip; <a href=\"http:\/\/www.efj.press\/leopoldmacondauxerre\/rapport-de-stage\/numerama\/presentation-dune-situation-particuliere-la-conference-de-redaction\/\" class=\"more-link\">Continuer la lecture de <span class=\"screen-reader-text\">(4) Pr\u00e9sentation d&rsquo;une situation particuli\u00e8re : la conf\u00e9rence de r\u00e9daction<\/span>  <span class=\"meta-nav\">&rarr;<\/span><\/a><\/p>\n","protected":false},"author":133,"featured_media":338,"parent":283,"menu_order":0,"comment_status":"closed","ping_status":"closed","template":"","meta":{"footnotes":""},"_links":{"self":[{"href":"http:\/\/www.efj.press\/leopoldmacondauxerre\/wp-json\/wp\/v2\/pages\/287"}],"collection":[{"href":"http:\/\/www.efj.press\/leopoldmacondauxerre\/wp-json\/wp\/v2\/pages"}],"about":[{"href":"http:\/\/www.efj.press\/leopoldmacondauxerre\/wp-json\/wp\/v2\/types\/page"}],"author":[{"embeddable":true,"href":"http:\/\/www.efj.press\/leopoldmacondauxerre\/wp-json\/wp\/v2\/users\/133"}],"replies":[{"embeddable":true,"href":"http:\/\/www.efj.press\/leopoldmacondauxerre\/wp-json\/wp\/v2\/comments?post=287"}],"version-history":[{"count":9,"href":"http:\/\/www.efj.press\/leopoldmacondauxerre\/wp-json\/wp\/v2\/pages\/287\/revisions"}],"predecessor-version":[{"id":351,"href":"http:\/\/www.efj.press\/leopoldmacondauxerre\/wp-json\/wp\/v2\/pages\/287\/revisions\/351"}],"up":[{"embeddable":true,"href":"http:\/\/www.efj.press\/leopoldmacondauxerre\/wp-json\/wp\/v2\/pages\/283"}],"wp:featuredmedia":[{"embeddable":true,"href":"http:\/\/www.efj.press\/leopoldmacondauxerre\/wp-json\/wp\/v2\/media\/338"}],"wp:attachment":[{"href":"http:\/\/www.efj.press\/leopoldmacondauxerre\/wp-json\/wp\/v2\/media?parent=287"}],"curies":[{"name":"wp","href":"https:\/\/api.w.org\/{rel}","templated":true}]}}

(4) Présentation d&rsquo;une situation particulière : la conférence de rédaction

<p><strong>Comme toutes les rédactions, celle de Numerama a besoin d&rsquo;organiser une conférence pour faire le point et fixer les objectifs à atteindre dans le futur proche. En nous invitant à la table de la rédaction, nous avons pu découvrir comment se déroulait cette réunion. </strong></p>
<p>En ce début de mois de mai 2019, le soleil a enfin pointé le bout de son nez et la chaleur est au rendez-vous. Précisément le temps qui ne donne pas envie de s&rsquo;enfermer dans une petite pièce, mais c&rsquo;est pourtant ce que font les membres de la rédaction de Numerama. Autour de la table, cinq personnes sont présentes :  Julien Cadot, Nelly Lesage, Perrine Signoret, Louise Audry, Léopold Maçon-Dauxerre et Marie Turcan, la rédactrice en chef du média depuis à peine plus d&rsquo;un mois. C&rsquo;est elle qui a la parole en première : « <em>Bon, j&rsquo;appelle Maxime et Julien et on fait ça vite</em>. » La rédaction n&rsquo;est en effet pas complète sans Maxime Claudel et Julien Lausson, les deux journalistes en télétravail de Numerama.</p>
<figure id="attachment_337" aria-describedby="caption-attachment-337" style="width: 358px" class="wp-caption aligncenter"><img loading="lazy" decoding="async" class="size-full wp-image-337" src="http://www.efj.press/leopoldmacondauxerre/wp-content/uploads/sites/153/2019/06/marie-turcan-num.jpg" alt="Marie Turcan, rédactrice en chef de Numerama. " width="358" height="467" srcset="http://www.efj.press/leopoldmacondauxerre/wp-content/uploads/sites/153/2019/06/marie-turcan-num.jpg 358w, http://www.efj.press/leopoldmacondauxerre/wp-content/uploads/sites/153/2019/06/marie-turcan-num-230x300.jpg 230w" sizes="(max-width: 358px) 100vw, 358px" /><figcaption id="caption-attachment-337" class="wp-caption-text">Marie Turcan, rédactrice en chef de Numerama.</figcaption></figure>
<h1>Le point sur les chiffres</h1>
<p>Une fois la liaison, très approximative, effectuée via Skype, la réunion peut commencer avec une bonne nouvelle : « <em>On peut se féliciter du travail pour le mois d&rsquo;avril »</em> dit Marie<em>. « On a dépassé les 4,3 millions de visiteurs uniques. C&rsquo;est un record pour nous.</em> » Chez Numerama, c&rsquo;est toujours ainsi que commence la conférence de rédaction mensuelle : un point sur les chiffres du mois passé. Ces derniers temps, le moral est au beau fixe puisque les chiffres en question dépassent les estimations.</p>
<h1>Ce que réserve le futur</h1>
<p>S&rsquo;ils sont fiers des résultats de leur travail, les membres de Numerama n&rsquo;ont pas le temps de se réjouir puisque Marie enchaîne très vite : « <em>Maintenant qu&rsquo;on a vu les chiffres, dites-moi tous ce que vous faites en mai.</em> » Cette phrase marque le début de la seconde et plus longue phase de la réunion : l&rsquo;organisation du mois à venir. Elle commence par un tour de table pendant lequel chacun annonce les événements auxquels il ou elle assistera dans les prochaines semaines et les articles de fond qui seront rédigés ou produits en vidéo. Julien L. prépare des papiers liés à la fin de Game of Thrones, Léopold se rendra à une avant-première de la série Good Omens, Nelly organise des interviews pour parler des étoiles filantes et ainsi de suite.</p>
<figure id="attachment_338" aria-describedby="caption-attachment-338" style="width: 1303px" class="wp-caption aligncenter"><img loading="lazy" decoding="async" class="size-full wp-image-338" src="http://www.efj.press/leopoldmacondauxerre/wp-content/uploads/sites/153/2019/06/équipe-Numerama.jpg" alt="L'équipe Numerama presque au complet." width="1303" height="724" srcset="http://www.efj.press/leopoldmacondauxerre/wp-content/uploads/sites/153/2019/06/équipe-Numerama.jpg 1303w, http://www.efj.press/leopoldmacondauxerre/wp-content/uploads/sites/153/2019/06/équipe-Numerama-300x167.jpg 300w, http://www.efj.press/leopoldmacondauxerre/wp-content/uploads/sites/153/2019/06/équipe-Numerama-768x427.jpg 768w, http://www.efj.press/leopoldmacondauxerre/wp-content/uploads/sites/153/2019/06/équipe-Numerama-1024x569.jpg 1024w, http://www.efj.press/leopoldmacondauxerre/wp-content/uploads/sites/153/2019/06/équipe-Numerama-672x372.jpg 672w, http://www.efj.press/leopoldmacondauxerre/wp-content/uploads/sites/153/2019/06/équipe-Numerama-1038x576.jpg 1038w" sizes="(max-width: 1303px) 100vw, 1303px" /><figcaption id="caption-attachment-338" class="wp-caption-text">L&rsquo;équipe Numerama presque au complet.</figcaption></figure>
<p>Une fois le planning organisé, chacun s&rsquo;apprête à se lever pour (enfin) aller déjeuner. Mais pas avant que Julien Cadot, ancien rédacteur en chef de Numerama, ne fasse une dernière réflexion : <em>« N&rsquo;oubliez pas l&rsquo;importance de la tech hein. C&rsquo;est ça qui attire une grosse partie de notre audience. » </em>Il faut dire que les derniers mois ont avant tout été rythmés par la pop-culture, ce qui ne plaît pas à tous les lecteurs. Reste à voir si les journalistes parviendront à rendre les thèmes des publications plus variés ou s&rsquo;il faudra à nouveau aborder le sujet lors de la réunion de juin.</p>

<p>Comme toutes les rédactions, celle de Numerama a besoin d&rsquo;organiser une conférence pour faire le point et fixer les objectifs à atteindre dans le futur proche. En nous invitant à la table de la rédaction, nous avons pu découvrir comment se déroulait cette réunion.  En ce début de mois de mai 2019, le soleil a &hellip; <a href="http://www.efj.press/leopoldmacondauxerre/rapport-de-stage/numerama/presentation-dune-situation-particuliere-la-conference-de-redaction/" class="more-link">Continuer la lecture de <span class="screen-reader-text">(4) Présentation d&rsquo;une situation particulière : la conférence de rédaction</span>  <span class="meta-nav">&rarr;</span></a></p>
