{"id":62,"date":"2016-11-30T14:40:41","date_gmt":"2016-11-30T13:40:41","guid":{"rendered":"http:\/\/www.efj.press\/jeremyloison\/?page_id=62"},"modified":"2016-12-07T09:48:19","modified_gmt":"2016-12-07T08:48:19","slug":"mojo","status":"publish","type":"page","link":"http:\/\/www.efj.press\/jeremyloison\/mojo\/","title":{"rendered":"#MOJO"},"content":{"rendered":"<p>&nbsp;<\/p>\n<figure id=\"attachment_21\" aria-describedby=\"caption-attachment-21\" style=\"width: 474px\" class=\"wp-caption aligncenter\"><img loading=\"lazy\" decoding=\"async\" class=\"size-large wp-image-21\" src=\"http:\/\/www.efj.press\/jeremyloison\/wp-content\/uploads\/sites\/162\/2016\/11\/DSC_0065-1024x576.jpg\" alt=\"Salon Presse au Futur\" width=\"474\" height=\"267\" srcset=\"http:\/\/www.efj.press\/jeremyloison\/wp-content\/uploads\/sites\/162\/2016\/11\/DSC_0065-1024x576.jpg 1024w, http:\/\/www.efj.press\/jeremyloison\/wp-content\/uploads\/sites\/162\/2016\/11\/DSC_0065-300x169.jpg 300w, http:\/\/www.efj.press\/jeremyloison\/wp-content\/uploads\/sites\/162\/2016\/11\/DSC_0065-768x432.jpg 768w\" sizes=\"(max-width: 474px) 100vw, 474px\" \/><figcaption id=\"caption-attachment-21\" class=\"wp-caption-text\">Salon Presse au Futur<\/figcaption><\/figure>\n<p>LE FUTUR DE LA PRESSE EN MARCHE !<\/p>\n<p>Voil\u00e0 10 ans que le salon de la presse existe. Une fa\u00e7on pour lui de mettre \u00e0 l\u2019honneur le digital.<\/p>\n<p>Durant deux journ\u00e9es des exposants, commerciaux ou encore journalistes sillonnent le New Cap Event Center. Des nouveaut\u00e9s, des am\u00e9liorations, le salon \u201cau futur\u201d est plein d\u2019id\u00e9es innovantes.<br \/>\nEn majeur partie repr\u00e9sent\u00e9s par des exposants commerciaux, les stands sont \u00e0 la port\u00e9e de tous les visiteurs. Une personne mal inform\u00e9e sur le sujet repars avec des id\u00e9es plus claires. Cependant, la mise en avant du digital et de la num\u00e9risation de la presse peut en perdre plus d\u2019un. Apr\u00e8s avoir assist\u00e9 \u00e0 la conf\u00e9rence du retour d\u2019exp\u00e9rience du groupe AEF\/QWAM, tout n\u2019\u00e9tait pas clair. Logiciels de veille, Big Data ou encore gestion de flux num\u00e9riques\u2026 Il faut s\u2019accrocher.<\/p>\n<p>Aujourd\u2019hui tout se fait sur ordinateur et par internet. Un r\u00e9seau utilis\u00e9 par une r\u00e9daction se doit d\u2019\u00eatre 100% fiable et s\u00e9curis\u00e9. C\u2019est l\u00e0 qu\u2019interviennent les \u00e9diteurs de logiciels, ou de plateformes de stockage. La num\u00e9risation de l\u2019information se r\u00e9v\u00e8le \u00eatre handicapante pour les journalistes n\u2019\u00e9tant pas adeptes des nouvelles technologies. Il faut un logiciel qui g\u00e8re ce flux incessant d\u2019information.<br \/>\nChristian Languoin directeur de QWAM (\u00e9diteur de logiciels de veille et de gestion de flux num\u00e9rique) nous r\u00e9v\u00e8le qu\u2019avec plus de 220 000 sources administr\u00e9es, 8 langues disponibles, les journalistes sont en constante exploitation de flux d\u2019informations web. Les m\u00e9dias sont les premiers clients de ces nouvelles pratiques.<\/p>\n<p>Un futur pas si lointain, tout proche m\u00eame.<\/p>\n<p>Le salon de La Presse Au Futur, ce n\u2019est pas que des innovations dans le secteur de la gestion de flux num\u00e9riques. Le digital apporte un cot\u00e9 ludique assez fascinant. Nous avons pass\u00e9 beaucoup de temps au stand de OnPrint, une startup qui gr\u00e2ce \u00e0 la technologie de reconnaissance d\u2019image, permet de naviguer sur un smartphone \u00e0 partir d\u2019un document imprim\u00e9. Une nouvelle mani\u00e8re d\u2019acc\u00e9der \u00e0 l\u2019information. Corentin Agar, business developper chez OnPrint nous confie que le secteur de l\u2019\u00e9ducation est la premi\u00e8re cible. La possibilit\u00e9 de voir en r\u00e9alit\u00e9 augment\u00e9 un lieux lors d\u2019un cours d\u2019histoire par exemple est une opportunit\u00e9 \u00e0 saisir.<br \/>\n\u201cLa jeunesse, les utilisateurs de demain\u201d<\/p>\n<p>Smartphones, tablettes, ordinateurs. Le monde d\u2019aujourd\u2019hui est ultra-connect\u00e9. De plus en plus jeunes et partout dans le monde, la prochaine g\u00e9n\u00e9ration se pr\u00e9pare. La principale source d\u2019information est internet. Aujourd\u2019hui tout se trouve sous notre main. La plupart des exposants misent sur une num\u00e9risation de la presse. Ils ne parient pas contre la presse papier, ils ne font qu\u2019anticip\u00e9 l\u2019in\u00e9vitable. Cela ne veut pas dire que le num\u00e9rique prendra toute la place, certains utilisent d\u00e9j\u00e0 ces services il faut donc les perfectionn\u00e9s.<br \/>\nApr\u00e8s tout, on n\u2019arr\u00eate pas le progr\u00e8s\u2026<\/p>\n<p><iframe loading=\"lazy\" width=\"474\" height=\"267\" src=\"https:\/\/www.youtube.com\/embed\/0IC2AHUmZOw?feature=oembed\" frameborder=\"0\" allowfullscreen><\/iframe><\/p>\n<p>QWAM, AEF, OnPrint et beaucoup d\u2019autres contribuent \u00e0 la presse du futur, pour le futur. Les annonceurs se livre d\u00e9sormais un combat pour faire utilis\u00e9 leurs logiciels. Une course \u00e0 la num\u00e9risation qui prends une tout autre dimension que celle du journalisme\u2026 L\u2019aspect \u00e9conomique.<\/p>\n","protected":false},"excerpt":{"rendered":"<p>&nbsp; LE FUTUR DE LA PRESSE EN MARCHE ! Voil\u00e0 10 ans que le salon de la presse existe. Une fa\u00e7on pour lui de mettre \u00e0 l\u2019honneur le digital. Durant deux journ\u00e9es des exposants, commerciaux ou encore journalistes sillonnent le New Cap Event Center. Des nouveaut\u00e9s, des am\u00e9liorations, le salon \u201cau futur\u201d est plein d\u2019id\u00e9es &hellip; <a href=\"http:\/\/www.efj.press\/jeremyloison\/mojo\/\" class=\"more-link\">Continuer la lecture de <span class=\"screen-reader-text\">#MOJO<\/span>  <span class=\"meta-nav\">&rarr;<\/span><\/a><\/p>\n","protected":false},"author":142,"featured_media":74,"parent":0,"menu_order":0,"comment_status":"closed","ping_status":"closed","template":"page-templates\/full-width.php","meta":{"footnotes":""},"_links":{"self":[{"href":"http:\/\/www.efj.press\/jeremyloison\/wp-json\/wp\/v2\/pages\/62"}],"collection":[{"href":"http:\/\/www.efj.press\/jeremyloison\/wp-json\/wp\/v2\/pages"}],"about":[{"href":"http:\/\/www.efj.press\/jeremyloison\/wp-json\/wp\/v2\/types\/page"}],"author":[{"embeddable":true,"href":"http:\/\/www.efj.press\/jeremyloison\/wp-json\/wp\/v2\/users\/142"}],"replies":[{"embeddable":true,"href":"http:\/\/www.efj.press\/jeremyloison\/wp-json\/wp\/v2\/comments?post=62"}],"version-history":[{"count":7,"href":"http:\/\/www.efj.press\/jeremyloison\/wp-json\/wp\/v2\/pages\/62\/revisions"}],"predecessor-version":[{"id":129,"href":"http:\/\/www.efj.press\/jeremyloison\/wp-json\/wp\/v2\/pages\/62\/revisions\/129"}],"wp:featuredmedia":[{"embeddable":true,"href":"http:\/\/www.efj.press\/jeremyloison\/wp-json\/wp\/v2\/media\/74"}],"wp:attachment":[{"href":"http:\/\/www.efj.press\/jeremyloison\/wp-json\/wp\/v2\/media?parent=62"}],"curies":[{"name":"wp","href":"https:\/\/api.w.org\/{rel}","templated":true}]}}