{"id":32,"date":"2016-11-16T15:43:28","date_gmt":"2016-11-16T14:43:28","guid":{"rendered":"http:\/\/www.efj.press\/eleonorekorady\/?page_id=32"},"modified":"2018-10-09T08:43:22","modified_gmt":"2018-10-09T07:43:22","slug":"accueil","status":"publish","type":"page","link":"http:\/\/www.efj.press\/eleonorekorady\/","title":{"rendered":"Accueil"},"content":{"rendered":"<p><img loading=\"lazy\" decoding=\"async\" class=\"wp-image-116 aligncenter\" src=\"http:\/\/www.efj.press\/eleonorekorady\/wp-content\/uploads\/sites\/150\/2016\/11\/IMG_5406-e1481032265354-300x184.jpg\" width=\"390\" height=\"239\" srcset=\"http:\/\/www.efj.press\/eleonorekorady\/wp-content\/uploads\/sites\/150\/2016\/11\/IMG_5406-e1481032265354-300x184.jpg 300w, http:\/\/www.efj.press\/eleonorekorady\/wp-content\/uploads\/sites\/150\/2016\/11\/IMG_5406-e1481032265354-768x471.jpg 768w, http:\/\/www.efj.press\/eleonorekorady\/wp-content\/uploads\/sites\/150\/2016\/11\/IMG_5406-e1481032265354-1024x628.jpg 1024w\" sizes=\"(max-width: 390px) 100vw, 390px\" \/><\/p>\n<p style=\"text-align: center\"><em><strong>Bienvenue sur mon blog<\/strong><\/em><\/p>\n<p style=\"text-align: center\">\u00c9tudiante en troisi\u00e8me ann\u00e9e \u00e0 l&rsquo;EFJ Paris, j&rsquo;alimenterai ce blog de\u00a0mes travaux produits en cours mais aussi de mes travaux personnels.<\/p>\n<p style=\"text-align: center\">Je vous souhaite une bonne visite !<\/p>\n<p style=\"text-align: center\">\u00d7\u00d7<\/p>\n<p style=\"text-align: center\"><a href=\"https:\/\/www.facebook.com\/eleonore.korady\"><img loading=\"lazy\" decoding=\"async\" class=\"alignnone wp-image-144\" src=\"http:\/\/www.efj.press\/eleonorekorady\/wp-content\/uploads\/sites\/150\/2016\/11\/F_icon.svg_-300x300.png\" alt=\"\" width=\"43\" height=\"43\" srcset=\"http:\/\/www.efj.press\/eleonorekorady\/wp-content\/uploads\/sites\/150\/2016\/11\/F_icon.svg_-300x300.png 300w, http:\/\/www.efj.press\/eleonorekorady\/wp-content\/uploads\/sites\/150\/2016\/11\/F_icon.svg_-150x150.png 150w, http:\/\/www.efj.press\/eleonorekorady\/wp-content\/uploads\/sites\/150\/2016\/11\/F_icon.svg_-768x768.png 768w, http:\/\/www.efj.press\/eleonorekorady\/wp-content\/uploads\/sites\/150\/2016\/11\/F_icon.svg_-1024x1024.png 1024w, http:\/\/www.efj.press\/eleonorekorady\/wp-content\/uploads\/sites\/150\/2016\/11\/F_icon.svg_.png 2000w\" sizes=\"(max-width: 43px) 100vw, 43px\" \/><\/a>\u00a0\u00a0\u00a0\u00a0<a href=\"https:\/\/twitter.com\/EKorady\"><img loading=\"lazy\" decoding=\"async\" class=\"alignnone wp-image-113\" src=\"http:\/\/www.efj.press\/eleonorekorady\/wp-content\/uploads\/sites\/150\/2016\/11\/Twitter_bird_logo_2012.svg_-300x244.png\" alt=\"\" width=\"50\" height=\"41\" srcset=\"http:\/\/www.efj.press\/eleonorekorady\/wp-content\/uploads\/sites\/150\/2016\/11\/Twitter_bird_logo_2012.svg_-300x244.png 300w, http:\/\/www.efj.press\/eleonorekorady\/wp-content\/uploads\/sites\/150\/2016\/11\/Twitter_bird_logo_2012.svg_-768x625.png 768w, http:\/\/www.efj.press\/eleonorekorady\/wp-content\/uploads\/sites\/150\/2016\/11\/Twitter_bird_logo_2012.svg_-1024x833.png 1024w, http:\/\/www.efj.press\/eleonorekorady\/wp-content\/uploads\/sites\/150\/2016\/11\/Twitter_bird_logo_2012.svg_.png 1259w\" sizes=\"(max-width: 50px) 100vw, 50px\" \/><\/a>\u00a0\u00a0<a href=\"https:\/\/www.youtube.com\/channel\/UChB-gMG1EgCPplEK7nH4P1Q\"><img loading=\"lazy\" decoding=\"async\" class=\"alignnone wp-image-141\" src=\"http:\/\/www.efj.press\/eleonorekorady\/wp-content\/uploads\/sites\/150\/2016\/11\/YouTube-icon-full_color-300x211.png\" alt=\"youtube-icon-full_color\" width=\"57\" height=\"40\" srcset=\"http:\/\/www.efj.press\/eleonorekorady\/wp-content\/uploads\/sites\/150\/2016\/11\/YouTube-icon-full_color-300x211.png 300w, http:\/\/www.efj.press\/eleonorekorady\/wp-content\/uploads\/sites\/150\/2016\/11\/YouTube-icon-full_color-768x541.png 768w, http:\/\/www.efj.press\/eleonorekorady\/wp-content\/uploads\/sites\/150\/2016\/11\/YouTube-icon-full_color.png 1024w\" sizes=\"(max-width: 57px) 100vw, 57px\" \/><\/a>\u00a0 \u00a0\u00a0<a href=\"https:\/\/fr.linkedin.com\/in\/el\u00e9onore-korady-b04494128\"><img loading=\"lazy\" decoding=\"async\" class=\"alignnone wp-image-114\" src=\"http:\/\/www.efj.press\/eleonorekorady\/wp-content\/uploads\/sites\/150\/2016\/11\/linkedin-logo-e1407144392549-300x300.png\" alt=\"\" width=\"46\" height=\"46\" srcset=\"http:\/\/www.efj.press\/eleonorekorady\/wp-content\/uploads\/sites\/150\/2016\/11\/linkedin-logo-e1407144392549-300x300.png 300w, http:\/\/www.efj.press\/eleonorekorady\/wp-content\/uploads\/sites\/150\/2016\/11\/linkedin-logo-e1407144392549-150x150.png 150w, http:\/\/www.efj.press\/eleonorekorady\/wp-content\/uploads\/sites\/150\/2016\/11\/linkedin-logo-e1407144392549.png 706w\" sizes=\"(max-width: 46px) 100vw, 46px\" \/><\/a><\/p>\n","protected":false},"excerpt":{"rendered":"<p>Bienvenue sur mon blog \u00c9tudiante en troisi\u00e8me ann\u00e9e \u00e0 l&rsquo;EFJ Paris, j&rsquo;alimenterai ce blog de\u00a0mes travaux produits en cours mais aussi de mes travaux personnels. Je vous souhaite une bonne visite ! \u00d7\u00d7 \u00a0\u00a0\u00a0\u00a0\u00a0\u00a0\u00a0 \u00a0\u00a0<\/p>\n","protected":false},"author":130,"featured_media":0,"parent":0,"menu_order":4,"comment_status":"closed","ping_status":"closed","template":"","meta":{"footnotes":""},"_links":{"self":[{"href":"http:\/\/www.efj.press\/eleonorekorady\/wp-json\/wp\/v2\/pages\/32"}],"collection":[{"href":"http:\/\/www.efj.press\/eleonorekorady\/wp-json\/wp\/v2\/pages"}],"about":[{"href":"http:\/\/www.efj.press\/eleonorekorady\/wp-json\/wp\/v2\/types\/page"}],"author":[{"embeddable":true,"href":"http:\/\/www.efj.press\/eleonorekorady\/wp-json\/wp\/v2\/users\/130"}],"replies":[{"embeddable":true,"href":"http:\/\/www.efj.press\/eleonorekorady\/wp-json\/wp\/v2\/comments?post=32"}],"version-history":[{"count":14,"href":"http:\/\/www.efj.press\/eleonorekorady\/wp-json\/wp\/v2\/pages\/32\/revisions"}],"predecessor-version":[{"id":397,"href":"http:\/\/www.efj.press\/eleonorekorady\/wp-json\/wp\/v2\/pages\/32\/revisions\/397"}],"wp:attachment":[{"href":"http:\/\/www.efj.press\/eleonorekorady\/wp-json\/wp\/v2\/media?parent=32"}],"curies":[{"name":"wp","href":"https:\/\/api.w.org\/{rel}","templated":true}]}}