{"id":49,"date":"2016-11-30T13:59:50","date_gmt":"2016-11-30T12:59:50","guid":{"rendered":"http:\/\/www.efj.press\/cassandradecarvalho\/?page_id=49"},"modified":"2017-10-01T20:56:49","modified_gmt":"2017-10-01T19:56:49","slug":"travaux","status":"publish","type":"page","link":"http:\/\/www.efj.press\/cassandradecarvalho\/travaux\/","title":{"rendered":"Articles"},"content":{"rendered":"<p><a href=\"http:\/\/www.efj.press\/cassandradecarvalho\/2016\/11\/16\/le-monde-selon-trump\/\">Le monde selon Trump<\/a>\u00a0: Donald Trump \u00e9lu \u00e0 la pr\u00e9sidence des Etats-Unis et c&rsquo;est le monde entier qui s&rsquo;interroge. Voici sa vision du monde.<\/p>\n<p><a href=\"http:\/\/www.efj.press\/cassandradecarvalho\/2016\/11\/30\/le-seisme-economique-trump\/\">Le s\u00e9isme \u00e9conomique Trump <\/a>: L&rsquo;\u00e9lection de Donald Trump est synonyme d&rsquo;un v\u00e9ritable raz-de-mar\u00e9e \u00e9conomique et croyez-le ou non, \u00e7a promet&#8230;<\/p>\n<p><a href=\"http:\/\/www.efj.press\/cassandradecarvalho\/2016\/11\/09\/douche-froide-pour-le-marche-automobile-francais\/\">Douche froide pour le march\u00e9 automobile fran\u00e7ais<\/a>\u00a0: Br\u00e8ve cr\u00e9ative r\u00e9dig\u00e9e \u00e0 partir d&rsquo;une fausse d\u00e9p\u00eache<\/p>\n<p><a href=\"http:\/\/www.efj.press\/cassandradecarvalho\/2016\/11\/09\/un-vent-de-fraicheur-souffle-sur-bordeaux-article-creatif\/\">Un vent de fra\u00eecheur souffle sur Bordeaux <\/a>: Article cr\u00e9atif sur la ville de Bordeaux et ses possibles (ou non) am\u00e9nagements.<\/p>\n<p><a href=\"http:\/\/www.efj.press\/cassandradecarvalho\/2016\/11\/30\/fini-la-corvee-du-codage\/\">Fini la corv\u00e9e du codage ! <\/a>: A l&rsquo;occasion du Salon de la Presse au futur, j&rsquo;ai eu l&rsquo;occasion d&rsquo;interviewer une jeune membre d&rsquo;une start-up nomm\u00e9e\u00a0Pandasuite. Cr\u00e9ation d&rsquo;une application sans codage, pour en savoir plus, cliquez ici.<\/p>\n<p><a href=\"http:\/\/www.efj.press\/cassandradecarvalho\/2016\/11\/30\/pas-facile-la-vie-dentrepreneurs-de-presse\/\">Pas facile la vie d&rsquo;entrepreneurs de presse ! <\/a>: Du 23 au 24 novembre se tenait le Salon de la Presse au futur. De nombreuses conf\u00e9rences ont eu lieu et notamment celle du SPIIL, le Syndicat de Presse d&rsquo;Information Ind\u00e9pendante en Ligne. Voici ce qui a \u00e9t\u00e9 dit.<\/p>\n<p><a href=\"http:\/\/www.efj.press\/cassandradecarvalho\/2017\/03\/28\/revolution-numerique-activee\/\">R\u00e9volution num\u00e9rique : activ\u00e9e<\/a>\u00a0: D\u00e9sormais, la r\u00e9volution num\u00e9rique est dans toutes les t\u00eates, dans tous les m\u00e9dias. C&rsquo;est une p\u00e9riode de transition cruciale \u00e0 laquelle font face tous les journalistes.<\/p>\n<p><a href=\"http:\/\/www.efj.press\/cassandradecarvalho\/2017\/05\/05\/les-sondages-en-veux-tu-en-voila\/?preview_id=153&amp;preview_nonce=a10807e461&amp;post_format=standard&amp;_thumbnail_id=-1&amp;preview=true\">Les sondages, en veux-tu en voil\u00e0<\/a> : A l&rsquo;occasion des rencontres de l&rsquo;EFAP et de l&rsquo;EFJ, David Pujadas et Jean-Michel Aphatie nous ont d\u00e9crypt\u00e9 la campagne pr\u00e9sidentielle.<\/p>\n<p><a href=\"http:\/\/www.efj.press\/cassandradecarvalho\/2017\/10\/01\/la-poudre-un-podcast-feministe-qui-fait-du-bien\/\">La Poudre, le podcast f\u00e9ministe qui fait du bien\u00a0!<\/a> :\u00a0Cr\u00e9\u00e9 il y a peu, le podcast f\u00e9ministe La Poudre produit par la soci\u00e9t\u00e9 de production Nouvelles \u00c9coutes est un petit joyau de discussion intelligente et intime qui nous fait prendre un bon bol d\u2019air frais\u00a0!<\/p>\n<p><strong><em>\u00a0<\/em><\/strong><\/p>\n","protected":false},"excerpt":{"rendered":"<p>Le monde selon Trump\u00a0: Donald Trump \u00e9lu \u00e0 la pr\u00e9sidence des Etats-Unis et c&rsquo;est le monde entier qui s&rsquo;interroge. Voici sa vision du monde. Le s\u00e9isme \u00e9conomique Trump : L&rsquo;\u00e9lection de Donald Trump est synonyme d&rsquo;un v\u00e9ritable raz-de-mar\u00e9e \u00e9conomique et croyez-le ou non, \u00e7a promet&#8230; Douche froide pour le march\u00e9 automobile fran\u00e7ais\u00a0: Br\u00e8ve cr\u00e9ative r\u00e9dig\u00e9e &hellip; <a href=\"http:\/\/www.efj.press\/cassandradecarvalho\/travaux\/\" class=\"more-link\">Continuer la lecture de <span class=\"screen-reader-text\">Articles<\/span>  <span class=\"meta-nav\">&rarr;<\/span><\/a><\/p>\n","protected":false},"author":126,"featured_media":0,"parent":0,"menu_order":0,"comment_status":"closed","ping_status":"closed","template":"","meta":{"footnotes":""},"_links":{"self":[{"href":"http:\/\/www.efj.press\/cassandradecarvalho\/wp-json\/wp\/v2\/pages\/49"}],"collection":[{"href":"http:\/\/www.efj.press\/cassandradecarvalho\/wp-json\/wp\/v2\/pages"}],"about":[{"href":"http:\/\/www.efj.press\/cassandradecarvalho\/wp-json\/wp\/v2\/types\/page"}],"author":[{"embeddable":true,"href":"http:\/\/www.efj.press\/cassandradecarvalho\/wp-json\/wp\/v2\/users\/126"}],"replies":[{"embeddable":true,"href":"http:\/\/www.efj.press\/cassandradecarvalho\/wp-json\/wp\/v2\/comments?post=49"}],"version-history":[{"count":15,"href":"http:\/\/www.efj.press\/cassandradecarvalho\/wp-json\/wp\/v2\/pages\/49\/revisions"}],"predecessor-version":[{"id":170,"href":"http:\/\/www.efj.press\/cassandradecarvalho\/wp-json\/wp\/v2\/pages\/49\/revisions\/170"}],"wp:attachment":[{"href":"http:\/\/www.efj.press\/cassandradecarvalho\/wp-json\/wp\/v2\/media?parent=49"}],"curies":[{"name":"wp","href":"https:\/\/api.w.org\/{rel}","templated":true}]}}