{"id":122,"date":"2016-12-06T23:10:29","date_gmt":"2016-12-06T22:10:29","guid":{"rendered":"http:\/\/www.efj.press\/cassandradecarvalho\/?page_id=122"},"modified":"2017-01-26T17:24:08","modified_gmt":"2017-01-26T16:24:08","slug":"portraits","status":"publish","type":"page","link":"http:\/\/www.efj.press\/cassandradecarvalho\/portraits\/","title":{"rendered":"Portraits"},"content":{"rendered":"<p><a href=\"http:\/\/www.efj.press\/cassandradecarvalho\/2016\/12\/06\/coup-de-foudre-a-montmartre-portrait\/\">Coup de foudre \u00e0 Montmartre <\/a>: D\u00e9couvrez le portrait d&rsquo;Astolfo Zingaro, peintre italien amoureux de Montmartre.<\/p>\n<p><a href=\"http:\/\/www.efj.press\/cassandradecarvalho\/2017\/01\/26\/laventure-berlinoise-portrait\/\">L&rsquo;aventure berlinoise<\/a> : D\u00e9couvrez le portrait de Val\u00e9rie Favre, peintre fran\u00e7aise en exil \u00e0 Berlin.<\/p>\n","protected":false},"excerpt":{"rendered":"<p>Coup de foudre \u00e0 Montmartre : D\u00e9couvrez le portrait d&rsquo;Astolfo Zingaro, peintre italien amoureux de Montmartre. L&rsquo;aventure berlinoise : D\u00e9couvrez le portrait de Val\u00e9rie Favre, peintre fran\u00e7aise en exil \u00e0 Berlin.<\/p>\n","protected":false},"author":126,"featured_media":0,"parent":0,"menu_order":0,"comment_status":"closed","ping_status":"closed","template":"","meta":{"footnotes":""},"_links":{"self":[{"href":"http:\/\/www.efj.press\/cassandradecarvalho\/wp-json\/wp\/v2\/pages\/122"}],"collection":[{"href":"http:\/\/www.efj.press\/cassandradecarvalho\/wp-json\/wp\/v2\/pages"}],"about":[{"href":"http:\/\/www.efj.press\/cassandradecarvalho\/wp-json\/wp\/v2\/types\/page"}],"author":[{"embeddable":true,"href":"http:\/\/www.efj.press\/cassandradecarvalho\/wp-json\/wp\/v2\/users\/126"}],"replies":[{"embeddable":true,"href":"http:\/\/www.efj.press\/cassandradecarvalho\/wp-json\/wp\/v2\/comments?post=122"}],"version-history":[{"count":4,"href":"http:\/\/www.efj.press\/cassandradecarvalho\/wp-json\/wp\/v2\/pages\/122\/revisions"}],"predecessor-version":[{"id":142,"href":"http:\/\/www.efj.press\/cassandradecarvalho\/wp-json\/wp\/v2\/pages\/122\/revisions\/142"}],"wp:attachment":[{"href":"http:\/\/www.efj.press\/cassandradecarvalho\/wp-json\/wp\/v2\/media?parent=122"}],"curies":[{"name":"wp","href":"https:\/\/api.w.org\/{rel}","templated":true}]}}