{"id":85,"date":"2016-11-09T16:05:20","date_gmt":"2016-11-09T15:05:20","guid":{"rendered":"http:\/\/www.efj.press\/camillesanchez\/?page_id=85"},"modified":"2017-01-20T23:46:05","modified_gmt":"2017-01-20T22:46:05","slug":"articles","status":"publish","type":"page","link":"http:\/\/www.efj.press\/camillesanchez\/","title":{"rendered":"Bio express"},"content":{"rendered":"<p><img loading=\"lazy\" decoding=\"async\" class=\"size-medium wp-image-178 aligncenter\" src=\"http:\/\/www.efj.press\/camillesanchez\/wp-content\/uploads\/sites\/132\/2016\/11\/15622191_1333171130083655_9147069482783624370_n-300x300.jpg\" alt=\"15622191_1333171130083655_9147069482783624370_n\" width=\"300\" height=\"300\" srcset=\"http:\/\/www.efj.press\/camillesanchez\/wp-content\/uploads\/sites\/132\/2016\/11\/15622191_1333171130083655_9147069482783624370_n-300x300.jpg 300w, http:\/\/www.efj.press\/camillesanchez\/wp-content\/uploads\/sites\/132\/2016\/11\/15622191_1333171130083655_9147069482783624370_n-150x150.jpg 150w, http:\/\/www.efj.press\/camillesanchez\/wp-content\/uploads\/sites\/132\/2016\/11\/15622191_1333171130083655_9147069482783624370_n-768x768.jpg 768w, http:\/\/www.efj.press\/camillesanchez\/wp-content\/uploads\/sites\/132\/2016\/11\/15622191_1333171130083655_9147069482783624370_n.jpg 960w\" sizes=\"(max-width: 300px) 100vw, 300px\" \/><\/p>\n<p>Bonjour et bienvenue \u00e0 tous.<\/p>\n<p>Je m&rsquo;appelle Camille Sanchez et je suis en 2nde ann\u00e9e d&rsquo;\u00e9cole de journalisme \u00e0 l&rsquo;EFJ.<\/p>\n<p>Sur ce blog, vous\u00a0trouverez toutes mes r\u00e9alisations\u00a0pour l&rsquo;\u00e9cole, mais aussi mes travaux personnels.<\/p>\n<p>Bonne lecture !<\/p>\n<p>Liens vers mes r\u00e9seaux sociaux:<\/p>\n<p><a href=\"https:\/\/twitter.com\/Camy1295\"><img loading=\"lazy\" decoding=\"async\" class=\"alignnone wp-image-151\" src=\"http:\/\/www.efj.press\/camillesanchez\/wp-content\/uploads\/sites\/132\/2016\/10\/twitter-icon.png\" alt=\"twitter-icon\" width=\"67\" height=\"67\" srcset=\"http:\/\/www.efj.press\/camillesanchez\/wp-content\/uploads\/sites\/132\/2016\/10\/twitter-icon.png 256w, http:\/\/www.efj.press\/camillesanchez\/wp-content\/uploads\/sites\/132\/2016\/10\/twitter-icon-150x150.png 150w\" sizes=\"(max-width: 67px) 100vw, 67px\" \/><\/a>\u00a0 \u00a0<a href=\"https:\/\/www.instagram.com\/camy1295\/\"><img loading=\"lazy\" decoding=\"async\" class=\"alignnone wp-image-153\" src=\"http:\/\/www.efj.press\/camillesanchez\/wp-content\/uploads\/sites\/132\/2016\/10\/08441020-photo-logo-instagram-depuis-mai-2016-300x300.png\" alt=\"08441020-photo-logo-instagram-depuis-mai-2016\" width=\"60\" height=\"60\" srcset=\"http:\/\/www.efj.press\/camillesanchez\/wp-content\/uploads\/sites\/132\/2016\/10\/08441020-photo-logo-instagram-depuis-mai-2016-300x300.png 300w, http:\/\/www.efj.press\/camillesanchez\/wp-content\/uploads\/sites\/132\/2016\/10\/08441020-photo-logo-instagram-depuis-mai-2016-150x150.png 150w, http:\/\/www.efj.press\/camillesanchez\/wp-content\/uploads\/sites\/132\/2016\/10\/08441020-photo-logo-instagram-depuis-mai-2016.png 350w\" sizes=\"(max-width: 60px) 100vw, 60px\" \/><\/a>\u00a0 \u00a0<a href=\"https:\/\/fr.pinterest.com\/camy1295\/\"><img loading=\"lazy\" decoding=\"async\" class=\"alignnone wp-image-157\" src=\"http:\/\/www.efj.press\/camillesanchez\/wp-content\/uploads\/sites\/132\/2016\/10\/2000px-Pinterest_Shiny_Icon.svg_-300x300.png\" alt=\"2000px-pinterest_shiny_icon-svg\" width=\"61\" height=\"61\" srcset=\"http:\/\/www.efj.press\/camillesanchez\/wp-content\/uploads\/sites\/132\/2016\/10\/2000px-Pinterest_Shiny_Icon.svg_-300x300.png 300w, http:\/\/www.efj.press\/camillesanchez\/wp-content\/uploads\/sites\/132\/2016\/10\/2000px-Pinterest_Shiny_Icon.svg_-150x150.png 150w, http:\/\/www.efj.press\/camillesanchez\/wp-content\/uploads\/sites\/132\/2016\/10\/2000px-Pinterest_Shiny_Icon.svg_-768x768.png 768w, http:\/\/www.efj.press\/camillesanchez\/wp-content\/uploads\/sites\/132\/2016\/10\/2000px-Pinterest_Shiny_Icon.svg_-1024x1024.png 1024w, http:\/\/www.efj.press\/camillesanchez\/wp-content\/uploads\/sites\/132\/2016\/10\/2000px-Pinterest_Shiny_Icon.svg_.png 2000w\" sizes=\"(max-width: 61px) 100vw, 61px\" \/><\/a>\u00a0 \u00a0<a href=\"https:\/\/thefashionedito.wordpress.com\/\"><img loading=\"lazy\" decoding=\"async\" class=\"alignnone wp-image-159\" src=\"http:\/\/www.efj.press\/camillesanchez\/wp-content\/uploads\/sites\/132\/2016\/10\/images.png\" alt=\"images\" width=\"59\" height=\"59\" \/><\/a><\/p>\n","protected":false},"excerpt":{"rendered":"<p>Bonjour et bienvenue \u00e0 tous. Je m&rsquo;appelle Camille Sanchez et je suis en 2nde ann\u00e9e d&rsquo;\u00e9cole de journalisme \u00e0 l&rsquo;EFJ. Sur ce blog, vous\u00a0trouverez toutes mes r\u00e9alisations\u00a0pour l&rsquo;\u00e9cole, mais aussi mes travaux personnels. Bonne lecture ! Liens vers mes r\u00e9seaux sociaux: \u00a0 \u00a0\u00a0 \u00a0\u00a0 \u00a0<\/p>\n","protected":false},"author":113,"featured_media":0,"parent":0,"menu_order":0,"comment_status":"closed","ping_status":"closed","template":"","meta":{"footnotes":""},"_links":{"self":[{"href":"http:\/\/www.efj.press\/camillesanchez\/wp-json\/wp\/v2\/pages\/85"}],"collection":[{"href":"http:\/\/www.efj.press\/camillesanchez\/wp-json\/wp\/v2\/pages"}],"about":[{"href":"http:\/\/www.efj.press\/camillesanchez\/wp-json\/wp\/v2\/types\/page"}],"author":[{"embeddable":true,"href":"http:\/\/www.efj.press\/camillesanchez\/wp-json\/wp\/v2\/users\/113"}],"replies":[{"embeddable":true,"href":"http:\/\/www.efj.press\/camillesanchez\/wp-json\/wp\/v2\/comments?post=85"}],"version-history":[{"count":6,"href":"http:\/\/www.efj.press\/camillesanchez\/wp-json\/wp\/v2\/pages\/85\/revisions"}],"predecessor-version":[{"id":180,"href":"http:\/\/www.efj.press\/camillesanchez\/wp-json\/wp\/v2\/pages\/85\/revisions\/180"}],"wp:attachment":[{"href":"http:\/\/www.efj.press\/camillesanchez\/wp-json\/wp\/v2\/media?parent=85"}],"curies":[{"name":"wp","href":"https:\/\/api.w.org\/{rel}","templated":true}]}}