{"id":197,"date":"2017-01-29T16:01:40","date_gmt":"2017-01-29T15:01:40","guid":{"rendered":"http:\/\/www.efj.press\/camillesanchez\/?page_id=197"},"modified":"2017-01-29T16:12:42","modified_gmt":"2017-01-29T15:12:42","slug":"vale-la-pena-mal-vivir-por-este-oficio","status":"publish","type":"page","link":"http:\/\/www.efj.press\/camillesanchez\/erasmus-universite-carlos-iii-madrid\/vale-la-pena-mal-vivir-por-este-oficio\/","title":{"rendered":"\u201cVale la pena mal vivir por este oficio.\u201d"},"content":{"rendered":"<p>La semana pasada, la Delegaci\u00f3n de Estudiantes de Humanidades, Comunicaci\u00f3n y Documentaci\u00f3n de la UC3M (Universidad Carlos III de Madrid), hab\u00eda organizado para nosotros, estudiantes de la carrera de periodismo, una serie de conferencias sobre esta profesi\u00f3n. Como estudiante de intercambio en periodismo, tuvo la oportunidad de asistir a todas (excepto una), y me han permitido aprender m\u00e1s sobre una profesi\u00f3n que me apasiona desde hace muchos a\u00f1os pero sobre todo desear m\u00e1s que nada ser periodista.<\/p>\n<p><img decoding=\"async\" src=\"https:\/\/pbs.twimg.com\/media\/CCF1d_8WEAECSHg.png\" alt=\"Afficher l'image d'origine\" \/><\/p>\n<p><img decoding=\"async\" src=\"https:\/\/pbs.twimg.com\/media\/CCF1dz6WEAE2bP_.png\" alt=\"Afficher l'image d'origine\" \/><\/p>\n<p style=\"text-align: center\"><em>Source:\u00a0https:\/\/twitter.com\/delegahcd\/<\/em><\/p>\n<p>Diferentes medios de comunicaci\u00f3n y sus profesionales contaron sus caminos respectivos, dando algunos consejos y lo \u201cmaravilloso\u201d de ejercer esta profesi\u00f3n. Tuvimos la oportunidad de encontrar varios periodistas del medio castellano de referencia en el mundo, <strong><em>El Pa\u00eds<\/em><\/strong>. Fue el caso de Juan Cruz Ruiz que cont\u00f3 muchas an\u00e9cdotas muy interesantes sobre su trabajo. Ha dicho que \u201c<em>desde el momento que dices, quiero ser periodista, ya eres un periodista<\/em>\u201d. Tambi\u00e9n cit\u00f3 a Eugenio Scalfari que hab\u00eda dicho a estudiantes de la Universidad Aut\u00f3noma de Madrid hace algunos a\u00f1os: \u201c<em>Periodista es gente que le dice a la gente lo que le pasa a la gente<\/em>.\u201d Este trabajo se basa en hechos y las palabras representan esos hechos, es decir que el periodista explica la realidad de la manera m\u00e1s objetiva posible.<\/p>\n<p>Este medio tiene 2 ediciones: un papel y la otra digital. Muchos peri\u00f3dicos han cambiado de soporte. Por ejemplo, la revista <strong><em>Cambio 16<\/em><\/strong>, que naci\u00f3 en 1973, ten\u00eda antes una edici\u00f3n papel pero por falta de ventas, han decidido en 2014 acabar la revista papel y desarrollarse en Internet. Uno de sus redactores, Ricardo Lenoir-Grand, cont\u00f3 la historia de la revista, el impacto que la pol\u00edtica tuvo en el medio, pero tambi\u00e9n los inconvenientes del nuevo periodismo online, y m\u00e1s precisamente el periodismo en los redes sociales. Ha explicado que hoy en d\u00eda, no hay un control de calidad por un editor lo que define como \u201cperiodismo malo\u201d. Pero la ventaja del periodismo digital, porque hay ventajas, es que permite especializarse en un contenido espec\u00edfico. Es el caso de dos medios, <strong><em>C\u00e1scara armaga<\/em><\/strong> y <strong><em>Servimedia<\/em><\/strong> que se interesan a temas sobre la sociedad. El primer se enfoca al p\u00fablico LGTB, es decir L\u00e9sbico Gay Transexual y Bisexual y va tratar de todas las noticias nacionales e internacionales que conciernan esta comunidad. Como lo dice la portada del segundo medio, \u201c<strong><em>Servimedia.es<\/em><\/strong> l\u00edder en informaci\u00f3n social.\u201d All\u00ed se trata de las noticias sociales a nivel nacional. Vemos que esas noticias no tienen tan importancia que las de pol\u00edtica en los grandes peri\u00f3dicos nacionales, y es la raz\u00f3n por la cual <strong><em>Servimedia.es<\/em><\/strong> fue creado. Con la aparici\u00f3n de los medios en Internet, muchas personas piensan que los medios tradicionales, es decir los peri\u00f3dicos papeles, van a desaparecer pero como ha dicho Fernando Garea, el responsable de la secci\u00f3n parlamentaria de <strong><em>El Pais<\/em><\/strong>, los medios tradicionales prestan m\u00e1s atenci\u00f3n a la vida pol\u00edtica y por eso siempre van a vivir porque interesa mucho a la gente.<\/p>\n<p>Adem\u00e1s de esos peri\u00f3dicos que tratan de noticias generales, asistimos hoy en d\u00eda a una vocaci\u00f3n al periodismo verde. Como ha explicado Clara Navio, presidenta de <strong><em>APIA<\/em><\/strong> (Asociaci\u00f3n de Periodistas de Informaci\u00f3n Ambiental), este tipo de periodismo se encuentra mucho m\u00e1s en Internet que en los medios papeles, aunque trata de noticias que conciernan toda la gente. Se interesa al medio ambiente es decir: la naturaleza, el cambio clim\u00e1tico, las energ\u00edas, pero tambi\u00e9n la econom\u00eda de esas especificidades y las relaciones internacionales a trav\u00e9s de las ONG (Organizaciones No Gubernamentales).<\/p>\n<p>Desde hace pocos a\u00f1os, aparece el fen\u00f3meno blogger. Los blogueros se presentan como periodistas a trav\u00e9s de peque\u00f1os art\u00edculos sobre un tema particular. Describen sus pasiones, y pueden dar consejos a sus lectores. Para algunos de ellos y m\u00e1s precisamente para las chicas, se interesan a la moda. Es el caso de Silvia, una famosa bloguera espa\u00f1ola conocido con su blog <strong><em>Oh My Looks<\/em><\/strong>. Esta asesora de imagen, personal shopper y creadora ha empezado su blog hace 3 a\u00f1os. Al principio fue solamente un deseo de compartir su pasi\u00f3n pero se ha r\u00e1pidamente transformado en un blog profesional, lo que le ha permitido crear su propia marca de ropas (con un desfile durante la Semana de la moda de Sevilla en octubre pasado) y tambi\u00e9n hacer colaboraciones con otras marcas de moda.<\/p>\n<p>Existe un enfoque del g\u00e9nero muy presente en el periodismo. Hay un tratamiento desigual de los sexos y en los equipos de redacci\u00f3n no hay muchas mujeres en temas espec\u00edficos como la secci\u00f3n sobre el deporte. Una doctoranda de la universidad, Natalia Mart\u00ednez P\u00e9rez, defendi\u00f3 esta representaci\u00f3n insuficiente de las mujeres. Mostr\u00f3 que tambi\u00e9n los grandes peri\u00f3dicos pueden utilizar un lenguaje sexista, y que debemos cambiar esto.<\/p>\n<p>Adem\u00e1s de todo este periodismo especializado e informativo, hubo un debate sobre la libertad de expresi\u00f3n que tiene un papel fundamental en este \u00e1mbito. 4 expertos recordaron que \u201cen una democracia, hay una libertad de expresi\u00f3n, de informaci\u00f3n y de religi\u00f3n.\u201d El tema sobre el atentado contra la redacci\u00f3n de <strong><em>Charlie Hebdo<\/em><\/strong> el 7 de enero de 2015, que causa la muerte de 12 personas, fue abordado. Como lo vemos en este terrible ejemplo, hay enemigos al trabajo period\u00edstico que quieren transmitir un mensaje de miedo, porque para ellos no se puede hablar y re\u00edr de todo. Pero al contrario, ha reforzado la voluntad de periodistas de facilitar m\u00e1s informaci\u00f3n a todos sus lectores.<\/p>\n<p>Todos los intervinientes de esas distintas conferencias tuvieron la misma conclusi\u00f3n. El periodismo es un trabajo excepcional donde debemos siempre formarse, tener una credibilidad con el rigor en el tratamiento de las informaciones, es decir tener fuentes fiables. A\u00f1adieron que hoy en d\u00eda el periodismo vive algunas crisis que son la crisis de la sociedad, del papel, de las empresas period\u00edsticas y que tambi\u00e9n hay un problema con la gratuidad de la informaci\u00f3n; como puede ser el caso en Internet. Pero frente a estos inconvenientes, Juan Cruz Ruiz concluy\u00f3 con una frase que da perspectivas y animo a los futuros periodistas: \u201c<em>Vale la pena mal vivir por este oficio<\/em>.\u201d<\/p>\n<p>&nbsp;<\/p>\n<p style=\"text-align: right\"><em>\u00a0<\/em>Camille Sanchez, 22.04.2015<\/p>\n","protected":false},"excerpt":{"rendered":"<p>La semana pasada, la Delegaci\u00f3n de Estudiantes de Humanidades, Comunicaci\u00f3n y Documentaci\u00f3n de la UC3M (Universidad Carlos III de Madrid), hab\u00eda organizado para nosotros, estudiantes de la carrera de periodismo, una serie de conferencias sobre esta profesi\u00f3n. Como estudiante de intercambio en periodismo, tuvo la oportunidad de asistir a todas (excepto una), y me han &hellip; <a href=\"http:\/\/www.efj.press\/camillesanchez\/erasmus-universite-carlos-iii-madrid\/vale-la-pena-mal-vivir-por-este-oficio\/\" class=\"more-link\">Continuer la lecture de <span class=\"screen-reader-text\">\u201cVale la pena mal vivir por este oficio.\u201d<\/span>  <span class=\"meta-nav\">&rarr;<\/span><\/a><\/p>\n","protected":false},"author":113,"featured_media":198,"parent":82,"menu_order":0,"comment_status":"closed","ping_status":"closed","template":"","meta":{"footnotes":""},"_links":{"self":[{"href":"http:\/\/www.efj.press\/camillesanchez\/wp-json\/wp\/v2\/pages\/197"}],"collection":[{"href":"http:\/\/www.efj.press\/camillesanchez\/wp-json\/wp\/v2\/pages"}],"about":[{"href":"http:\/\/www.efj.press\/camillesanchez\/wp-json\/wp\/v2\/types\/page"}],"author":[{"embeddable":true,"href":"http:\/\/www.efj.press\/camillesanchez\/wp-json\/wp\/v2\/users\/113"}],"replies":[{"embeddable":true,"href":"http:\/\/www.efj.press\/camillesanchez\/wp-json\/wp\/v2\/comments?post=197"}],"version-history":[{"count":1,"href":"http:\/\/www.efj.press\/camillesanchez\/wp-json\/wp\/v2\/pages\/197\/revisions"}],"predecessor-version":[{"id":199,"href":"http:\/\/www.efj.press\/camillesanchez\/wp-json\/wp\/v2\/pages\/197\/revisions\/199"}],"up":[{"embeddable":true,"href":"http:\/\/www.efj.press\/camillesanchez\/wp-json\/wp\/v2\/pages\/82"}],"wp:featuredmedia":[{"embeddable":true,"href":"http:\/\/www.efj.press\/camillesanchez\/wp-json\/wp\/v2\/media\/198"}],"wp:attachment":[{"href":"http:\/\/www.efj.press\/camillesanchez\/wp-json\/wp\/v2\/media?parent=197"}],"curies":[{"name":"wp","href":"https:\/\/api.w.org\/{rel}","templated":true}]}}