{"id":220,"date":"2016-05-24T15:20:25","date_gmt":"2016-05-24T14:20:25","guid":{"rendered":"http:\/\/www.efj.press\/camillemonier\/?page_id=220"},"modified":"2016-06-15T22:01:49","modified_gmt":"2016-06-15T21:01:49","slug":"focus-enregistrement-plateaux","status":"publish","type":"page","link":"http:\/\/www.efj.press\/camillemonier\/mon-stage-chez-people-television\/focus-enregistrement-plateaux\/","title":{"rendered":"Focus : l&rsquo;enregistrement des plateaux"},"content":{"rendered":"<p>Aujourd&rsquo;hui, comme un jeudi sur deux, c&rsquo;est la panique dans les locaux de People TV. Nous enregistrons une \u00e9mission Business Africa et une Initiative Africa, en fran\u00e7ais et en anglais, ce qui implique que les textes pour la pr\u00e9sentatrice doivent \u00eatre tous pr\u00eats, dans les deux langues, les prompteurs imprim\u00e9s, Thierry le technicien doit \u00eatre op\u00e9rationnel et tous les reportages qui doivent \u00eatre diffus\u00e9s avec ces \u00e9missions doivent \u00eatre termin\u00e9s.<\/p>\n<p><img loading=\"lazy\" decoding=\"async\" class=\"alignnone wp-image-281 size-large\" src=\"http:\/\/www.efj.press\/camillemonier\/wp-content\/uploads\/sites\/20\/2016\/05\/Plateau-ok-3-1024x576.jpg\" alt=\"Plateau \u00e9mission People TV\" width=\"474\" height=\"267\" srcset=\"http:\/\/www.efj.press\/camillemonier\/wp-content\/uploads\/sites\/20\/2016\/05\/Plateau-ok-3-1024x576.jpg 1024w, http:\/\/www.efj.press\/camillemonier\/wp-content\/uploads\/sites\/20\/2016\/05\/Plateau-ok-3-300x169.jpg 300w, http:\/\/www.efj.press\/camillemonier\/wp-content\/uploads\/sites\/20\/2016\/05\/Plateau-ok-3.jpg 1920w\" sizes=\"(max-width: 474px) 100vw, 474px\" \/>Asha, la pr\u00e9sentatrice n&rsquo;est pas un membre permanent de l&rsquo;\u00e9quipe. En arrivant au bureau de People TV elle relie consciencieusement le conducteur, l&rsquo;arrange \u00e0 sa fa\u00e7on et demande parfois au r\u00e9dacteur en chef et moi d&rsquo;\u00e9claircir certains points.\u00a0Pendant ce temps je termine les derniers reportages et Thierry installe la cam\u00e9ra et les projecteurs dans le bureau du directeur. C&rsquo;est l\u00e0 qu&rsquo;a lieu le tournage. Quand toute l&rsquo;\u00e9quipe est pr\u00eate, Asha se place debout devant le fond vert accroch\u00e9 au mur, qui sert de fond d&rsquo;incruste. En guise de prompteur, une feuille dans une pochette plastifi\u00e9e, suspendue \u00e0 la cam\u00e9ra. Thierry la change au fur et \u00e0 mesure que la pr\u00e9sentatrice parle. Je l&rsquo;assiste parfois \u00e0 la pr\u00e9paration du mat\u00e9riel, pour changer les pages du prompteur ou pour enregistrer. Asha est bilingue c&rsquo;est donc elle qui fait la pr\u00e9sentation en fran\u00e7ais et en anglais.<\/p>\n<p><a href=\"http:\/\/www.efj.press\/camillemonier\/wp-content\/uploads\/sites\/20\/2016\/05\/plateau-ok.jpg\"><img loading=\"lazy\" decoding=\"async\" class=\"alignnone wp-image-280 size-large\" src=\"http:\/\/www.efj.press\/camillemonier\/wp-content\/uploads\/sites\/20\/2016\/05\/plateau-ok-1024x576.jpg\" alt=\"plateau \u00e9mission People TV\" width=\"474\" height=\"267\" srcset=\"http:\/\/www.efj.press\/camillemonier\/wp-content\/uploads\/sites\/20\/2016\/05\/plateau-ok-1024x576.jpg 1024w, http:\/\/www.efj.press\/camillemonier\/wp-content\/uploads\/sites\/20\/2016\/05\/plateau-ok-300x169.jpg 300w, http:\/\/www.efj.press\/camillemonier\/wp-content\/uploads\/sites\/20\/2016\/05\/plateau-ok.jpg 1920w\" sizes=\"(max-width: 474px) 100vw, 474px\" \/><\/a><\/p>\n<p>Benjamin, en production veille sur le mat\u00e9riel et les employ\u00e9s et intervenants. C&rsquo;est lui qui, des semaines plus t\u00f4t, \u00e0 fait le planning et programm\u00e9 les dates d&rsquo;enregistrement des plateaux. Lorsqu&rsquo;Asha arrive, son contrat est d\u00e9j\u00e0 pr\u00eat et le mat\u00e9riel ne manque pas, Benjamin s&rsquo;est occup\u00e9 de tout.\u00a0En g\u00e9n\u00e9ral, les plateaux nous monopolisent toute la journ\u00e9e.<\/p>\n<p>J&rsquo;ai r\u00e9alis\u00e9 un montage illustrant les trucages pour r\u00e9aliser les plateaux.<\/p>\n<p><iframe loading=\"lazy\" width=\"474\" height=\"267\" src=\"https:\/\/www.youtube.com\/embed\/uI5M1wQYJyY?feature=oembed\" frameborder=\"0\" allowfullscreen><\/iframe><\/p>\n<p>Le 15 juin le r\u00e9dacteur en chef, le directeur, la pr\u00e9sentatrice et moi nous sommes rendus \u00e0 Bruxelles pour les journ\u00e9es europ\u00e9ennes de d\u00e9veloppement (EDD). Nous y avons enregistr\u00e9 une \u00e9mission sp\u00e9ciale en plateau avec des invit\u00e9s, l&rsquo;interview du commissaire europ\u00e9en \u00e0 la coop\u00e9ration internationale et au d\u00e9veloppement\u00a0et avons profit\u00e9 du cadre pour enregistrer deux plateaux. Cette fois Thierry n&rsquo;\u00e9tait plus l\u00e0, j&rsquo;\u00e9tais donc seule \u00e0 la cam\u00e9ra. Nous avions pr\u00e9vu d&rsquo;enregistrer devant les b\u00e2timents de la Commission Europ\u00e9enne mais la pluie nous a oblig\u00e9 \u00e0 improviser. Nous nous sommes mis dans les locaux des EDD. Les deux \u00e9missions comprenant l&rsquo;interview et le plateau seront disponibles prochainement sur mon blog et sur le site de <a href=\"http:\/\/people-television.com\/\">People TV.<\/a><\/p>\n","protected":false},"excerpt":{"rendered":"<p>Aujourd&rsquo;hui, comme un jeudi sur deux, c&rsquo;est la panique dans les locaux de People TV. Nous enregistrons une \u00e9mission Business Africa et une Initiative Africa, en fran\u00e7ais et en anglais, ce qui implique que les textes pour la pr\u00e9sentatrice doivent \u00eatre tous pr\u00eats, dans les deux langues, les prompteurs imprim\u00e9s, Thierry le technicien doit \u00eatre &hellip; <a href=\"http:\/\/www.efj.press\/camillemonier\/mon-stage-chez-people-television\/focus-enregistrement-plateaux\/\" class=\"more-link\">Continuer la lecture de <span class=\"screen-reader-text\">Focus : l&rsquo;enregistrement des plateaux<\/span>  <span class=\"meta-nav\">&rarr;<\/span><\/a><\/p>\n","protected":false},"author":22,"featured_media":282,"parent":203,"menu_order":4,"comment_status":"closed","ping_status":"closed","template":"","meta":{"footnotes":""},"_links":{"self":[{"href":"http:\/\/www.efj.press\/camillemonier\/wp-json\/wp\/v2\/pages\/220"}],"collection":[{"href":"http:\/\/www.efj.press\/camillemonier\/wp-json\/wp\/v2\/pages"}],"about":[{"href":"http:\/\/www.efj.press\/camillemonier\/wp-json\/wp\/v2\/types\/page"}],"author":[{"embeddable":true,"href":"http:\/\/www.efj.press\/camillemonier\/wp-json\/wp\/v2\/users\/22"}],"replies":[{"embeddable":true,"href":"http:\/\/www.efj.press\/camillemonier\/wp-json\/wp\/v2\/comments?post=220"}],"version-history":[{"count":9,"href":"http:\/\/www.efj.press\/camillemonier\/wp-json\/wp\/v2\/pages\/220\/revisions"}],"predecessor-version":[{"id":311,"href":"http:\/\/www.efj.press\/camillemonier\/wp-json\/wp\/v2\/pages\/220\/revisions\/311"}],"up":[{"embeddable":true,"href":"http:\/\/www.efj.press\/camillemonier\/wp-json\/wp\/v2\/pages\/203"}],"wp:featuredmedia":[{"embeddable":true,"href":"http:\/\/www.efj.press\/camillemonier\/wp-json\/wp\/v2\/media\/282"}],"wp:attachment":[{"href":"http:\/\/www.efj.press\/camillemonier\/wp-json\/wp\/v2\/media?parent=220"}],"curies":[{"name":"wp","href":"https:\/\/api.w.org\/{rel}","templated":true}]}}