{"id":9,"date":"2017-01-18T15:29:01","date_gmt":"2017-01-18T14:29:01","guid":{"rendered":"http:\/\/www.efj.press\/audreybertheau\/?page_id=9"},"modified":"2017-05-31T16:54:43","modified_gmt":"2017-05-31T15:54:43","slug":"bienvenue","status":"publish","type":"page","link":"http:\/\/www.efj.press\/audreybertheau\/bienvenue\/","title":{"rendered":"BIENVENUE&#8230;"},"content":{"rendered":"<p>Bonjour\u00a0!<\/p>\n<p>Je m&rsquo;appelle Audrey Bertheau, actuellement \u00e9tudiante en deuxi\u00e8me ann\u00e9e \u00e0 l&rsquo;\u00c9cole Fran\u00e7aise de Journalisme<\/p>\n<p>Je vous invite \u00e0\u00a0d\u00e9couvrir mon blog EFJ : Curriculum vitae, articles et autres&#8230;<\/p>\n<p>Je vous invite \u00e0 me suivre sur <a href=\"https:\/\/twitter.com\/audrey_bertheau\">twitter<\/a>\u00a0!<\/p>\n<p>Vous pouvez \u00e9galement me joindre par mail audreybertheau@live.fr<\/p>\n<p>\u00c0 bient\u00f4t,<\/p>\n<p>Audrey<\/p>\n","protected":false},"excerpt":{"rendered":"<p>Bonjour\u00a0! Je m&rsquo;appelle Audrey Bertheau, actuellement \u00e9tudiante en deuxi\u00e8me ann\u00e9e \u00e0 l&rsquo;\u00c9cole Fran\u00e7aise de Journalisme Je vous invite \u00e0\u00a0d\u00e9couvrir mon blog EFJ : Curriculum vitae, articles et autres&#8230; Je vous invite \u00e0 me suivre sur twitter\u00a0! Vous pouvez \u00e9galement me joindre par mail audreybertheau@live.fr \u00c0 bient\u00f4t, Audrey<\/p>\n","protected":false},"author":79,"featured_media":15,"parent":0,"menu_order":0,"comment_status":"closed","ping_status":"closed","template":"","meta":{"footnotes":""},"_links":{"self":[{"href":"http:\/\/www.efj.press\/audreybertheau\/wp-json\/wp\/v2\/pages\/9"}],"collection":[{"href":"http:\/\/www.efj.press\/audreybertheau\/wp-json\/wp\/v2\/pages"}],"about":[{"href":"http:\/\/www.efj.press\/audreybertheau\/wp-json\/wp\/v2\/types\/page"}],"author":[{"embeddable":true,"href":"http:\/\/www.efj.press\/audreybertheau\/wp-json\/wp\/v2\/users\/79"}],"replies":[{"embeddable":true,"href":"http:\/\/www.efj.press\/audreybertheau\/wp-json\/wp\/v2\/comments?post=9"}],"version-history":[{"count":4,"href":"http:\/\/www.efj.press\/audreybertheau\/wp-json\/wp\/v2\/pages\/9\/revisions"}],"predecessor-version":[{"id":25,"href":"http:\/\/www.efj.press\/audreybertheau\/wp-json\/wp\/v2\/pages\/9\/revisions\/25"}],"wp:featuredmedia":[{"embeddable":true,"href":"http:\/\/www.efj.press\/audreybertheau\/wp-json\/wp\/v2\/media\/15"}],"wp:attachment":[{"href":"http:\/\/www.efj.press\/audreybertheau\/wp-json\/wp\/v2\/media?parent=9"}],"curies":[{"name":"wp","href":"https:\/\/api.w.org\/{rel}","templated":true}]}}