{"id":7,"date":"2017-01-16T12:17:11","date_gmt":"2017-01-16T11:17:11","guid":{"rendered":"http:\/\/www.efj.press\/audreybertheau\/?page_id=7"},"modified":"2018-04-05T15:07:27","modified_gmt":"2018-04-05T14:07:27","slug":"curriculum-vitae","status":"publish","type":"page","link":"http:\/\/www.efj.press\/audreybertheau\/curriculum-vitae\/","title":{"rendered":"CURRICULUM VITAE"},"content":{"rendered":"<p><strong>Audrey Bertheau<\/strong><br \/>\naudrey.bertheau@efj.fr<\/p>\n<p style=\"text-align: center\"><em><strong>EXPERIENCES PROFESSIONNELLES<\/strong><\/em><\/p>\n<p style=\"text-align: left\"><strong>Janvier-juillet 2018 : Ligne de Front<\/strong><\/p>\n<p style=\"text-align: left\">Stagiaire au sein d&rsquo;une soci\u00e9t\u00e9 de production. Journaliste Enqu\u00eatrice pour Enqu\u00eate exclusive, Dossier Tabou, 66 minutes sur M6<\/p>\n<p style=\"text-align: left\"><strong>Janvier-mai 2017 : R\u00e9dactrice<\/strong><\/p>\n<p style=\"text-align: left\">R\u00e9daction de l&rsquo;ouvrage \u00ab\u00a0615 histoires sur l&rsquo;engagement\u00a0\u00bb de Yann-Arthus Bertrand<\/p>\n<p style=\"text-align: left\"><strong>Septembre-d\u00e9cembre 2017 : Mad Productions<\/strong><\/p>\n<p style=\"text-align: left\">Stagiaire au sein d&rsquo;une soci\u00e9t\u00e9 de production. Participation \u00e0 la r\u00e9alisation de trois documentaires pour C8 et NRJ12<\/p>\n<p style=\"text-align: left\"><strong>Mars 2012 : M6<\/strong><\/p>\n<p style=\"text-align: left\">Stagiaire au sein de la r\u00e9daction du 19:45 sur M6<\/p>\n<p style=\"text-align: center\"><em><strong>FORMATIONS<\/strong><\/em><\/p>\n<p style=\"text-align: left\"><strong>2015-2018 : \u00c9cole Fran\u00e7aise de journalisme \u00e0 Paris<\/strong><\/p>\n<p style=\"text-align: left\"><strong>Juillet 2015 : Lyc\u00e9e Paul Lapie<\/strong><br \/>\nObtention d&rsquo;un baccalaur\u00e9at \u00e9conomique et social option sciences politiques<\/p>\n<p style=\"text-align: center\"><em><strong>COMP\u00c9TENCES\u00a0<\/strong><\/em><\/p>\n<p style=\"text-align: left\"><strong>Anglais :<\/strong> niveau\u00a0courant<br \/>\n<strong>Espagnol :<\/strong> niveau scolaire<\/p>\n<p style=\"text-align: left\"><strong>Informatique :<\/strong>\u00a0Montage (Final cut, Premiere) Maitrise pack office, suite Adobe<\/p>\n<p style=\"text-align: left\"><strong>Qualit\u00e9s :<\/strong> Ambitieuse, curieuse, active, sociable, organis\u00e9e<\/p>\n","protected":false},"excerpt":{"rendered":"<p>Audrey Bertheau audrey.bertheau@efj.fr EXPERIENCES PROFESSIONNELLES Janvier-juillet 2018 : Ligne de Front Stagiaire au sein d&rsquo;une soci\u00e9t\u00e9 de production. Journaliste Enqu\u00eatrice pour Enqu\u00eate exclusive, Dossier Tabou, 66 minutes sur M6 Janvier-mai 2017 : R\u00e9dactrice R\u00e9daction de l&rsquo;ouvrage \u00ab\u00a0615 histoires sur l&rsquo;engagement\u00a0\u00bb de Yann-Arthus Bertrand Septembre-d\u00e9cembre 2017 : Mad Productions Stagiaire au sein d&rsquo;une soci\u00e9t\u00e9 de production. &hellip; <a href=\"http:\/\/www.efj.press\/audreybertheau\/curriculum-vitae\/\" class=\"more-link\">Continuer la lecture de <span class=\"screen-reader-text\">CURRICULUM VITAE<\/span>  <span class=\"meta-nav\">&rarr;<\/span><\/a><\/p>\n","protected":false},"author":79,"featured_media":0,"parent":0,"menu_order":0,"comment_status":"closed","ping_status":"closed","template":"","meta":{"footnotes":""},"_links":{"self":[{"href":"http:\/\/www.efj.press\/audreybertheau\/wp-json\/wp\/v2\/pages\/7"}],"collection":[{"href":"http:\/\/www.efj.press\/audreybertheau\/wp-json\/wp\/v2\/pages"}],"about":[{"href":"http:\/\/www.efj.press\/audreybertheau\/wp-json\/wp\/v2\/types\/page"}],"author":[{"embeddable":true,"href":"http:\/\/www.efj.press\/audreybertheau\/wp-json\/wp\/v2\/users\/79"}],"replies":[{"embeddable":true,"href":"http:\/\/www.efj.press\/audreybertheau\/wp-json\/wp\/v2\/comments?post=7"}],"version-history":[{"count":5,"href":"http:\/\/www.efj.press\/audreybertheau\/wp-json\/wp\/v2\/pages\/7\/revisions"}],"predecessor-version":[{"id":30,"href":"http:\/\/www.efj.press\/audreybertheau\/wp-json\/wp\/v2\/pages\/7\/revisions\/30"}],"wp:attachment":[{"href":"http:\/\/www.efj.press\/audreybertheau\/wp-json\/wp\/v2\/media?parent=7"}],"curies":[{"name":"wp","href":"https:\/\/api.w.org\/{rel}","templated":true}]}}