{"id":207,"date":"2017-06-26T10:58:34","date_gmt":"2017-06-26T09:58:34","guid":{"rendered":"http:\/\/www.efj.press\/amandinenilles\/?page_id=207"},"modified":"2017-06-26T14:04:01","modified_gmt":"2017-06-26T13:04:01","slug":"liaisons-sociales-magazine-72-ans-et-toutes-ses-dents","status":"publish","type":"page","link":"http:\/\/www.efj.press\/amandinenilles\/stage\/liaisons-sociales-magazine-72-ans-et-toutes-ses-dents\/","title":{"rendered":"Liaisons Sociales Magazine, 72 ans et toutes ses dents"},"content":{"rendered":"<p><em>Le magazine fond\u00e9 par d&rsquo;anciens r\u00e9sistants a encore de belles ann\u00e9es devant lui. Apr\u00e8s avoir travers\u00e9 les Trente Glorieuses et les\u00a0Trente\u00a0Piteuses, Liaisons Sociales Magazine ne cesse de vivre avec son temps et de s&rsquo;adapter \u00e0 ce qui fait son \u00e9poque.\u00a0<\/em><\/p>\n<p><img loading=\"lazy\" decoding=\"async\" class=\"size-medium wp-image-209 alignleft\" src=\"http:\/\/www.efj.press\/amandinenilles\/wp-content\/uploads\/sites\/156\/2017\/06\/Capture-d\u2019\u00e9cran-2017-06-20-\u00e0-12.47.50-300x206.png\" alt=\"capture-decran-2017-06-20-a-12-47-50\" width=\"300\" height=\"206\" srcset=\"http:\/\/www.efj.press\/amandinenilles\/wp-content\/uploads\/sites\/156\/2017\/06\/Capture-d\u2019\u00e9cran-2017-06-20-\u00e0-12.47.50-300x206.png 300w, http:\/\/www.efj.press\/amandinenilles\/wp-content\/uploads\/sites\/156\/2017\/06\/Capture-d\u2019\u00e9cran-2017-06-20-\u00e0-12.47.50.png 674w\" sizes=\"(max-width: 300px) 100vw, 300px\" \/>Septuag\u00e9naire et plus jeune que jamais. Liaisons Sociales Magazine (LSM) fond\u00e9 en 1945, \u00e9tait un quotidien consacr\u00e9 \u00e0 l&rsquo;actualit\u00e9 sociale et au droit du travail. LSM s&rsquo;est pr\u00e9sent\u00e9 en kiosque sous de multiples formes. Un quotidien, un trimestriel, un bimensuel, un hebdomadaire puis un mensuel papier.\u00a0L&rsquo;ancien quotidien se focalise aujourd&rsquo;hui, avec son site internet, sur la gestion des ressources humaines en entreprise mais le fil rouge du magazine reste le social.<\/p>\n<p><strong>Le grand bouleversement\u00a0<\/strong><\/p>\n<p><img loading=\"lazy\" decoding=\"async\" class=\"size-medium wp-image-208 alignleft\" src=\"http:\/\/www.efj.press\/amandinenilles\/wp-content\/uploads\/sites\/156\/2017\/06\/Capture-d\u2019\u00e9cran-2017-06-26-\u00e0-11.56.24-300x194.png\" alt=\"capture-decran-2017-06-26-a-11-56-24\" width=\"300\" height=\"194\" srcset=\"http:\/\/www.efj.press\/amandinenilles\/wp-content\/uploads\/sites\/156\/2017\/06\/Capture-d\u2019\u00e9cran-2017-06-26-\u00e0-11.56.24-300x194.png 300w, http:\/\/www.efj.press\/amandinenilles\/wp-content\/uploads\/sites\/156\/2017\/06\/Capture-d\u2019\u00e9cran-2017-06-26-\u00e0-11.56.24-768x497.png 768w, http:\/\/www.efj.press\/amandinenilles\/wp-content\/uploads\/sites\/156\/2017\/06\/Capture-d\u2019\u00e9cran-2017-06-26-\u00e0-11.56.24-1024x662.png 1024w, http:\/\/www.efj.press\/amandinenilles\/wp-content\/uploads\/sites\/156\/2017\/06\/Capture-d\u2019\u00e9cran-2017-06-26-\u00e0-11.56.24.png 1200w\" sizes=\"(max-width: 300px) 100vw, 300px\" \/>En 72\u00a0ann\u00e9es les actionnaires se sont succ\u00e9d\u00e9s. Le dernier, Wolters Kluwers a \u00e9t\u00e9 rachet\u00e9 en Juin 2016 par Fran\u00e7ois Grandidier, propri\u00e9taire de Terroir Magazine afin de cr\u00e9er Groupe6TM. Une entit\u00e9 regroupant plusieurs titres de presse professionnelle. L&rsquo;objectif de F. Grandidier et J.C Klein, son Directeur G\u00e9n\u00e9ral, est de faire partie des trois meilleurs groupes\u00a0de presse fran\u00e7ais d&rsquo;ici 2026.<\/p>\n<figure id=\"attachment_216\" aria-describedby=\"caption-attachment-216\" style=\"width: 300px\" class=\"wp-caption alignleft\"><img loading=\"lazy\" decoding=\"async\" class=\"size-medium wp-image-216\" src=\"http:\/\/www.efj.press\/amandinenilles\/wp-content\/uploads\/sites\/156\/2017\/06\/Capture-d\u2019\u00e9cran-2017-06-26-\u00e0-15.02.51-300x154.png\" alt=\"Cr\u00e9dits : amandine nilles \" width=\"300\" height=\"154\" srcset=\"http:\/\/www.efj.press\/amandinenilles\/wp-content\/uploads\/sites\/156\/2017\/06\/Capture-d\u2019\u00e9cran-2017-06-26-\u00e0-15.02.51-300x154.png 300w, http:\/\/www.efj.press\/amandinenilles\/wp-content\/uploads\/sites\/156\/2017\/06\/Capture-d\u2019\u00e9cran-2017-06-26-\u00e0-15.02.51-768x395.png 768w, http:\/\/www.efj.press\/amandinenilles\/wp-content\/uploads\/sites\/156\/2017\/06\/Capture-d\u2019\u00e9cran-2017-06-26-\u00e0-15.02.51-1024x527.png 1024w\" sizes=\"(max-width: 300px) 100vw, 300px\" \/><figcaption id=\"caption-attachment-216\" class=\"wp-caption-text\">Cr\u00e9dits : amandine nilles<\/figcaption><\/figure>\n<p>Pour cela, le groupe se divise\u00a0en trois filiales. Liaisons Sociales Magazine fait partie de celle qui concentre les r\u00e9dactions : Info6TM. De grands changements bouleversent tant les directions en place que les r\u00e9dactions et les salari\u00e9s au bas de la pyramide. Les postes sont en travaux et beaucoup de d\u00e9part ont \u00e9t\u00e9 \u00e0 d\u00e9plorer chez LSM. L&rsquo;\u00e9quipe r\u00e9dactionnelle est pass\u00e9 de 10 journalistes \u00e0 un r\u00e9dacteur en chef, Eric B\u00e9al, menant le mensuel seul durant deux mois. Une atmosph\u00e8re d&rsquo;incertitude plane dans les bureaux. Tout le monde sera fix\u00e9 sur l&rsquo;avenir du mensuel le 21 juillet 2017, date de la fermeture de la clause de cession. Mais tous se battent pour que LSM continue de prosp\u00e9rer.<\/p>\n<p>&nbsp;<\/p>\n","protected":false},"excerpt":{"rendered":"<p>Le magazine fond\u00e9 par d&rsquo;anciens r\u00e9sistants a encore de belles ann\u00e9es devant lui. Apr\u00e8s avoir travers\u00e9 les Trente Glorieuses et les\u00a0Trente\u00a0Piteuses, Liaisons Sociales Magazine ne cesse de vivre avec son temps et de s&rsquo;adapter \u00e0 ce qui fait son \u00e9poque.\u00a0 Septuag\u00e9naire et plus jeune que jamais. Liaisons Sociales Magazine (LSM) fond\u00e9 en 1945, \u00e9tait un &hellip; <a href=\"http:\/\/www.efj.press\/amandinenilles\/stage\/liaisons-sociales-magazine-72-ans-et-toutes-ses-dents\/\" class=\"more-link\">Continuer la lecture de <span class=\"screen-reader-text\">Liaisons Sociales Magazine, 72 ans et toutes ses dents<\/span>  <span class=\"meta-nav\">&rarr;<\/span><\/a><\/p>\n","protected":false},"author":136,"featured_media":0,"parent":168,"menu_order":0,"comment_status":"closed","ping_status":"closed","template":"","meta":{"footnotes":""},"_links":{"self":[{"href":"http:\/\/www.efj.press\/amandinenilles\/wp-json\/wp\/v2\/pages\/207"}],"collection":[{"href":"http:\/\/www.efj.press\/amandinenilles\/wp-json\/wp\/v2\/pages"}],"about":[{"href":"http:\/\/www.efj.press\/amandinenilles\/wp-json\/wp\/v2\/types\/page"}],"author":[{"embeddable":true,"href":"http:\/\/www.efj.press\/amandinenilles\/wp-json\/wp\/v2\/users\/136"}],"replies":[{"embeddable":true,"href":"http:\/\/www.efj.press\/amandinenilles\/wp-json\/wp\/v2\/comments?post=207"}],"version-history":[{"count":4,"href":"http:\/\/www.efj.press\/amandinenilles\/wp-json\/wp\/v2\/pages\/207\/revisions"}],"predecessor-version":[{"id":217,"href":"http:\/\/www.efj.press\/amandinenilles\/wp-json\/wp\/v2\/pages\/207\/revisions\/217"}],"up":[{"embeddable":true,"href":"http:\/\/www.efj.press\/amandinenilles\/wp-json\/wp\/v2\/pages\/168"}],"wp:attachment":[{"href":"http:\/\/www.efj.press\/amandinenilles\/wp-json\/wp\/v2\/media?parent=207"}],"curies":[{"name":"wp","href":"https:\/\/api.w.org\/{rel}","templated":true}]}}