{"id":193,"date":"2017-06-20T14:04:55","date_gmt":"2017-06-20T13:04:55","guid":{"rendered":"http:\/\/www.efj.press\/amandinenilles\/?page_id=193"},"modified":"2017-06-21T10:32:09","modified_gmt":"2017-06-21T09:32:09","slug":"que-serait-liaisons-sociales-magazine-sans-ses-pigistes","status":"publish","type":"page","link":"http:\/\/www.efj.press\/amandinenilles\/stage\/que-serait-liaisons-sociales-magazine-sans-ses-pigistes\/","title":{"rendered":"Les pigistes de Liaisons Sociales Magazine s&rsquo;associent"},"content":{"rendered":"<p><em>Les pigistes font vivre Liaisons Sociales Magazine (LSM). Le r\u00e9dacteur en chef, Eric B\u00e9al se trouvant seul \u00e0 assurer le web et le print pendant deux mois, il a fait appel \u00e0 30 pigistes.<\/em><\/p>\n<p><img loading=\"lazy\" decoding=\"async\" class=\"size-medium wp-image-197 alignleft\" src=\"http:\/\/www.efj.press\/amandinenilles\/wp-content\/uploads\/sites\/156\/2017\/06\/IMG_1245-300x225.jpg\" alt=\"img_1245\" width=\"300\" height=\"225\" srcset=\"http:\/\/www.efj.press\/amandinenilles\/wp-content\/uploads\/sites\/156\/2017\/06\/IMG_1245-300x225.jpg 300w, http:\/\/www.efj.press\/amandinenilles\/wp-content\/uploads\/sites\/156\/2017\/06\/IMG_1245-768x576.jpg 768w, http:\/\/www.efj.press\/amandinenilles\/wp-content\/uploads\/sites\/156\/2017\/06\/IMG_1245-1024x768.jpg 1024w\" sizes=\"(max-width: 300px) 100vw, 300px\" \/>Jamais deux sans trente. Lorsque l&rsquo;on porte un magazine de 70 pages sur ses \u00e9paules, les pigistes sont des aides pr\u00e9cieuses. Eric B\u00e9al, r\u00e9dacteur en chef a convoqu\u00e9 14 des pigistes \u00e0 un rendez-vous afin de pr\u00e9parer l&rsquo;avenir du canard. Au menu : objectifs pour les prochains num\u00e9ros, changements de mise en page et de rubriques, red\u00e9finition des sujets propres \u00e0 LSM et Entreprises et Carri\u00e8res et les choses \u00e0 mettre en place pour attirer de nouveau les lecteurs. Mais le but \u00e9tait de mettre en commun les pigistes afin qu&rsquo;ils cr\u00e9ent une sorte de collectif r\u00e9dactionnel en dehors de la r\u00e9daction permanente. Les dossiers du mensuel sont longs et souvent complexes \u00e0 r\u00e9aliser seul. Eric B\u00e9al, ancien pigiste pendant 10 ans assure\u00a0\u00ab\u00a0multiplier les opportunit\u00e9s de bosser\u00a0\u00bb pour les pigistes entraid\u00e9s. La r\u00e9flexion sera simplifi\u00e9e\u00a0et les journalistes pourront ais\u00e9ment\u00a0\u00ab\u00a0faire le lien sur les r\u00e9flexions th\u00e9oriques et les d\u00e9cryptages\u00a0\u00bb, encha\u00eene t-il. \u00a0Pour cela, encore faut-il y ait des lecteurs \u00e0 qui \u00e9crire.<\/p>\n<p><strong>Des lecteurs oubli\u00e9s\u00a0<\/strong><\/p>\n<p><img loading=\"lazy\" decoding=\"async\" class=\"size-medium wp-image-198 alignleft\" src=\"http:\/\/www.efj.press\/amandinenilles\/wp-content\/uploads\/sites\/156\/2017\/06\/IMG_1266-300x225.jpg\" alt=\"img_1266\" width=\"300\" height=\"225\" srcset=\"http:\/\/www.efj.press\/amandinenilles\/wp-content\/uploads\/sites\/156\/2017\/06\/IMG_1266-300x225.jpg 300w, http:\/\/www.efj.press\/amandinenilles\/wp-content\/uploads\/sites\/156\/2017\/06\/IMG_1266-768x576.jpg 768w, http:\/\/www.efj.press\/amandinenilles\/wp-content\/uploads\/sites\/156\/2017\/06\/IMG_1266-1024x768.jpg 1024w\" sizes=\"(max-width: 300px) 100vw, 300px\" \/>\u00ab\u00a0Nous ne sommes pas int\u00e9ress\u00e9s \u00e0 notre lectorat\u00a0\u00bb constate le r\u00e9dacteur en chef. L&rsquo;avenir du mensuel tient donc \u00e0 se rapprocher des envies des lecteurs. Cela passe par la pr\u00e9sentation d&rsquo;un master RH, remettre \u00e0 jour la rubrique \u00ab\u00a0d\u00e9codage management\u00a0\u00bb anciennement \u00ab\u00a0la m\u00e9thode\u00a0\u00bb consistant \u00e0 pr\u00e9senter la m\u00e9thode d&rsquo;un patron pour g\u00e9rer ses \u00e9quipes. Mais aussi de mettre en place un entretien avec des sp\u00e9cialistes de la sant\u00e9 au travail. \u00a0\u00c0\u00a0plus long terme, un collectif de lecteurs devrait \u00eatre cr\u00e9\u00e9. Ainsi qu&rsquo;un moyen de communication direct des lecteurs aux journalistes.\u00a0Ces nouveaut\u00e9s ou mises \u00e0 jour visent \u00e0 toucher au moins 40 000 des 170 000 salari\u00e9s du secteur RH en France. Un premier chantier colossal accept\u00e9 par tous les pigistes pr\u00e9sents lors de cette pr\u00e9sentation.<\/p>\n<p><strong>Renforcer les effectifs\u00a0<\/strong><\/p>\n<p>Un autre des chantiers du magazine, et pas des moindre, est le recrutement d&rsquo;au moins deux journalistes permanents \u00e0 la r\u00e9daction et d&rsquo;un secr\u00e9taire de r\u00e9daction suppl\u00e9mentaire. Alors que l&rsquo;\u00e9quipe \u00e9tait pass\u00e9e de 10 journalistes permanents \u00e0 un seul puis un deuxi\u00e8me en CDD, Jos\u00e9 Garcia-Lopez. Ce projet est en discussion avec l&rsquo;actionnaire. La r\u00e9ponse sur ces demandes et changements sera connue le 26 juin avant la close de cession du 21 juillet. Malgr\u00e9 le soutien des pigistes pr\u00eats \u00e0 s&rsquo;engager avec Liaisons Sociales Magazine, le mensuel ne survivra pas sans le recrutement de plusieurs journalistes. \u00ab\u00a0L&rsquo;avenir est compromis pour tous mais nous comptons bien nous\u00a0battre\u00a0\u00bb conclut Eric B\u00e9al.<\/p>\n<p>&nbsp;<\/p>\n","protected":false},"excerpt":{"rendered":"<p>Les pigistes font vivre Liaisons Sociales Magazine (LSM). Le r\u00e9dacteur en chef, Eric B\u00e9al se trouvant seul \u00e0 assurer le web et le print pendant deux mois, il a fait appel \u00e0 30 pigistes. Jamais deux sans trente. Lorsque l&rsquo;on porte un magazine de 70 pages sur ses \u00e9paules, les pigistes sont des aides pr\u00e9cieuses. &hellip; <a href=\"http:\/\/www.efj.press\/amandinenilles\/stage\/que-serait-liaisons-sociales-magazine-sans-ses-pigistes\/\" class=\"more-link\">Continuer la lecture de <span class=\"screen-reader-text\">Les pigistes de Liaisons Sociales Magazine s&rsquo;associent<\/span>  <span class=\"meta-nav\">&rarr;<\/span><\/a><\/p>\n","protected":false},"author":136,"featured_media":0,"parent":168,"menu_order":0,"comment_status":"closed","ping_status":"closed","template":"","meta":{"footnotes":""},"_links":{"self":[{"href":"http:\/\/www.efj.press\/amandinenilles\/wp-json\/wp\/v2\/pages\/193"}],"collection":[{"href":"http:\/\/www.efj.press\/amandinenilles\/wp-json\/wp\/v2\/pages"}],"about":[{"href":"http:\/\/www.efj.press\/amandinenilles\/wp-json\/wp\/v2\/types\/page"}],"author":[{"embeddable":true,"href":"http:\/\/www.efj.press\/amandinenilles\/wp-json\/wp\/v2\/users\/136"}],"replies":[{"embeddable":true,"href":"http:\/\/www.efj.press\/amandinenilles\/wp-json\/wp\/v2\/comments?post=193"}],"version-history":[{"count":3,"href":"http:\/\/www.efj.press\/amandinenilles\/wp-json\/wp\/v2\/pages\/193\/revisions"}],"predecessor-version":[{"id":199,"href":"http:\/\/www.efj.press\/amandinenilles\/wp-json\/wp\/v2\/pages\/193\/revisions\/199"}],"up":[{"embeddable":true,"href":"http:\/\/www.efj.press\/amandinenilles\/wp-json\/wp\/v2\/pages\/168"}],"wp:attachment":[{"href":"http:\/\/www.efj.press\/amandinenilles\/wp-json\/wp\/v2\/media?parent=193"}],"curies":[{"name":"wp","href":"https:\/\/api.w.org\/{rel}","templated":true}]}}