{"id":140,"date":"2017-01-16T12:16:14","date_gmt":"2017-01-16T11:16:14","guid":{"rendered":"http:\/\/www.efj.press\/amandinenilles\/?page_id=140"},"modified":"2017-01-26T15:02:30","modified_gmt":"2017-01-26T14:02:30","slug":"star-wars-rogue-one-un-phenomene-commercial","status":"publish","type":"page","link":"http:\/\/www.efj.press\/amandinenilles\/travaux-et-projets\/star-wars-rogue-one-un-phenomene-commercial\/","title":{"rendered":"Star Wars : Rogue One, un ph\u00e9nom\u00e8ne commercial"},"content":{"rendered":"<p><iframe loading=\"lazy\" width=\"474\" height=\"267\" src=\"https:\/\/www.youtube.com\/embed\/q_WysB_O1eE?feature=oembed\" frameborder=\"0\" allowfullscreen><\/iframe><\/p>\n<p style=\"text-align: center\">Star Wars sort son \u00e9ni\u00e8me opus, Rogue One. Entre engouement des fans pour la qualit\u00e9 du film ou simple ph\u00e9nom\u00e8ne commercial ?<\/p>\n<p style=\"text-align: center\"><em>Reportage r\u00e9alis\u00e9 en MOJO.\u00a0<\/em><\/p>\n<p style=\"text-align: left\">Vous pourrez retrouver toutes mes vid\u00e9os sur ma page <a href=\"https:\/\/www.youtube.com\/channel\/UCdG4Ej8BvGhIUbcJvBeMMNw\">youtube.\u00a0<\/a><\/p>\n","protected":false},"excerpt":{"rendered":"<p>Star Wars sort son \u00e9ni\u00e8me opus, Rogue One. Entre engouement des fans pour la qualit\u00e9 du film ou simple ph\u00e9nom\u00e8ne commercial ? Reportage r\u00e9alis\u00e9 en MOJO.\u00a0 Vous pourrez retrouver toutes mes vid\u00e9os sur ma page youtube.\u00a0<\/p>\n","protected":false},"author":136,"featured_media":0,"parent":106,"menu_order":0,"comment_status":"closed","ping_status":"closed","template":"","meta":{"footnotes":""},"_links":{"self":[{"href":"http:\/\/www.efj.press\/amandinenilles\/wp-json\/wp\/v2\/pages\/140"}],"collection":[{"href":"http:\/\/www.efj.press\/amandinenilles\/wp-json\/wp\/v2\/pages"}],"about":[{"href":"http:\/\/www.efj.press\/amandinenilles\/wp-json\/wp\/v2\/types\/page"}],"author":[{"embeddable":true,"href":"http:\/\/www.efj.press\/amandinenilles\/wp-json\/wp\/v2\/users\/136"}],"replies":[{"embeddable":true,"href":"http:\/\/www.efj.press\/amandinenilles\/wp-json\/wp\/v2\/comments?post=140"}],"version-history":[{"count":2,"href":"http:\/\/www.efj.press\/amandinenilles\/wp-json\/wp\/v2\/pages\/140\/revisions"}],"predecessor-version":[{"id":154,"href":"http:\/\/www.efj.press\/amandinenilles\/wp-json\/wp\/v2\/pages\/140\/revisions\/154"}],"up":[{"embeddable":true,"href":"http:\/\/www.efj.press\/amandinenilles\/wp-json\/wp\/v2\/pages\/106"}],"wp:attachment":[{"href":"http:\/\/www.efj.press\/amandinenilles\/wp-json\/wp\/v2\/media?parent=140"}],"curies":[{"name":"wp","href":"https:\/\/api.w.org\/{rel}","templated":true}]}}