{"id":144,"date":"2017-01-16T10:23:30","date_gmt":"2017-01-16T09:23:30","guid":{"rendered":"http:\/\/www.efj.press\/agathepalaizines\/?page_id=144"},"modified":"2017-01-16T10:44:03","modified_gmt":"2017-01-16T09:44:03","slug":"accueil","status":"publish","type":"page","link":"http:\/\/www.efj.press\/agathepalaizines\/accueil\/","title":{"rendered":"Accueil"},"content":{"rendered":"<p>Agathe Palaizines<\/p>\n<p>20 mai 1995<\/p>\n<p>2\u00e8me ann\u00e9e de journalisme<\/p>\n<p>Ecole Fran\u00e7aise de Journalisme<\/p>\n<p>&nbsp;<\/p>\n<div class=\"twitter-timeline-profile\"><a class=\"twitter-timeline\" data-lang=\"fr\" href=\"https:\/\/twitter.com\/agpalaiz?ref_src=twsrc%5Etfw\">Tweets by agpalaiz<\/a><\/div>\n<p>&nbsp;<\/p>\n<p>&nbsp;<\/p>\n<p><img loading=\"lazy\" decoding=\"async\" class=\"alignnone  wp-image-150\" src=\"http:\/\/www.efj.press\/agathepalaizines\/wp-content\/uploads\/sites\/131\/2017\/01\/Linkedin-300x111.png\" alt=\"linkedin\" width=\"116\" height=\"43\" srcset=\"http:\/\/www.efj.press\/agathepalaizines\/wp-content\/uploads\/sites\/131\/2017\/01\/Linkedin-300x111.png 300w, http:\/\/www.efj.press\/agathepalaizines\/wp-content\/uploads\/sites\/131\/2017\/01\/Linkedin-768x283.png 768w, http:\/\/www.efj.press\/agathepalaizines\/wp-content\/uploads\/sites\/131\/2017\/01\/Linkedin-1024x378.png 1024w\" sizes=\"(max-width: 116px) 100vw, 116px\" \/>\u00a0:<\/p>\n<p><a href=\"https:\/\/fr.linkedin.com\/in\/agathe-palaizines-6aa732133\">Agathe Palaizines<\/a><\/p>\n<p>&nbsp;<\/p>\n<p>Stages :<\/p>\n<ul>\n<li>Elle Magazine, Lagard\u00e8re Active, 2010<\/li>\n<li>France 3 National, Enqu\u00eates et reportages, informations g\u00e9n\u00e9rales, 2016<\/li>\n<\/ul>\n","protected":false},"excerpt":{"rendered":"<p>Agathe Palaizines 20 mai 1995 2\u00e8me ann\u00e9e de journalisme Ecole Fran\u00e7aise de Journalisme &nbsp; Tweets by agpalaiz &nbsp; &nbsp; \u00a0: Agathe Palaizines &nbsp; Stages : Elle Magazine, Lagard\u00e8re Active, 2010 France 3 National, Enqu\u00eates et reportages, informations g\u00e9n\u00e9rales, 2016<\/p>\n","protected":false},"author":112,"featured_media":0,"parent":0,"menu_order":0,"comment_status":"closed","ping_status":"closed","template":"","meta":{"footnotes":""},"_links":{"self":[{"href":"http:\/\/www.efj.press\/agathepalaizines\/wp-json\/wp\/v2\/pages\/144"}],"collection":[{"href":"http:\/\/www.efj.press\/agathepalaizines\/wp-json\/wp\/v2\/pages"}],"about":[{"href":"http:\/\/www.efj.press\/agathepalaizines\/wp-json\/wp\/v2\/types\/page"}],"author":[{"embeddable":true,"href":"http:\/\/www.efj.press\/agathepalaizines\/wp-json\/wp\/v2\/users\/112"}],"replies":[{"embeddable":true,"href":"http:\/\/www.efj.press\/agathepalaizines\/wp-json\/wp\/v2\/comments?post=144"}],"version-history":[{"count":6,"href":"http:\/\/www.efj.press\/agathepalaizines\/wp-json\/wp\/v2\/pages\/144\/revisions"}],"predecessor-version":[{"id":151,"href":"http:\/\/www.efj.press\/agathepalaizines\/wp-json\/wp\/v2\/pages\/144\/revisions\/151"}],"wp:attachment":[{"href":"http:\/\/www.efj.press\/agathepalaizines\/wp-json\/wp\/v2\/media?parent=144"}],"curies":[{"name":"wp","href":"https:\/\/api.w.org\/{rel}","templated":true}]}}