{"id":109,"date":"2015-12-08T22:42:46","date_gmt":"2015-12-08T21:42:46","guid":{"rendered":"http:\/\/www.efj.press\/adelepillon\/?page_id=109"},"modified":"2015-12-08T22:43:35","modified_gmt":"2015-12-08T21:43:35","slug":"notre-travail-en-chiffres","status":"publish","type":"page","link":"http:\/\/www.efj.press\/adelepillon\/methodologie\/notre-travail-en-chiffres\/","title":{"rendered":"Notre travail en chiffres"},"content":{"rendered":"<p>18 google docs<br \/>\n37 feuilles spreadsheets<br \/>\n864 lignes sur le tableau r\u00e9capitulatif (2 556 cellules remplies de donn\u00e9es)<br \/>\nEn moyenne 11 onglets ouverts sur les navigateurs<br \/>\n5 d\u00e9bats (tr\u00e8s) houleux et des heures et des heures de r\u00e9flexion<br \/>\n112 coups de t\u00e9l\u00e9phone<br \/>\n240 cigarettes fum\u00e9es<br \/>\n1 000 \u00ab\u00a0merci \u00e0 toi\u00a0\u00bb<\/p>\n","protected":false},"excerpt":{"rendered":"<p>18 google docs 37 feuilles spreadsheets 864 lignes sur le tableau r\u00e9capitulatif (2 556 cellules remplies de donn\u00e9es) En moyenne 11 onglets ouverts sur les navigateurs 5 d\u00e9bats (tr\u00e8s) houleux et des heures et des heures de r\u00e9flexion 112 coups de t\u00e9l\u00e9phone 240 cigarettes fum\u00e9es 1 000 \u00ab\u00a0merci \u00e0 toi\u00a0\u00bb<\/p>\n","protected":false},"author":23,"featured_media":0,"parent":75,"menu_order":0,"comment_status":"closed","ping_status":"closed","template":"","meta":{"footnotes":""},"_links":{"self":[{"href":"http:\/\/www.efj.press\/adelepillon\/wp-json\/wp\/v2\/pages\/109"}],"collection":[{"href":"http:\/\/www.efj.press\/adelepillon\/wp-json\/wp\/v2\/pages"}],"about":[{"href":"http:\/\/www.efj.press\/adelepillon\/wp-json\/wp\/v2\/types\/page"}],"author":[{"embeddable":true,"href":"http:\/\/www.efj.press\/adelepillon\/wp-json\/wp\/v2\/users\/23"}],"replies":[{"embeddable":true,"href":"http:\/\/www.efj.press\/adelepillon\/wp-json\/wp\/v2\/comments?post=109"}],"version-history":[{"count":3,"href":"http:\/\/www.efj.press\/adelepillon\/wp-json\/wp\/v2\/pages\/109\/revisions"}],"predecessor-version":[{"id":112,"href":"http:\/\/www.efj.press\/adelepillon\/wp-json\/wp\/v2\/pages\/109\/revisions\/112"}],"up":[{"embeddable":true,"href":"http:\/\/www.efj.press\/adelepillon\/wp-json\/wp\/v2\/pages\/75"}],"wp:attachment":[{"href":"http:\/\/www.efj.press\/adelepillon\/wp-json\/wp\/v2\/media?parent=109"}],"curies":[{"name":"wp","href":"https:\/\/api.w.org\/{rel}","templated":true}]}}