{"id":107,"date":"2015-12-08T22:41:06","date_gmt":"2015-12-08T21:41:06","guid":{"rendered":"http:\/\/www.efj.press\/adelepillon\/?page_id=107"},"modified":"2015-12-08T22:41:06","modified_gmt":"2015-12-08T21:41:06","slug":"lequipe","status":"publish","type":"page","link":"http:\/\/www.efj.press\/adelepillon\/methodologie\/lequipe\/","title":{"rendered":"L&rsquo;\u00e9quipe"},"content":{"rendered":"<p><span style=\"font-weight: 400;\">Le s\u00e9lectionneur <strong>Jean-Marc Manach<\/strong>, accompagn\u00e9 de son adjointe <strong>Tatiana Kalouguine<\/strong>, forme une \u00e9quipe de 11 joueurs. Avec la Coupe du monde en ligne de mire. <\/span><\/p>\n<p><span style=\"font-weight: 400;\">Apr\u00e8s un match nul compliqu\u00e9 contre \u201cIter\u201d, l\u2019\u00e9quipe se remobilise pour la seconde rencontre, cette fois-ci face aux redoutables \u201cmarch\u00e9s publics\u201d.<br \/>\n<\/span><span style=\"font-weight: 400;\">11 joueurs sont convoqu\u00e9s lors du rassemblement. Finalement, trois d\u00e9clarent forfait, laissant le groupe \u00e0 8 :<\/span><\/p>\n<p><span style=\"font-weight: 400;\"><strong>Donadey Sonia :<\/strong>\u00a0Dot\u00e9e d\u2019un calme irr\u00e9prochable, elle a su apaiser les tensions au sein du groupe quand elles se faisaient sentir.<\/span><\/p>\n<p><span style=\"font-weight: 400;\"><strong>H\u00e9lari Pauline :<\/strong>\u00a0Discr\u00e8te et efficace, \u00ab la Reine du t\u00e9l\u00e9phone \u00bb a recueilli des t\u00e9moignages essentiels au d\u00e9veloppement de l&rsquo;enqu\u00eate. <\/span><\/p>\n<p><span style=\"font-weight: 400;\"><strong>Huvelin Gr\u00e9goire :<\/strong> Entre analyses fines et blagues l\u00e9g\u00e8res, il a su d\u00e9tendre l\u2019atmosph\u00e8re et remotiver les troupes quand cela \u00e9tait n\u00e9cessaire. <\/span><\/p>\n<p><span style=\"font-weight: 400;\"><strong>L\u00e9cuyer Vincen<\/strong>t : Calme, il n\u2019a pas rechign\u00e9 aux diff\u00e9rentes t\u00e2ches et a su mettre le sujet en perspective. <\/span><\/p>\n<p><span style=\"font-weight: 400;\"><strong>Louis Paul<\/strong> : Ex-futur \u00e9conomiste et ma\u00eetre des tableurs, c\u2019est lui qui a mani\u00e9 les chiffres et les statistiques<\/span><\/p>\n<p><span style=\"font-weight: 400;\"><strong>Ouicher Victoria :<\/strong>\u00a0Malgr\u00e9 quelques p\u00e9pins physiques, elle a harcel\u00e9 Data Gouv comme il le fallait.<\/span><\/p>\n<p><span style=\"font-weight: 400;\"><strong>Pillon Ad\u00e8le :<\/strong>\u00a0Son esprit de contradiction a souvent men\u00e9 \u00e0 des d\u00e9bats houleux mais constructifs.<\/span><\/p>\n<p><span style=\"font-weight: 400;\"><strong>St\u00e9phan Simon :<\/strong>\u00a0Ses comp\u00e9tences juridiques ont \u00e9t\u00e9 pr\u00e9cieuses pour comprendre les tenants et les aboutissants du sujet. <\/span><\/p>\n","protected":false},"excerpt":{"rendered":"<p>Le s\u00e9lectionneur Jean-Marc Manach, accompagn\u00e9 de son adjointe Tatiana Kalouguine, forme une \u00e9quipe de 11 joueurs. Avec la Coupe du monde en ligne de mire. Apr\u00e8s un match nul compliqu\u00e9 contre \u201cIter\u201d, l\u2019\u00e9quipe se remobilise pour la seconde rencontre, cette fois-ci face aux redoutables \u201cmarch\u00e9s publics\u201d. 11 joueurs sont convoqu\u00e9s lors du rassemblement. Finalement, trois &hellip; <a href=\"http:\/\/www.efj.press\/adelepillon\/methodologie\/lequipe\/\" class=\"more-link\">Continuer la lecture de <span class=\"screen-reader-text\">L&rsquo;\u00e9quipe<\/span>  <span class=\"meta-nav\">&rarr;<\/span><\/a><\/p>\n","protected":false},"author":23,"featured_media":0,"parent":75,"menu_order":0,"comment_status":"closed","ping_status":"closed","template":"","meta":{"footnotes":""},"_links":{"self":[{"href":"http:\/\/www.efj.press\/adelepillon\/wp-json\/wp\/v2\/pages\/107"}],"collection":[{"href":"http:\/\/www.efj.press\/adelepillon\/wp-json\/wp\/v2\/pages"}],"about":[{"href":"http:\/\/www.efj.press\/adelepillon\/wp-json\/wp\/v2\/types\/page"}],"author":[{"embeddable":true,"href":"http:\/\/www.efj.press\/adelepillon\/wp-json\/wp\/v2\/users\/23"}],"replies":[{"embeddable":true,"href":"http:\/\/www.efj.press\/adelepillon\/wp-json\/wp\/v2\/comments?post=107"}],"version-history":[{"count":1,"href":"http:\/\/www.efj.press\/adelepillon\/wp-json\/wp\/v2\/pages\/107\/revisions"}],"predecessor-version":[{"id":108,"href":"http:\/\/www.efj.press\/adelepillon\/wp-json\/wp\/v2\/pages\/107\/revisions\/108"}],"up":[{"embeddable":true,"href":"http:\/\/www.efj.press\/adelepillon\/wp-json\/wp\/v2\/pages\/75"}],"wp:attachment":[{"href":"http:\/\/www.efj.press\/adelepillon\/wp-json\/wp\/v2\/media?parent=107"}],"curies":[{"name":"wp","href":"https:\/\/api.w.org\/{rel}","templated":true}]}}